{"id":549353,"date":"2024-11-05T13:42:03","date_gmt":"2024-11-05T12:42:03","guid":{"rendered":"https:\/\/madelinefashion.pl\/?post_type=product&#038;p=549353"},"modified":"2026-02-20T14:56:49","modified_gmt":"2026-02-20T13:56:49","slug":"sweterek-moherowy-zapinany-z-kokardkami-rozowy","status":"publish","type":"product","link":"https:\/\/madelinefashion.pl\/sk\/sweterek-moherowy-zapinany-z-kokardkami-rozowy\/","title":{"rendered":"Ru\u017eov\u00fd moh\u00e9rov\u00fd sveter s gomb\u00edkmi a ma\u0161\u013eami"},"content":{"rendered":"<h3 style=\"text-align: center;\">Ru\u017eov\u00fd moh\u00e9rov\u00fd sveter s gomb\u00edkmi a ma\u0161\u013eami<\/h3>\n<p style=\"text-align: center;\"><span style=\"font-size: 10pt;\"><strong>Kr\u00e1sny, \u013eahk\u00fd, zapletan\u00fd svetr\u00edk, zap\u00ednanie na gomb\u00edky<\/strong> . To propozycja dla Pa\u0144 kt\u00f3re idealnego sweterka. Z pewno\u015bci\u0105 dopasujesz do swojej szafy. B\u0119dziesz czu\u0107 si\u0119 w nim wygodnie i\u00a0 pi\u0119knie . Wygodny, przytulny w dotyku, komfortowy sweterek o prostym fasonie. Model z d\u0142ugimi r\u0119kawami. Wykonano go z przyjemnej, elastycznej dzianiny. Sweterek zapinany na 4 ozdobne guziki. Wyst\u0119puje w naszym sklepie w dw\u00f3ch wariantach kolorystycznych.\u00a0 Zalecany dla Pa\u0144 w rozmiarze XS S M\u00a0<\/span><\/p>\n<h3 style=\"text-align: center;\">\u00a0 \u00a0 \u00a0Rozmery<\/h3>\n<p style=\"text-align: center;\" align=\"center\">D\u0142ugo\u015b\u0107 ca\u0142kowita- 45 cm<br \/>\nSzeroko\u015b\u0107 od pachy do pachy- 40-48 cm<br \/>\nD\u0142ugo\u015b\u0107 r\u0119kawa od pachy- 43 cm<br \/>\nD\u013a\u017eka ruk\u00e1va od ramena - 56 cm<br \/>\nSzeroko\u015b\u0107 na dole- 40 -47 cm x2<\/p>\n<p style=\"text-align: center;\"><span style=\"font-size: 10pt;\">\u00a0Rozmery sa m\u00f4\u017eu mierne l\u00ed\u0161i\u0165 od uveden\u00fdch +\/- 2cm. V\u0161etky uveden\u00e9 rozmery s\u00fa meran\u00e9 plo\u0161ne. rozmer x2<\/span><\/p>\n<table>\n<tbody>\n<tr>\n<td width=\"302\">Meno modela<\/td>\n<td width=\"302\">Sweterek Moherowy Zapinany Z Kokardkami<\/td>\n<\/tr>\n<tr>\n<td width=\"302\">Farba<\/td>\n<td width=\"302\">Ru\u017eov\u00e1<\/td>\n<\/tr>\n<tr>\n<td width=\"302\">ve\u013ekosti<\/td>\n<td width=\"302\">Univerz\u00e1lny<\/td>\n<\/tr>\n<tr>\n<td width=\"302\">M\u00f3da<\/td>\n<td width=\"302\">nadrozmern\u00e9<\/td>\n<\/tr>\n<tr>\n<td width=\"302\">izolovan\u00e9<\/td>\n<td width=\"302\">jednopl\u00e1\u0161\u0165ov\u00e9<\/td>\n<\/tr>\n<tr>\n<td width=\"302\">Materi\u00e1l<\/td>\n<td width=\"302\">42 % Akryl 30 % Polyester 28% Polyamid<\/td>\n<\/tr>\n<\/tbody>\n<\/table>\n<p style=\"text-align: center;\">Model m\u00e1\u00a0<strong>169<\/strong>\u00a0cm vysok\u00fd, nos\u00ed ve\u013ekos\u0165 ka\u017ed\u00fd de\u0148\u00a0<strong>S<\/strong><\/p>\n<p style=\"text-align: center;\">\u0160\u00edrka cez prsia 92 cm<\/p>\n<p style=\"text-align: center;\">\u0160\u00edrka v p\u00e1se 62 cm<\/p>\n<p style=\"text-align: center;\">\u0160\u00edrka v bokoch 94 cm<\/p>","protected":false},"excerpt":{"rendered":"<p>Moh\u00e9rov\u00fd sveter na gomb\u00edky s ma\u0161\u013eami, ru\u017eov\u00fd. Kr\u00e1sny, \u013eahk\u00fd, pleten\u00fd sveter so zap\u00ednan\u00edm na gomb\u00edky. Je to skvel\u00e1 vo\u013eba pre \u017eeny, ktor\u00e9 h\u013eadaj\u00fa dokonal\u00fd sveter. Ur\u010dite si n\u00e1jdete tak\u00fd, ktor\u00fd sa bude hodi\u0165 k v\u00e1\u0161mu \u0161atn\u00edku. Budete sa v \u0148om c\u00edti\u0165 pohodlne a kr\u00e1sne. Pohodln\u00fd, \u00fatuln\u00fd sveter s jednoduch\u00fdm dizajnom. M\u00e1 dlh\u00e9 ruk\u00e1vy a je vyroben\u00fd z pr\u00edjemnej elastickej l\u00e1tky.<\/p>\n<div class=\"klb-readmore post-buttons\"><a class=\"button black outline size-sm\" href=\"https:\/\/madelinefashion.pl\/sk\/sweterek-moherowy-zapinany-z-kokardkami-rozowy\/\">\u010c\u00edta\u0165 \u010falej <i class=\"klbth-icon-right-arrow\"><\/i><\/a><\/div>","protected":false},"featured_media":549319,"template":"","meta":[],"product_brand":[],"product_cat":[78,395],"product_tag":[],"class_list":{"0":"post-549353","1":"product","2":"type-product","3":"status-publish","4":"has-post-thumbnail","6":"product_cat-swetry-damskie","7":"product_cat-nowosci","9":"first","10":"outofstock","11":"purchasable","12":"product-type-simple"},"_links":{"self":[{"href":"https:\/\/madelinefashion.pl\/sk\/wp-json\/wp\/v2\/product\/549353","targetHints":{"allow":["GET"]}}],"collection":[{"href":"https:\/\/madelinefashion.pl\/sk\/wp-json\/wp\/v2\/product"}],"about":[{"href":"https:\/\/madelinefashion.pl\/sk\/wp-json\/wp\/v2\/types\/product"}],"wp:featuredmedia":[{"embeddable":true,"href":"https:\/\/madelinefashion.pl\/sk\/wp-json\/wp\/v2\/media\/549319"}],"wp:attachment":[{"href":"https:\/\/madelinefashion.pl\/sk\/wp-json\/wp\/v2\/media?parent=549353"}],"wp:term":[{"taxonomy":"product_brand","embeddable":true,"href":"https:\/\/madelinefashion.pl\/sk\/wp-json\/wp\/v2\/product_brand?post=549353"},{"taxonomy":"product_cat","embeddable":true,"href":"https:\/\/madelinefashion.pl\/sk\/wp-json\/wp\/v2\/product_cat?post=549353"},{"taxonomy":"product_tag","embeddable":true,"href":"https:\/\/madelinefashion.pl\/sk\/wp-json\/wp\/v2\/product_tag?post=549353"}],"curies":[{"name":"pracovn\u00fd list","href":"https:\/\/api.w.org\/{rel}","templated":true}]}}

Ružový mohérový sveter s gombíkmi a mašľami

<h3 style="text-align: center;">Ružový mohérový sveter s gombíkmi a mašľami</h3>
<p style="text-align: center;"><span style="font-size: 10pt;"><strong>Krásny, ľahký, zapletaný svetrík, zapínanie na gombíky</strong> . To propozycja dla Pań które idealnego sweterka. Z pewnością dopasujesz do swojej szafy. Będziesz czuć się w nim wygodnie i  pięknie . Wygodny, przytulny w dotyku, komfortowy sweterek o prostym fasonie. Model z długimi rękawami. Wykonano go z przyjemnej, elastycznej dzianiny. Sweterek zapinany na 4 ozdobne guziki. Występuje w naszym sklepie w dwóch wariantach kolorystycznych.  Zalecany dla Pań w rozmiarze XS S M </span></p>
<h3 style="text-align: center;">     Rozmery</h3>
<p style="text-align: center;" align="center">Długość całkowita- 45 cm<br />
Szerokość od pachy do pachy- 40-48 cm<br />
Długość rękawa od pachy- 43 cm<br />
Dĺžka rukáva od ramena - 56 cm<br />
Szerokość na dole- 40 -47 cm x2</p>
<p style="text-align: center;"><span style="font-size: 10pt;"> Rozmery sa môžu mierne líšiť od uvedených +/- 2cm. Všetky uvedené rozmery sú merané plošne. rozmer x2</span></p>
<table>
<tbody>
<tr>
<td width="302">Meno modela</td>
<td width="302">Sweterek Moherowy Zapinany Z Kokardkami</td>
</tr>
<tr>
<td width="302">Farba</td>
<td width="302">Ružová</td>
</tr>
<tr>
<td width="302">veľkosti</td>
<td width="302">Univerzálny</td>
</tr>
<tr>
<td width="302">Móda</td>
<td width="302">nadrozmerné</td>
</tr>
<tr>
<td width="302">izolované</td>
<td width="302">jednoplášťové</td>
</tr>
<tr>
<td width="302">Materiál</td>
<td width="302">42 % Akryl 30 % Polyester 28% Polyamid</td>
</tr>
</tbody>
</table>
<p style="text-align: center;">Model má <strong>169</strong> cm vysoký, nosí veľkosť každý deň <strong>S</strong></p>
<p style="text-align: center;">Šírka cez prsia 92 cm</p>
<p style="text-align: center;">Šírka v páse 62 cm</p>
<p style="text-align: center;">Šírka v bokoch 94 cm</p>

<p>Mohérový sveter na gombíky s mašľami, ružový. Krásny, ľahký, pletený sveter so zapínaním na gombíky. Je to skvelá voľba pre ženy, ktoré hľadajú dokonalý sveter. Určite si nájdete taký, ktorý sa bude hodiť k vášmu šatníku. Budete sa v ňom cítiť pohodlne a krásne. Pohodlný, útulný sveter s jednoduchým dizajnom. Má dlhé rukávy a je vyrobený z príjemnej elastickej látky.</p>
<div class="klb-readmore post-buttons"><a class="button black outline size-sm" href="https://madelinefashion.pl/sk/sweterek-moherowy-zapinany-z-kokardkami-rozowy/">Čítať ďalej <i class="klbth-icon-right-arrow"></i></a></div>

pracovný list
