{"id":549408,"date":"2024-11-05T14:10:14","date_gmt":"2024-11-05T13:10:14","guid":{"rendered":"https:\/\/madelinefashion.pl\/?post_type=product&#038;p=549408"},"modified":"2025-10-14T12:11:39","modified_gmt":"2025-10-14T10:11:39","slug":"spodnica-skorzana-marszczona-karmelowa","status":"publish","type":"product","link":"https:\/\/madelinefashion.pl\/sk\/spodnica-skorzana-marszczona-karmelowa\/","title":{"rendered":"Karamelov\u00e1 skladan\u00e1 ko\u017een\u00e1 suk\u0148a"},"content":{"rendered":"<h3 style=\"text-align: center;\">Karamelov\u00e1 skladan\u00e1 ko\u017een\u00e1 suk\u0148a<\/h3>\n<p style=\"text-align: center;\">Priliehav\u00e1 suk\u0148a vyroben\u00e1 z m\u00e4kkej a pru\u017enej umelej ko\u017ee. Suk\u0148a sa riasi vpredu aj vzadu. Jej tvar kr\u00e1sne zv\u00fdraz\u0148uje p\u00e1s a boky. Strih zo\u0161t\u00edh\u013euje postavu a dod\u00e1va ka\u017ed\u00e9mu outfitu n\u00e1dych \u0161mrncu. Ide\u00e1lna na \u0161peci\u00e1lne pr\u00edle\u017eitosti, ale aj do pr\u00e1ce. V kombin\u00e1cii s ko\u0161e\u013eou bude vyzera\u0165 \u00fa\u017easne.<\/p>\n<h6 style=\"text-align: center;\"><strong>Rozmery:<br \/>\n<\/strong><\/h6>\n<h6 style=\"text-align: center;\"><strong>S<br \/>\n<\/strong><span style=\"color: #666666; font-size: 14px;\">Celkov\u00e1 d\u013a\u017eka 40 cm<br \/>\n<\/span><span style=\"color: #666666; font-size: 14px;\">\u0160\u00edrka p\u00e1su od 32 cm do 37 cm<br \/>\n<\/span><span style=\"color: #666666; font-size: 14px;\">\u0160\u00edrka bokov 34 cm \u2013 42 cm<\/span><\/h6>\n<ul style=\"text-align: center;\">\n<li><\/li>\n<li>\n<h6 style=\"text-align: center;\"><strong>m<br \/>\n<\/strong><span style=\"color: #666666; font-size: 14px;\">Celkov\u00e1 d\u013a\u017eka 42 cm<br \/>\n<\/span><span style=\"color: #666666; font-size: 14px;\">\u0160\u00edrka p\u00e1su od 35 cm do 40 cm<br \/>\n<\/span><span style=\"color: #666666; font-size: 14px;\">\u0160\u00edrka bokov 38 cm \u2013 45 cm<\/span><\/h6>\n<ul style=\"text-align: center;\">\n<li>\n<h6 style=\"text-align: center;\"><strong>L<br \/>\n<\/strong><span style=\"color: #666666; font-size: 14px;\">Celkov\u00e1 d\u013a\u017eka 44 cm<br \/>\n<\/span><span style=\"color: #666666; font-size: 14px;\">\u0160\u00edrka p\u00e1su od 38 cm do 43 cm<br \/>\n<\/span><span style=\"color: #666666; font-size: 14px;\">\u0160\u00edrka bokov 42 cm \u2013 50 cm<\/span><\/h6>\n<\/li>\n<\/ul>\n<\/li>\n<\/ul>\n<p style=\"text-align: center;\">Rozmery sa m\u00f4\u017eu mierne l\u00ed\u0161i\u0165 od uveden\u00fdch +\/- 2cm.<\/p>\n<p style=\"text-align: center;\"><strong>\u00a0<\/strong><\/p>\n<p style=\"text-align: center;\"><strong>MODELKA 168 cm - VE\u013dKOS\u0164 S<\/strong><\/p>","protected":false},"excerpt":{"rendered":"<p>Sp\u00f3dnica Sk\u00f3rzana Marszczona Karmelowa Dopasowana sp\u00f3dnica, uszyta z mi\u0119kkiej i elastycznej eko sk\u00f3ry. Sp\u00f3dnica posiada przeszycia jako marszczenia z przodu oraz z ty\u0142u. Sp\u00f3dniczka dzi\u0119ki swojemu fasonowi pi\u0119knie podkre\u015bla tali\u0119 oraz biodra. Kr\u00f3j wysmukla oraz dodaje pazura ka\u017cdej stylizacji. Idealnie sprawdzi si\u0119 na wyj\u0105tkowe wyj\u015bcia ale tak\u017ce do pracy w po\u0142\u0105czeniu z koszul\u0105, b\u0119dzie prezentowa\u0142a<\/p>\n<div class=\"klb-readmore post-buttons\"><a class=\"button black outline size-sm\" href=\"https:\/\/madelinefashion.pl\/sk\/spodnica-skorzana-marszczona-karmelowa\/\">\u010c\u00edta\u0165 \u010falej <i class=\"klbth-icon-right-arrow\"><\/i><\/a><\/div>","protected":false},"featured_media":549419,"template":"","meta":[],"product_brand":[],"product_cat":[121,395],"product_tag":[],"class_list":{"0":"post-549408","1":"product","2":"type-product","3":"status-publish","4":"has-post-thumbnail","6":"product_cat-mini","7":"product_cat-nowosci","8":"pa_rozmiar-s-36","9":"pa_rozmiar-m-38","10":"pa_rozmiar-l-40","12":"first","13":"instock","14":"product-type-variable"},"_links":{"self":[{"href":"https:\/\/madelinefashion.pl\/sk\/wp-json\/wp\/v2\/product\/549408","targetHints":{"allow":["GET"]}}],"collection":[{"href":"https:\/\/madelinefashion.pl\/sk\/wp-json\/wp\/v2\/product"}],"about":[{"href":"https:\/\/madelinefashion.pl\/sk\/wp-json\/wp\/v2\/types\/product"}],"wp:featuredmedia":[{"embeddable":true,"href":"https:\/\/madelinefashion.pl\/sk\/wp-json\/wp\/v2\/media\/549419"}],"wp:attachment":[{"href":"https:\/\/madelinefashion.pl\/sk\/wp-json\/wp\/v2\/media?parent=549408"}],"wp:term":[{"taxonomy":"product_brand","embeddable":true,"href":"https:\/\/madelinefashion.pl\/sk\/wp-json\/wp\/v2\/product_brand?post=549408"},{"taxonomy":"product_cat","embeddable":true,"href":"https:\/\/madelinefashion.pl\/sk\/wp-json\/wp\/v2\/product_cat?post=549408"},{"taxonomy":"product_tag","embeddable":true,"href":"https:\/\/madelinefashion.pl\/sk\/wp-json\/wp\/v2\/product_tag?post=549408"}],"curies":[{"name":"pracovn\u00fd list","href":"https:\/\/api.w.org\/{rel}","templated":true}]}}

Karamelová skladaná kožená sukňa

<h3 style="text-align: center;">Karamelová skladaná kožená sukňa</h3>
<p style="text-align: center;">Priliehavá sukňa vyrobená z mäkkej a pružnej umelej kože. Sukňa sa riasi vpredu aj vzadu. Jej tvar krásne zvýrazňuje pás a boky. Strih zoštíhľuje postavu a dodáva každému outfitu nádych šmrncu. Ideálna na špeciálne príležitosti, ale aj do práce. V kombinácii s košeľou bude vyzerať úžasne.</p>
<h6 style="text-align: center;"><strong>Rozmery:<br />
</strong></h6>
<h6 style="text-align: center;"><strong>S<br />
</strong><span style="color: #666666; font-size: 14px;">Celková dĺžka 40 cm<br />
</span><span style="color: #666666; font-size: 14px;">Šírka pásu od 32 cm do 37 cm<br />
</span><span style="color: #666666; font-size: 14px;">Šírka bokov 34 cm – 42 cm</span></h6>
<ul style="text-align: center;">
<li></li>
<li>
<h6 style="text-align: center;"><strong>m<br />
</strong><span style="color: #666666; font-size: 14px;">Celková dĺžka 42 cm<br />
</span><span style="color: #666666; font-size: 14px;">Šírka pásu od 35 cm do 40 cm<br />
</span><span style="color: #666666; font-size: 14px;">Šírka bokov 38 cm – 45 cm</span></h6>
<ul style="text-align: center;">
<li>
<h6 style="text-align: center;"><strong>L<br />
</strong><span style="color: #666666; font-size: 14px;">Celková dĺžka 44 cm<br />
</span><span style="color: #666666; font-size: 14px;">Šírka pásu od 38 cm do 43 cm<br />
</span><span style="color: #666666; font-size: 14px;">Šírka bokov 42 cm – 50 cm</span></h6>
</li>
</ul>
</li>
</ul>
<p style="text-align: center;">Rozmery sa môžu mierne líšiť od uvedených +/- 2cm.</p>
<p style="text-align: center;"><strong> </strong></p>
<p style="text-align: center;"><strong>MODELKA 168 cm - VEĽKOSŤ S</strong></p>

<p>Spódnica Skórzana Marszczona Karmelowa Dopasowana spódnica, uszyta z miękkiej i elastycznej eko skóry. Spódnica posiada przeszycia jako marszczenia z przodu oraz z tyłu. Spódniczka dzięki swojemu fasonowi pięknie podkreśla talię oraz biodra. Krój wysmukla oraz dodaje pazura każdej stylizacji. Idealnie sprawdzi się na wyjątkowe wyjścia ale także do pracy w połączeniu z koszulą, będzie prezentowała</p>
<div class="klb-readmore post-buttons"><a class="button black outline size-sm" href="https://madelinefashion.pl/sk/spodnica-skorzana-marszczona-karmelowa/">Čítať ďalej <i class="klbth-icon-right-arrow"></i></a></div>

pracovný list
