{"id":549788,"date":"2024-11-08T11:41:21","date_gmt":"2024-11-08T10:41:21","guid":{"rendered":"https:\/\/madelinefashion.pl\/?post_type=product&#038;p=549788"},"modified":"2025-11-21T14:26:14","modified_gmt":"2025-11-21T13:26:14","slug":"spodnie-eleganckie-proste-brazowe","status":"publish","type":"product","link":"https:\/\/madelinefashion.pl\/sk\/spodnie-eleganckie-proste-brazowe\/","title":{"rendered":"Elegantn\u00e9 rovn\u00e9 hned\u00e9 nohavice"},"content":{"rendered":"<h3 style=\"text-align: center;\">Elegantn\u00e9 rovn\u00e9 hned\u00e9 nohavice<\/h3>\n<p style=\"text-align: center;\">Tieto nohavice s\u00fa ide\u00e1lne na ka\u017edodenn\u00e9 nosenie, \u010di u\u017e do pr\u00e1ce alebo na stretnutie s priate\u013emi. Vyzeraj\u00fa skvele s lodi\u010dkami alebo teniskami. <strong>Nohavice s vysok\u00fdm p\u00e1som<\/strong> Kr\u00e1sne tvaruj\u00fa p\u00e1s a vytv\u00e1raj\u00fa \u00fa\u017easn\u00fd efekt! <strong>\u00a0Vysok\u00e1 kvalita, <\/strong>elastick\u00e1 riflovina perfektne sed\u00ed na postave. Toto je z\u00e1klad pre n\u00e1s\u00a0<a href=\"https:\/\/madelinefashion.pl\/sk\/bluzki-2\/\">bl\u00fazky<\/a>\u00a0a\u00a0<a href=\"https:\/\/madelinefashion.pl\/sk\/bluzki-2\/koszule\/\">ko\u0161ele<\/a>\u00a0a\u00a0<a href=\"https:\/\/madelinefashion.pl\/sk\/body\/\">body\u010dko<\/a>.Odpor\u00fa\u010dame\u00a0\u00a0<b>presne tak\u00a0<\/b><strong>mera\u0165<\/strong>\u00a0pod\u013ea tabu\u013eky rozmerov ni\u017e\u0161ie. Dopl\u0148te svoj \u0161atn\u00edk o tento model nohav\u00edc z\u00a0<strong><a href=\"https:\/\/madelinefashion.pl\/sk\/\">Madelinefashion<\/a>\u00a0.\u00a0<\/strong>V inform\u00e1ci\u00e1ch po k\u00fape m\u00f4\u017eete uvies\u0165 aj va\u0161e rozmery - vyberieme pre v\u00e1s ten ide\u00e1lny. Nohavice dostupn\u00e9 v\u00a0<strong>dve farebn\u00e9 varianty<\/strong>. Uveden\u00e9 rozmery s\u00fa v plochom stave!<\/p>\n<h3 style=\"text-align: center;\">Rozmery nohav\u00edc:<\/h3>\n<p>&nbsp;<\/p>\n<p style=\"text-align: center;\"><strong>VE\u013dKOS\u0164 S 36\u00a0<\/strong><\/p>\n<ul style=\"text-align: center;\">\n<li>Celkov\u00e1 d\u013a\u017eka: 96 cm<\/li>\n<li>Vn\u00fatorn\u00e1 d\u013a\u017eka nohav\u00edc: 69 cm<\/li>\n<li>\u0160\u00edrka p\u00e1su: 32-38 cm<\/li>\n<li>V\u00fd\u0161ka: 34 cm<\/li>\n<\/ul>\n<p style=\"text-align: center;\"><strong>VE\u013dKOS\u0164 M 38\u00a0<\/strong><\/p>\n<ul style=\"text-align: center;\">\n<li>Celkov\u00e1 d\u013a\u017eka: 97 cm<\/li>\n<li>Vn\u00fatorn\u00e1 d\u013a\u017eka nohav\u00edc: 70 cm<\/li>\n<li>\u0160\u00edrka p\u00e1su: 34-40 cm<\/li>\n<li>V\u00fd\u0161ka: 35 cm<\/li>\n<\/ul>\n<p style=\"text-align: center;\"><strong>VE\u013dKOS\u0164 L 40\u00a0<\/strong><\/p>\n<ul style=\"text-align: center;\">\n<li>Celkov\u00e1 d\u013a\u017eka: 98 cm<\/li>\n<li>Vn\u00fatorn\u00e1 d\u013a\u017eka nohav\u00edc: 71 cm<\/li>\n<li>\u0160\u00edrka p\u00e1su: 36-42 cm<\/li>\n<li>V\u00fd\u0161ka: 36 cm<\/li>\n<\/ul>\n<p style=\"text-align: center;\"><strong>Ve\u013ekos\u0165 XL 42\u00a0<\/strong><\/p>\n<ul style=\"text-align: center;\">\n<li>Celkov\u00e1 d\u013a\u017eka: 99 cm<\/li>\n<li>Vn\u00fatorn\u00e1 d\u013a\u017eka nohav\u00edc: 72 cm<\/li>\n<li>\u0160\u00edrka p\u00e1su: 38-44 cm<\/li>\n<li>V\u00fd\u0161ka: 37 cm<\/li>\n<\/ul>\n<p style=\"text-align: center;\">Rozmery sa m\u00f4\u017eu l\u00ed\u0161i\u0165 od uveden\u00fdch +\/- 2cm. V\u0161etky uveden\u00e9 rozmery s\u00fa meran\u00e9 plo\u0161ne.\u00a0<strong>rozmer x2<\/strong><\/p>\n<p>&nbsp;<\/p>\n<p style=\"text-align: center;\">\u00a0Model m\u00e1\u00a0<strong>165<\/strong>\u00a0cm vysok\u00fd, nos\u00ed ve\u013ekos\u0165 ka\u017ed\u00fd de\u0148\u00a0<strong>S<\/strong><\/p>\n<p style=\"text-align: center;\">","protected":false},"excerpt":{"rendered":"<p>Spodnie Eleganckie Proste Br\u0105zowe Spodnie idealnie sprawdz\u0105 si\u0119 na co dzie\u0144, do pracy, ale te\u017c na spotkanie ze znajomymi. Idealnie prezentuj\u0105 si\u0119 ze szpilkami czy trampkami. Spodnie z wy\u017cszym stanem pi\u0119knie modeluj\u0105 tali\u0119 daj\u0105c niesamowity efekt! \u00a0Wysokiej jako\u015bci, elastyczny jeans \u015bwietnie dopasowuje si\u0119 do sylwetki. Jest to baza do naszych\u00a0bluzek\u00a0i\u00a0koszul\u00a0oraz\u00a0body.\u00a0 Zalecamy\u00a0\u00a0dok\u0142adnie\u00a0zmierzy\u0107\u00a0zgodnie z Tabela wymiar\u00f3w poni\u017cej.\u00a0Uzupe\u0142nij<\/p>\n<div class=\"klb-readmore post-buttons\"><a class=\"button black outline size-sm\" href=\"https:\/\/madelinefashion.pl\/sk\/spodnie-eleganckie-proste-brazowe\/\">\u010c\u00edta\u0165 \u010falej <i class=\"klbth-icon-right-arrow\"><\/i><\/a><\/div>","protected":false},"featured_media":549773,"template":"","meta":[],"product_brand":[],"product_cat":[83,395],"product_tag":[475],"class_list":{"0":"post-549788","1":"product","2":"type-product","3":"status-publish","4":"has-post-thumbnail","6":"product_cat-spodnie","7":"product_cat-nowosci","8":"product_tag-spodnie-dlugie","9":"pa_rozmiar-m","10":"pa_rozmiar-l","11":"pa_rozmiar-xl","12":"pa_rozmiar-s-2","14":"first","15":"instock","16":"purchasable","17":"product-type-variable"},"_links":{"self":[{"href":"https:\/\/madelinefashion.pl\/sk\/wp-json\/wp\/v2\/product\/549788","targetHints":{"allow":["GET"]}}],"collection":[{"href":"https:\/\/madelinefashion.pl\/sk\/wp-json\/wp\/v2\/product"}],"about":[{"href":"https:\/\/madelinefashion.pl\/sk\/wp-json\/wp\/v2\/types\/product"}],"wp:featuredmedia":[{"embeddable":true,"href":"https:\/\/madelinefashion.pl\/sk\/wp-json\/wp\/v2\/media\/549773"}],"wp:attachment":[{"href":"https:\/\/madelinefashion.pl\/sk\/wp-json\/wp\/v2\/media?parent=549788"}],"wp:term":[{"taxonomy":"product_brand","embeddable":true,"href":"https:\/\/madelinefashion.pl\/sk\/wp-json\/wp\/v2\/product_brand?post=549788"},{"taxonomy":"product_cat","embeddable":true,"href":"https:\/\/madelinefashion.pl\/sk\/wp-json\/wp\/v2\/product_cat?post=549788"},{"taxonomy":"product_tag","embeddable":true,"href":"https:\/\/madelinefashion.pl\/sk\/wp-json\/wp\/v2\/product_tag?post=549788"}],"curies":[{"name":"pracovn\u00fd list","href":"https:\/\/api.w.org\/{rel}","templated":true}]}}

Elegantné rovné hnedé nohavice

<h3 style="text-align: center;">Elegantné rovné hnedé nohavice</h3>
<p style="text-align: center;">Tieto nohavice sú ideálne na každodenné nosenie, či už do práce alebo na stretnutie s priateľmi. Vyzerajú skvele s lodičkami alebo teniskami. <strong>Nohavice s vysokým pásom</strong> Krásne tvarujú pás a vytvárajú úžasný efekt! <strong> Vysoká kvalita, </strong>elastická riflovina perfektne sedí na postave. Toto je základ pre nás <a href="https://madelinefashion.pl/sk/bluzki-2/">blúzky</a> a <a href="https://madelinefashion.pl/sk/bluzki-2/koszule/">košele</a> a <a href="https://madelinefashion.pl/sk/body/">bodyčko</a>.Odporúčame  <b>presne tak </b><strong>merať</strong> podľa tabuľky rozmerov nižšie. Doplňte svoj šatník o tento model nohavíc z <strong><a href="https://madelinefashion.pl/sk/">Madelinefashion</a> . </strong>V informáciách po kúpe môžete uviesť aj vaše rozmery - vyberieme pre vás ten ideálny. Nohavice dostupné v <strong>dve farebné varianty</strong>. Uvedené rozmery sú v plochom stave!</p>
<h3 style="text-align: center;">Rozmery nohavíc:</h3>
<p>&nbsp;</p>
<p style="text-align: center;"><strong>VEĽKOSŤ S 36 </strong></p>
<ul style="text-align: center;">
<li>Celková dĺžka: 96 cm</li>
<li>Vnútorná dĺžka nohavíc: 69 cm</li>
<li>Šírka pásu: 32-38 cm</li>
<li>Výška: 34 cm</li>
</ul>
<p style="text-align: center;"><strong>VEĽKOSŤ M 38 </strong></p>
<ul style="text-align: center;">
<li>Celková dĺžka: 97 cm</li>
<li>Vnútorná dĺžka nohavíc: 70 cm</li>
<li>Šírka pásu: 34-40 cm</li>
<li>Výška: 35 cm</li>
</ul>
<p style="text-align: center;"><strong>VEĽKOSŤ L 40 </strong></p>
<ul style="text-align: center;">
<li>Celková dĺžka: 98 cm</li>
<li>Vnútorná dĺžka nohavíc: 71 cm</li>
<li>Šírka pásu: 36-42 cm</li>
<li>Výška: 36 cm</li>
</ul>
<p style="text-align: center;"><strong>Veľkosť XL 42 </strong></p>
<ul style="text-align: center;">
<li>Celková dĺžka: 99 cm</li>
<li>Vnútorná dĺžka nohavíc: 72 cm</li>
<li>Šírka pásu: 38-44 cm</li>
<li>Výška: 37 cm</li>
</ul>
<p style="text-align: center;">Rozmery sa môžu líšiť od uvedených +/- 2cm. Všetky uvedené rozmery sú merané plošne. <strong>rozmer x2</strong></p>
<p>&nbsp;</p>
<p style="text-align: center;"> Model má <strong>165</strong> cm vysoký, nosí veľkosť každý deň <strong>S</strong></p>
<p style="text-align: center;">

<p>Spodnie Eleganckie Proste Brązowe Spodnie idealnie sprawdzą się na co dzień, do pracy, ale też na spotkanie ze znajomymi. Idealnie prezentują się ze szpilkami czy trampkami. Spodnie z wyższym stanem pięknie modelują talię dając niesamowity efekt!  Wysokiej jakości, elastyczny jeans świetnie dopasowuje się do sylwetki. Jest to baza do naszych bluzek i koszul oraz body.  Zalecamy  dokładnie zmierzyć zgodnie z Tabela wymiarów poniżej. Uzupełnij</p>
<div class="klb-readmore post-buttons"><a class="button black outline size-sm" href="https://madelinefashion.pl/sk/spodnie-eleganckie-proste-brazowe/">Čítať ďalej <i class="klbth-icon-right-arrow"></i></a></div>

pracovný list
