{"id":557641,"date":"2025-02-08T13:35:53","date_gmt":"2025-02-08T12:35:53","guid":{"rendered":"https:\/\/madelinefashion.pl\/?post_type=product&#038;p=557641"},"modified":"2026-04-16T11:58:41","modified_gmt":"2026-04-16T09:58:41","slug":"krotka-wiosenna-parka-rivia-bezowa","status":"publish","type":"product","link":"https:\/\/madelinefashion.pl\/sk\/krotka-wiosenna-parka-rivia-bezowa\/","title":{"rendered":"B\u00e9\u017eov\u00e1 kr\u00e1tka jarn\u00e1 parka Rivia"},"content":{"rendered":"<h3 style=\"text-align: center;\">B\u00e9\u017eov\u00e1 kr\u00e1tka jarn\u00e1 parka Rivia<\/h3>\n<p style=\"text-align: center;\"><strong>Parka Rivia<\/strong> Je to perfektn\u00e1 vo\u013eba na jar, ktor\u00e1 sp\u00e1ja eleganciu s praktickos\u0165ou. Krat\u0161\u00ed strih je ide\u00e1lny na teplej\u0161ie dni, ke\u010f potrebujete ochranu pred vetrom a miernym chladom, ale nechcete obetova\u0165 m\u00f3dny vzh\u013ead. Bunda je vyroben\u00e1 z vysoko kvalitn\u00fdch materi\u00e1lov, je \u013eahk\u00e1 a z\u00e1rove\u0148 poskytuje \u00fa\u010dinn\u00fa ochranu pred neo\u010dak\u00e1van\u00fdm chladom. Funk\u010dn\u00fd zips vpredu a s\u0165ahovacie \u0161n\u00farky v p\u00e1se umo\u017e\u0148uj\u00fa priliehav\u00fd strih a decentn\u00fa siluetu.<\/p>\n<p style=\"text-align: center;\">* zap\u00edna sa na zips a patentn\u00e9 gomb\u00edky<br \/>\n* predn\u00e9 vreck\u00e1<br \/>\n* golier s opaskom<br \/>\n* ruk\u00e1v s nastavite\u013en\u00fdmi popruhmi<br \/>\n* s\u0165ahovacia \u0161n\u00farka v p\u00e1se<\/p>\n<p style=\"text-align: center;\"><strong>VE\u013dKOS\u0164 S<\/strong><\/p>\n<p style=\"text-align: center;\">Celkov\u00e1 d\u013a\u017eka vpredu \u2013 48 cm<br \/>\nCelkov\u00e1 d\u013a\u017eka vzadu \u2013 46 cm<br \/>\n\u0160\u00edrka od podpazu\u0161ia k podpazu\u0161iu \u2013 49 cm x 2<br \/>\n\u0160\u00edrka v spodnej \u010dasti \u2013 49 cm x 2<br \/>\nD\u013a\u017eka ruk\u00e1va od ramena \u2013 60 cm<br \/>\nD\u013a\u017eka ruk\u00e1va od podpazu\u0161ia \u2013 46 cm<br \/>\n\u0160\u00edrka bicepsu \u2013 17 cm x 2<\/p>\n<p style=\"text-align: center;\"><strong>VE\u013dKOS\u0164 M<\/strong><\/p>\n<p style=\"text-align: center;\">Celkov\u00e1 d\u013a\u017eka vpredu \u2013 49 cm<br \/>\nCelkov\u00e1 d\u013a\u017eka vzadu \u2013 47 cm<br \/>\n\u0160\u00edrka od podpazu\u0161ia k podpazu\u0161iu \u2013 50 cm x 2<br \/>\n\u0160\u00edrka v spodnej \u010dasti \u2013 50 cm x 2<br \/>\nD\u013a\u017eka ruk\u00e1va od ramena \u2013 61 cm<br \/>\nD\u013a\u017eka ruk\u00e1va od podpazu\u0161ia - 47 cm<br \/>\n\u0160\u00edrka bicepsu \u2013 18 cm x 2<\/p>\n<p style=\"text-align: center;\"><strong>VE\u013dKOS\u0164 L<br \/>\n<\/strong><\/p>\n<p style=\"text-align: center;\">Celkov\u00e1 d\u013a\u017eka vpredu \u2013 50 cm<br \/>\nCelkov\u00e1 d\u013a\u017eka vzadu \u2013 48 cm<br \/>\n\u0160\u00edrka od podpazu\u0161ia k podpazu\u0161iu \u2013 52 cm x 2<br \/>\n\u0160\u00edrka v spodnej \u010dasti \u2013 52 cm x 2<br \/>\nD\u013a\u017eka ruk\u00e1va od ramena \u2013 62 cm<br \/>\nD\u013a\u017eka ruk\u00e1va od podpazu\u0161ia \u2013 48 cm<br \/>\n\u0160\u00edrka bicepsu \u2013 19 cm x 2<\/p>\n<p style=\"text-align: center;\">ZLO\u017dENIE 1: 100% polyester<\/p>\n<p style=\"text-align: center;\">Odevy meran\u00e9 v plochom stave! Jednotliv\u00e9 rozmery sa m\u00f4\u017eu l\u00ed\u0161i\u0165 o +\/- 2 cm.<\/p>\n<p style=\"text-align: center;\"><span style=\"font-size: 10pt;\">\u00a0<\/span><\/p>\n<p style=\"text-align: center;\">","protected":false},"excerpt":{"rendered":"<p>Kr\u00f3tka Wiosenna Parka Rivia Be\u017cowa Parka Rivia to doskona\u0142y wyb\u00f3r na wiosn\u0119, \u0142\u0105cz\u0105ca elegancj\u0119 z praktyczno\u015bci\u0105. Kr\u00f3tszy fason idealnie sprawdzi si\u0119 w cieplejsze dni, kiedy potrzebujesz ochrony przed wiatrem i lekkim ch\u0142odem, ale nie chcesz rezygnowa\u0107 z modnego wygl\u0105du. Wykonana z wysokiej jako\u015bci materia\u0142\u00f3w, kurtka jest lekka, ale jednocze\u015bnie dobrze chroni przed niespodziewanym ch\u0142odem. Z<\/p>\n<div class=\"klb-readmore post-buttons\"><a class=\"button black outline size-sm\" href=\"https:\/\/madelinefashion.pl\/sk\/krotka-wiosenna-parka-rivia-bezowa\/\">\u010c\u00edta\u0165 \u010falej <i class=\"klbth-icon-right-arrow\"><\/i><\/a><\/div>","protected":false},"featured_media":560093,"template":"","meta":[],"product_brand":[],"product_cat":[117,395],"product_tag":[269],"class_list":{"0":"post-557641","1":"product","2":"type-product","3":"status-publish","4":"has-post-thumbnail","6":"product_cat-kurtki","7":"product_cat-nowosci","8":"product_tag-bomberka","9":"pa_rozmiar-s","10":"pa_rozmiar-m","11":"pa_rozmiar-l","13":"first","14":"instock","15":"product-type-variable"},"_links":{"self":[{"href":"https:\/\/madelinefashion.pl\/sk\/wp-json\/wp\/v2\/product\/557641","targetHints":{"allow":["GET"]}}],"collection":[{"href":"https:\/\/madelinefashion.pl\/sk\/wp-json\/wp\/v2\/product"}],"about":[{"href":"https:\/\/madelinefashion.pl\/sk\/wp-json\/wp\/v2\/types\/product"}],"wp:featuredmedia":[{"embeddable":true,"href":"https:\/\/madelinefashion.pl\/sk\/wp-json\/wp\/v2\/media\/560093"}],"wp:attachment":[{"href":"https:\/\/madelinefashion.pl\/sk\/wp-json\/wp\/v2\/media?parent=557641"}],"wp:term":[{"taxonomy":"product_brand","embeddable":true,"href":"https:\/\/madelinefashion.pl\/sk\/wp-json\/wp\/v2\/product_brand?post=557641"},{"taxonomy":"product_cat","embeddable":true,"href":"https:\/\/madelinefashion.pl\/sk\/wp-json\/wp\/v2\/product_cat?post=557641"},{"taxonomy":"product_tag","embeddable":true,"href":"https:\/\/madelinefashion.pl\/sk\/wp-json\/wp\/v2\/product_tag?post=557641"}],"curies":[{"name":"pracovn\u00fd list","href":"https:\/\/api.w.org\/{rel}","templated":true}]}}

Béžová krátka jarná parka Rivia

<h3 style="text-align: center;">Béžová krátka jarná parka Rivia</h3>
<p style="text-align: center;"><strong>Parka Rivia</strong> Je to perfektná voľba na jar, ktorá spája eleganciu s praktickosťou. Kratší strih je ideálny na teplejšie dni, keď potrebujete ochranu pred vetrom a miernym chladom, ale nechcete obetovať módny vzhľad. Bunda je vyrobená z vysoko kvalitných materiálov, je ľahká a zároveň poskytuje účinnú ochranu pred neočakávaným chladom. Funkčný zips vpredu a sťahovacie šnúrky v páse umožňujú priliehavý strih a decentnú siluetu.</p>
<p style="text-align: center;">* zapína sa na zips a patentné gombíky<br />
* predné vrecká<br />
* golier s opaskom<br />
* rukáv s nastaviteľnými popruhmi<br />
* sťahovacia šnúrka v páse</p>
<p style="text-align: center;"><strong>VEĽKOSŤ S</strong></p>
<p style="text-align: center;">Celková dĺžka vpredu – 48 cm<br />
Celková dĺžka vzadu – 46 cm<br />
Šírka od podpazušia k podpazušiu – 49 cm x 2<br />
Šírka v spodnej časti – 49 cm x 2<br />
Dĺžka rukáva od ramena – 60 cm<br />
Dĺžka rukáva od podpazušia – 46 cm<br />
Šírka bicepsu – 17 cm x 2</p>
<p style="text-align: center;"><strong>VEĽKOSŤ M</strong></p>
<p style="text-align: center;">Celková dĺžka vpredu – 49 cm<br />
Celková dĺžka vzadu – 47 cm<br />
Šírka od podpazušia k podpazušiu – 50 cm x 2<br />
Šírka v spodnej časti – 50 cm x 2<br />
Dĺžka rukáva od ramena – 61 cm<br />
Dĺžka rukáva od podpazušia - 47 cm<br />
Šírka bicepsu – 18 cm x 2</p>
<p style="text-align: center;"><strong>VEĽKOSŤ L<br />
</strong></p>
<p style="text-align: center;">Celková dĺžka vpredu – 50 cm<br />
Celková dĺžka vzadu – 48 cm<br />
Šírka od podpazušia k podpazušiu – 52 cm x 2<br />
Šírka v spodnej časti – 52 cm x 2<br />
Dĺžka rukáva od ramena – 62 cm<br />
Dĺžka rukáva od podpazušia – 48 cm<br />
Šírka bicepsu – 19 cm x 2</p>
<p style="text-align: center;">ZLOŽENIE 1: 100% polyester</p>
<p style="text-align: center;">Odevy merané v plochom stave! Jednotlivé rozmery sa môžu líšiť o +/- 2 cm.</p>
<p style="text-align: center;"><span style="font-size: 10pt;"> </span></p>
<p style="text-align: center;">

<p>Krótka Wiosenna Parka Rivia Beżowa Parka Rivia to doskonały wybór na wiosnę, łącząca elegancję z praktycznością. Krótszy fason idealnie sprawdzi się w cieplejsze dni, kiedy potrzebujesz ochrony przed wiatrem i lekkim chłodem, ale nie chcesz rezygnować z modnego wyglądu. Wykonana z wysokiej jakości materiałów, kurtka jest lekka, ale jednocześnie dobrze chroni przed niespodziewanym chłodem. Z</p>
<div class="klb-readmore post-buttons"><a class="button black outline size-sm" href="https://madelinefashion.pl/sk/krotka-wiosenna-parka-rivia-bezowa/">Čítať ďalej <i class="klbth-icon-right-arrow"></i></a></div>

pracovný list
