{"id":558279,"date":"2025-02-13T14:40:51","date_gmt":"2025-02-13T13:40:51","guid":{"rendered":"https:\/\/madelinefashion.pl\/?post_type=product&#038;p=558279"},"modified":"2026-02-25T15:29:45","modified_gmt":"2026-02-25T14:29:45","slug":"spodnie-eleganckie-z-krysztalkami","status":"publish","type":"product","link":"https:\/\/madelinefashion.pl\/sk\/spodnie-eleganckie-z-krysztalkami\/","title":{"rendered":"Elegantn\u00e9 nohavice s kry\u0161t\u00e1lmi"},"content":{"rendered":"<h3 style=\"text-align: center;\">Elegantn\u00e9 nohavice s kry\u0161t\u00e1lmi<\/h3>\n<p style=\"text-align: center;\">Tieto nohavice s\u00fa ide\u00e1lne na ka\u017edodenn\u00e9 nosenie, \u010di u\u017e do pr\u00e1ce alebo na stretnutie s priate\u013emi. Vyzeraj\u00fa skvele s lodi\u010dkami alebo teniskami. <strong>Nohavice s vysok\u00fdm p\u00e1som<\/strong> Kr\u00e1sne tvaruj\u00fa p\u00e1s a vytv\u00e1raj\u00fa \u00fa\u017easn\u00fd efekt! <strong>\u00a0Vysok\u00e1 kvalita, <\/strong>elastick\u00e1 riflovina perfektne sed\u00ed na postave. Toto je z\u00e1klad pre n\u00e1s\u00a0<a href=\"https:\/\/madelinefashion.pl\/sk\/bluzki-2\/\">bl\u00fazky<\/a>\u00a0a\u00a0<a href=\"https:\/\/madelinefashion.pl\/sk\/bluzki-2\/koszule\/\">ko\u0161ele<\/a>\u00a0a\u00a0<a href=\"https:\/\/madelinefashion.pl\/sk\/body\/\">body\u010dko<\/a>.Odpor\u00fa\u010dame\u00a0\u00a0<b>presne tak\u00a0<\/b><strong>mera\u0165<\/strong>\u00a0pod\u013ea tabu\u013eky rozmerov ni\u017e\u0161ie. Dopl\u0148te svoj \u0161atn\u00edk o tento model nohav\u00edc z\u00a0<strong><a href=\"https:\/\/madelinefashion.pl\/sk\/\">Madelinefashion<\/a>\u00a0.\u00a0<\/strong>V inform\u00e1ci\u00e1ch po k\u00fape m\u00f4\u017eete uvies\u0165 aj va\u0161e rozmery - vyberieme pre v\u00e1s ten ide\u00e1lny. Nohavice dostupn\u00e9 v\u00a0<strong>dve farebn\u00e9 varianty<\/strong>. Uveden\u00e9 rozmery s\u00fa v plochom stave!<\/p>\n<h3 style=\"text-align: center;\">Rozmery nohav\u00edc:<\/h3>\n<p>&nbsp;<\/p>\n<p style=\"text-align: center;\"><strong>VE\u013dKOS\u0164 S 36\u00a0<\/strong><\/p>\n<ul style=\"text-align: center;\">\n<li>Celkov\u00e1 d\u013a\u017eka: 103 cm<\/li>\n<li>Vn\u00fatorn\u00e1 d\u013a\u017eka nohav\u00edc: 69 cm<\/li>\n<li>\u0160\u00edrka p\u00e1su: 32-38 cm<\/li>\n<li>V\u00fd\u0161ka: 34 cm<\/li>\n<\/ul>\n<p style=\"text-align: center;\"><strong>VE\u013dKOS\u0164 M 38\u00a0<\/strong><\/p>\n<ul style=\"text-align: center;\">\n<li>Celkov\u00e1 d\u013a\u017eka: 104 cm<\/li>\n<li>Vn\u00fatorn\u00e1 d\u013a\u017eka nohav\u00edc: 70 cm<\/li>\n<li>\u0160\u00edrka p\u00e1su: 34-40 cm<\/li>\n<li>V\u00fd\u0161ka: 35 cm<\/li>\n<\/ul>\n<p style=\"text-align: center;\"><strong>VE\u013dKOS\u0164 L 40\u00a0<\/strong><\/p>\n<ul style=\"text-align: center;\">\n<li>Celkov\u00e1 d\u013a\u017eka: 105 cm<\/li>\n<li>Vn\u00fatorn\u00e1 d\u013a\u017eka nohav\u00edc: 71 cm<\/li>\n<li>\u0160\u00edrka p\u00e1su: 36-42 cm<\/li>\n<li>V\u00fd\u0161ka: 36 cm<\/li>\n<\/ul>\n<p style=\"text-align: center;\"><strong>Ve\u013ekos\u0165 XL 42\u00a0<\/strong><\/p>\n<ul style=\"text-align: center;\">\n<li>Celkov\u00e1 d\u013a\u017eka: 106 cm<\/li>\n<li>Vn\u00fatorn\u00e1 d\u013a\u017eka nohav\u00edc: 72 cm<\/li>\n<li>\u0160\u00edrka p\u00e1su: 38-44 cm<\/li>\n<li>V\u00fd\u0161ka: 37 cm<\/li>\n<\/ul>\n<p style=\"text-align: center;\">Rozmery sa m\u00f4\u017eu l\u00ed\u0161i\u0165 od uveden\u00fdch +\/- 2cm. V\u0161etky uveden\u00e9 rozmery s\u00fa meran\u00e9 plo\u0161ne.\u00a0<strong>rozmer x2<\/strong><\/p>\n<p>&nbsp;<\/p>\n<p style=\"text-align: center;\">\u00a0Model m\u00e1\u00a0<strong>165<\/strong>\u00a0cm vysok\u00fd, nos\u00ed ve\u013ekos\u0165 ka\u017ed\u00fd de\u0148\u00a0<strong>S<\/strong><\/p>\n<p style=\"text-align: center;\">","protected":false},"excerpt":{"rendered":"<p>Elegantn\u00e9 nohavice s kry\u0161t\u00e1lmi. Tieto nohavice s\u00fa ide\u00e1lne na ka\u017edodenn\u00e9 nosenie, \u010di u\u017e do pr\u00e1ce alebo na stretnutie s priate\u013emi. Vyzeraj\u00fa skvele s podp\u00e4tkami alebo teniskami. Nohavice s vysok\u00fdm p\u00e1som kr\u00e1sne tvaruj\u00fa p\u00e1s a vytv\u00e1raj\u00fa ohromuj\u00faci efekt! Kvalitn\u00fd, elastick\u00fd denim perfektne sed\u00ed. Je z\u00e1kladom pre na\u0161e bl\u00fazky, ko\u0161ele a body. Odpor\u00fa\u010dame starostlivo mera\u0165 pod\u013ea tabu\u013eky ve\u013ekost\u00ed ni\u017e\u0161ie.<\/p>\n<div class=\"klb-readmore post-buttons\"><a class=\"button black outline size-sm\" href=\"https:\/\/madelinefashion.pl\/sk\/spodnie-eleganckie-z-krysztalkami\/\">\u010c\u00edta\u0165 \u010falej <i class=\"klbth-icon-right-arrow\"><\/i><\/a><\/div>","protected":false},"featured_media":595500,"template":"","meta":[],"product_brand":[],"product_cat":[83],"product_tag":[475],"class_list":{"0":"post-558279","1":"product","2":"type-product","3":"status-publish","4":"has-post-thumbnail","6":"product_cat-spodnie","7":"product_tag-spodnie-dlugie","8":"pa_rozmiar-m","9":"pa_rozmiar-l","10":"pa_rozmiar-xl","11":"pa_rozmiar-s-2","13":"first","14":"instock","15":"product-type-variable"},"_links":{"self":[{"href":"https:\/\/madelinefashion.pl\/sk\/wp-json\/wp\/v2\/product\/558279","targetHints":{"allow":["GET"]}}],"collection":[{"href":"https:\/\/madelinefashion.pl\/sk\/wp-json\/wp\/v2\/product"}],"about":[{"href":"https:\/\/madelinefashion.pl\/sk\/wp-json\/wp\/v2\/types\/product"}],"wp:featuredmedia":[{"embeddable":true,"href":"https:\/\/madelinefashion.pl\/sk\/wp-json\/wp\/v2\/media\/595500"}],"wp:attachment":[{"href":"https:\/\/madelinefashion.pl\/sk\/wp-json\/wp\/v2\/media?parent=558279"}],"wp:term":[{"taxonomy":"product_brand","embeddable":true,"href":"https:\/\/madelinefashion.pl\/sk\/wp-json\/wp\/v2\/product_brand?post=558279"},{"taxonomy":"product_cat","embeddable":true,"href":"https:\/\/madelinefashion.pl\/sk\/wp-json\/wp\/v2\/product_cat?post=558279"},{"taxonomy":"product_tag","embeddable":true,"href":"https:\/\/madelinefashion.pl\/sk\/wp-json\/wp\/v2\/product_tag?post=558279"}],"curies":[{"name":"pracovn\u00fd list","href":"https:\/\/api.w.org\/{rel}","templated":true}]}}

Elegantné nohavice s kryštálmi

<h3 style="text-align: center;">Elegantné nohavice s kryštálmi</h3>
<p style="text-align: center;">Tieto nohavice sú ideálne na každodenné nosenie, či už do práce alebo na stretnutie s priateľmi. Vyzerajú skvele s lodičkami alebo teniskami. <strong>Nohavice s vysokým pásom</strong> Krásne tvarujú pás a vytvárajú úžasný efekt! <strong> Vysoká kvalita, </strong>elastická riflovina perfektne sedí na postave. Toto je základ pre nás <a href="https://madelinefashion.pl/sk/bluzki-2/">blúzky</a> a <a href="https://madelinefashion.pl/sk/bluzki-2/koszule/">košele</a> a <a href="https://madelinefashion.pl/sk/body/">bodyčko</a>.Odporúčame  <b>presne tak </b><strong>merať</strong> podľa tabuľky rozmerov nižšie. Doplňte svoj šatník o tento model nohavíc z <strong><a href="https://madelinefashion.pl/sk/">Madelinefashion</a> . </strong>V informáciách po kúpe môžete uviesť aj vaše rozmery - vyberieme pre vás ten ideálny. Nohavice dostupné v <strong>dve farebné varianty</strong>. Uvedené rozmery sú v plochom stave!</p>
<h3 style="text-align: center;">Rozmery nohavíc:</h3>
<p>&nbsp;</p>
<p style="text-align: center;"><strong>VEĽKOSŤ S 36 </strong></p>
<ul style="text-align: center;">
<li>Celková dĺžka: 103 cm</li>
<li>Vnútorná dĺžka nohavíc: 69 cm</li>
<li>Šírka pásu: 32-38 cm</li>
<li>Výška: 34 cm</li>
</ul>
<p style="text-align: center;"><strong>VEĽKOSŤ M 38 </strong></p>
<ul style="text-align: center;">
<li>Celková dĺžka: 104 cm</li>
<li>Vnútorná dĺžka nohavíc: 70 cm</li>
<li>Šírka pásu: 34-40 cm</li>
<li>Výška: 35 cm</li>
</ul>
<p style="text-align: center;"><strong>VEĽKOSŤ L 40 </strong></p>
<ul style="text-align: center;">
<li>Celková dĺžka: 105 cm</li>
<li>Vnútorná dĺžka nohavíc: 71 cm</li>
<li>Šírka pásu: 36-42 cm</li>
<li>Výška: 36 cm</li>
</ul>
<p style="text-align: center;"><strong>Veľkosť XL 42 </strong></p>
<ul style="text-align: center;">
<li>Celková dĺžka: 106 cm</li>
<li>Vnútorná dĺžka nohavíc: 72 cm</li>
<li>Šírka pásu: 38-44 cm</li>
<li>Výška: 37 cm</li>
</ul>
<p style="text-align: center;">Rozmery sa môžu líšiť od uvedených +/- 2cm. Všetky uvedené rozmery sú merané plošne. <strong>rozmer x2</strong></p>
<p>&nbsp;</p>
<p style="text-align: center;"> Model má <strong>165</strong> cm vysoký, nosí veľkosť každý deň <strong>S</strong></p>
<p style="text-align: center;">

<p>Elegantné nohavice s kryštálmi. Tieto nohavice sú ideálne na každodenné nosenie, či už do práce alebo na stretnutie s priateľmi. Vyzerajú skvele s podpätkami alebo teniskami. Nohavice s vysokým pásom krásne tvarujú pás a vytvárajú ohromujúci efekt! Kvalitný, elastický denim perfektne sedí. Je základom pre naše blúzky, košele a body. Odporúčame starostlivo merať podľa tabuľky veľkostí nižšie.</p>
<div class="klb-readmore post-buttons"><a class="button black outline size-sm" href="https://madelinefashion.pl/sk/spodnie-eleganckie-z-krysztalkami/">Čítať ďalej <i class="klbth-icon-right-arrow"></i></a></div>

pracovný list
