{"id":55981,"date":"2022-08-30T15:09:37","date_gmt":"2022-08-30T13:09:37","guid":{"rendered":"https:\/\/madelinefashion.pl\/?post_type=product&#038;p=55981"},"modified":"2026-01-20T10:33:44","modified_gmt":"2026-01-20T09:33:44","slug":"koszula-z-kieszonka-ysl-biala","status":"publish","type":"product","link":"https:\/\/madelinefashion.pl\/sk\/koszula-z-kieszonka-ysl-biala\/","title":{"rendered":"YSL ko\u0161e\u013ea s vreckom biela"},"content":{"rendered":"<h3 style=\"text-align: center;\">YSL ko\u0161e\u013ea s vreckom biela<\/h3>\n<p style=\"text-align: center;\">Ko\u0161e\u013ea s lemom na ruk\u00e1voch, s ozdobn\u00fdm vreckom vpredu. Tradi\u010dn\u00fd strih mu dod\u00e1va origin\u00e1lny vzh\u013ead.<\/p>\n<p style=\"text-align: center;\">Ko\u0161e\u013ea je dostupn\u00e1 v dvoch farb\u00e1ch, v univerz\u00e1lnej ve\u013ekosti.<\/p>\n<h3 style=\"text-align: center;\">\u00a0 \u00a0 \u00a0Rozmery:<\/h3>\n<ul style=\"text-align: center;\">\n<li style=\"list-style-type: none;\">\n<ul>\n<li><\/li>\n<li>celkov\u00e1 predn\u00e1 d\u013a\u017eka: 63 cm<\/li>\n<li>\u0161\u00edrka od pazuchy po pazuchu: 5 cm<\/li>\n<li>d\u013a\u017eka ruk\u00e1va od ramena: 63 cm<\/li>\n<li>d\u013a\u017eka ruk\u00e1va od podpazu\u0161ia: 50 cm<\/li>\n<li>d\u013a\u017eka n\u00e1vleku: 7 cm<\/li>\n<\/ul>\n<p>Rozmery sa m\u00f4\u017eu mierne l\u00ed\u0161i\u0165 od uveden\u00fdch +\/- 2cm. V\u0161etky uveden\u00e9 rozmery s\u00fa meran\u00e9 plo\u0161ne. rozmer x2<\/li>\n<\/ul>\n<table style=\"height: 288px;\" width=\"432\">\n<tbody>\n<tr>\n<td>Meno modela<\/td>\n<td>\n<p style=\"text-align: left;\">YSL ko\u0161e\u013ea s vreckom<\/p>\n<\/td>\n<\/tr>\n<tr>\n<td>Farba<\/td>\n<td>biely<\/td>\n<\/tr>\n<tr>\n<td>Zbierka<\/td>\n<td>Jar leto jese\u0148 zima<\/td>\n<\/tr>\n<tr>\n<td>Ve\u013ekos\u0165<\/td>\n<td>Univerz\u00e1lny<\/td>\n<\/tr>\n<tr>\n<td>M\u00f3da<\/td>\n<td>nadrozmern\u00e9<\/td>\n<\/tr>\n<tr>\n<td>zap\u00ednanie<\/td>\n<td>tla\u010didl\u00e1<\/td>\n<\/tr>\n<tr>\n<td>Zlo\u017eenie materi\u00e1lov<\/td>\n<td>polyester 97%, elastan 3%<\/td>\n<\/tr>\n<\/tbody>\n<\/table>\n<p style=\"text-align: center;\">Model m\u00e1\u00a0<strong>169<\/strong>\u00a0cm vysok\u00fd, nos\u00ed ve\u013ekos\u0165 ka\u017ed\u00fd de\u0148\u00a0<strong>S<\/strong><\/p>\n<p style=\"text-align: center;\">\u0160\u00edrka cez prsia 92 cm<\/p>\n<p style=\"text-align: center;\">\u0160\u00edrka v p\u00e1se 62 cm<\/p>\n<p style=\"text-align: center;\">\u0160\u00edrka v bokoch 94 cm<\/p>\n<p style=\"text-align: center;\"><strong>\u00a0<\/strong><\/p>","protected":false},"excerpt":{"rendered":"<p>Koszula Z Kieszonka YSL Bia\u0142a Koszula ze \u015bci\u0105gaczem na r\u0119kawkach , z ozdobn\u0105 kieszeni\u0105 z przodu. Tradycyjny kr\u00f3j nadaje jej niebanalnego wygl\u0105du. Koszula wyst\u0119puje w dw\u00f3ch kolorach, w rozmiarze uniwersalnym. \u00a0 \u00a0 \u00a0Wymiary: d\u0142ugo\u015b\u0107 ca\u0142kowita prz\u00f3d: 63 cm szeroko\u015b\u0107 od pachy do pachy: 5 cm d\u0142ugo\u015b\u0107 r\u0119kawa od ramienia: 63cm d\u0142ugo\u015b\u0107 r\u0119kawa od pachy: 50<\/p>\n<div class=\"klb-readmore post-buttons\"><a class=\"button black outline size-sm\" href=\"https:\/\/madelinefashion.pl\/sk\/koszula-z-kieszonka-ysl-biala\/\">\u010c\u00edta\u0165 \u010falej <i class=\"klbth-icon-right-arrow\"><\/i><\/a><\/div>","protected":false},"featured_media":55883,"template":"","meta":[],"product_brand":[],"product_cat":[92,395],"product_tag":[414],"class_list":{"0":"post-55981","1":"product","2":"type-product","3":"status-publish","4":"has-post-thumbnail","6":"product_cat-koszule","7":"product_cat-nowosci","8":"product_tag-koszule","10":"first","11":"instock","12":"sale","13":"purchasable","14":"product-type-simple"},"_links":{"self":[{"href":"https:\/\/madelinefashion.pl\/sk\/wp-json\/wp\/v2\/product\/55981","targetHints":{"allow":["GET"]}}],"collection":[{"href":"https:\/\/madelinefashion.pl\/sk\/wp-json\/wp\/v2\/product"}],"about":[{"href":"https:\/\/madelinefashion.pl\/sk\/wp-json\/wp\/v2\/types\/product"}],"wp:featuredmedia":[{"embeddable":true,"href":"https:\/\/madelinefashion.pl\/sk\/wp-json\/wp\/v2\/media\/55883"}],"wp:attachment":[{"href":"https:\/\/madelinefashion.pl\/sk\/wp-json\/wp\/v2\/media?parent=55981"}],"wp:term":[{"taxonomy":"product_brand","embeddable":true,"href":"https:\/\/madelinefashion.pl\/sk\/wp-json\/wp\/v2\/product_brand?post=55981"},{"taxonomy":"product_cat","embeddable":true,"href":"https:\/\/madelinefashion.pl\/sk\/wp-json\/wp\/v2\/product_cat?post=55981"},{"taxonomy":"product_tag","embeddable":true,"href":"https:\/\/madelinefashion.pl\/sk\/wp-json\/wp\/v2\/product_tag?post=55981"}],"curies":[{"name":"pracovn\u00fd list","href":"https:\/\/api.w.org\/{rel}","templated":true}]}}

YSL košeľa s vreckom biela

<h3 style="text-align: center;">YSL košeľa s vreckom biela</h3>
<p style="text-align: center;">Košeľa s lemom na rukávoch, s ozdobným vreckom vpredu. Tradičný strih mu dodáva originálny vzhľad.</p>
<p style="text-align: center;">Košeľa je dostupná v dvoch farbách, v univerzálnej veľkosti.</p>
<h3 style="text-align: center;">     Rozmery:</h3>
<ul style="text-align: center;">
<li style="list-style-type: none;">
<ul>
<li></li>
<li>celková predná dĺžka: 63 cm</li>
<li>šírka od pazuchy po pazuchu: 5 cm</li>
<li>dĺžka rukáva od ramena: 63 cm</li>
<li>dĺžka rukáva od podpazušia: 50 cm</li>
<li>dĺžka návleku: 7 cm</li>
</ul>
<p>Rozmery sa môžu mierne líšiť od uvedených +/- 2cm. Všetky uvedené rozmery sú merané plošne. rozmer x2</li>
</ul>
<table style="height: 288px;" width="432">
<tbody>
<tr>
<td>Meno modela</td>
<td>
<p style="text-align: left;">YSL košeľa s vreckom</p>
</td>
</tr>
<tr>
<td>Farba</td>
<td>biely</td>
</tr>
<tr>
<td>Zbierka</td>
<td>Jar leto jeseň zima</td>
</tr>
<tr>
<td>Veľkosť</td>
<td>Univerzálny</td>
</tr>
<tr>
<td>Móda</td>
<td>nadrozmerné</td>
</tr>
<tr>
<td>zapínanie</td>
<td>tlačidlá</td>
</tr>
<tr>
<td>Zloženie materiálov</td>
<td>polyester 97%, elastan 3%</td>
</tr>
</tbody>
</table>
<p style="text-align: center;">Model má <strong>169</strong> cm vysoký, nosí veľkosť každý deň <strong>S</strong></p>
<p style="text-align: center;">Šírka cez prsia 92 cm</p>
<p style="text-align: center;">Šírka v páse 62 cm</p>
<p style="text-align: center;">Šírka v bokoch 94 cm</p>
<p style="text-align: center;"><strong> </strong></p>

<p>Koszula Z Kieszonka YSL Biała Koszula ze ściągaczem na rękawkach , z ozdobną kieszenią z przodu. Tradycyjny krój nadaje jej niebanalnego wyglądu. Koszula występuje w dwóch kolorach, w rozmiarze uniwersalnym.      Wymiary: długość całkowita przód: 63 cm szerokość od pachy do pachy: 5 cm długość rękawa od ramienia: 63cm długość rękawa od pachy: 50</p>
<div class="klb-readmore post-buttons"><a class="button black outline size-sm" href="https://madelinefashion.pl/sk/koszula-z-kieszonka-ysl-biala/">Čítať ďalej <i class="klbth-icon-right-arrow"></i></a></div>

pracovný list
