{"id":561240,"date":"2025-03-20T16:35:19","date_gmt":"2025-03-20T15:35:19","guid":{"rendered":"https:\/\/madelinefashion.pl\/?post_type=product&#038;p=561240"},"modified":"2026-03-07T13:46:05","modified_gmt":"2026-03-07T12:46:05","slug":"sukienka-premium-la-mariee-rose-gold-z-piorkami","status":"publish","type":"product","link":"https:\/\/madelinefashion.pl\/sk\/sukienka-premium-la-mariee-rose-gold-z-piorkami\/","title":{"rendered":"Pr\u00e9miov\u00e9 \u0161aty La Mariee ru\u017eovo-zlat\u00e9ho farby s pierkami"},"content":{"rendered":"<h3 style=\"text-align: center;\">Pr\u00e9miov\u00e9 \u0161aty La Mariee ru\u017eovo-zlat\u00e9ho farby s pierkami<\/h3>\n<p style=\"text-align: center;\" data-start=\"0\" data-end=\"72\"><strong data-start=\"0\" data-end=\"72\">Pr\u00e9miov\u00e9 \u0161aty s pierkami a kame\u0148mi \u2013 elegancia, ktor\u00e1 ohrom\u00ed<\/strong><\/p>\n<p style=\"text-align: center;\" data-start=\"74\" data-end=\"268\">V t\u00fdchto \u0161at\u00e1ch sa budete c\u00edti\u0165 ako kr\u00e1\u013eovn\u00e1 ve\u010dera! Zmyseln\u00e9, \u017eensk\u00e9 a z\u00e1rove\u0148 \u017eiariv\u00e9 \u2013 s\u00fa perfektnou vo\u013ebou pre \u0161peci\u00e1lne pr\u00edle\u017eitosti, ktor\u00e9 si vy\u017eaduj\u00fa oslniv\u00fd vzh\u013ead.<\/p>\n<p style=\"text-align: center;\" data-start=\"270\" data-end=\"562\"><strong data-start=\"270\" data-end=\"290\">Dizajn a detaily:<\/strong> Pr\u00e9miov\u00e9 \u0161aty bez ramienok, ktor\u00e9 kombinuj\u00fa eleganciu s n\u00e1dychom extravagancie. Ryb\u00ed strih dokonale zv\u00fdraz\u0148uje siluetu, zatia\u013e \u010do jemn\u00e9 roz\u0161\u00edrenie na leme dod\u00e1va \u013eahkos\u0165 a vzdu\u0161nos\u0165 a vytv\u00e1ra fenomen\u00e1lny efekt pohybu. Ka\u017ed\u00fd krok je jedine\u010dnou prezent\u00e1ciou!<\/p>\n<p style=\"text-align: center;\" data-start=\"564\" data-end=\"843\">Najv\u00e4\u010d\u0161ou prednos\u0165ou \u0161iat s\u00fa v\u0161ak ich bohat\u00e9 zdobenia \u2013 jemn\u00e9 pierka a trblietav\u00e9 kamienky, ktor\u00e9 jemne zdobia vrchn\u00fa \u010das\u0165. Tieto detaily dod\u00e1vaj\u00fa \u0161at\u00e1m jedine\u010dn\u00fd, luxusn\u00fd n\u00e1dych, v\u010faka ktor\u00e9mu sa budete c\u00edti\u0165 ako hviezda na \u010dervenom koberci.<\/p>\n<p style=\"text-align: center;\" data-start=\"845\" data-end=\"1097\"><strong data-start=\"845\" data-end=\"864\">Pr\u00e9miov\u00e1 kvalita:<\/strong> Tieto \u0161aty vyroben\u00e9 z najkvalitnej\u0161\u00edch materi\u00e1lov poskytuj\u00fa pohodlie a perfektne sedia. S\u00fa dokonale u\u0161it\u00e9 s d\u00f4razom na ka\u017ed\u00fd detail a zaru\u010duj\u00fa, \u017ee budete vyzera\u0165 \u00fa\u017easne cel\u00fa noc.<\/p>\n<p style=\"text-align: center;\" data-start=\"1099\" data-end=\"1210\">Ide\u00e1lne na svadby, bankety, galave\u010dery alebo in\u00e9 elegantn\u00e9 udalosti, kde chcete za\u017eiari\u0165 jedine\u010dn\u00fdm sp\u00f4sobom.<\/p>\n<p style=\"text-align: center;\"><span style=\"font-size: 10pt;\">\u0160aty maj\u00fa vpredu v\u0161it\u00e9 ko\u0161\u00ed\u010dky, v\u010faka \u010domu nie je potrebn\u00e9 nosi\u0165 podprsenku. Vyroben\u00e9 a u\u0161it\u00e9 v Po\u013esku. Dostupn\u00e9. <\/span><span style=\"font-size: 10pt;\">\u00a0vo ve\u013ekostiach <strong>34, 36, 38<\/strong> , <strong>40<\/strong>\u00a0 . \u0160aty <strong>Pekn\u00e1 \u017eena<\/strong> je vynikaj\u00facou vo\u013ebou na svadbu, ples, Silvestra a in\u00e9 elegantn\u00e9 \u0161peci\u00e1lne udalosti. Dostupn\u00e9 na na\u0161om e-shope vo viacer\u00fdch farebn\u00fdch variantoch, tak nev\u00e1hajte a vyberte si t\u00fa, ktor\u00e1 je pre v\u00e1s ako stvoren\u00e1. Ak sa neviete rozhodn\u00fa\u0165 ak\u00fa farbu, <strong>ve\u013ekos\u0165<\/strong> je pre v\u00e1s to najlep\u0161ie <strong>kontaktuj n\u00e1s<\/strong> cez <a href=\"https:\/\/www.facebook.com\/madelinefashionbutik\" target=\"_blank\" rel=\"noopener\">Facebook<\/a> alebo <a href=\"https:\/\/madelinefashion.pl\/sk\/kontakt\/\">telef\u00f3n<\/a>. Ak ve\u013ekos\u0165 nie je na str\u00e1nke, kontaktujte n\u00e1s.\u00a0<\/span><\/p>\n<h3 style=\"text-align: center;\">ROZMERY \u0161iat:<\/h3>\n<p>&nbsp;<\/p>\n<table width=\"556\">\n<tbody>\n<tr>\n<td><strong>VE\u013dKOS\u0164<\/strong><\/td>\n<td><strong>poprsia<\/strong><\/td>\n<td><strong>P\u00e1s<\/strong><\/td>\n<td><strong>Boky<\/strong><\/td>\n<\/tr>\n<tr>\n<td><strong>34<\/strong><\/td>\n<td>84-86<\/td>\n<td>64-68<\/td>\n<td>\u00a082-90<\/td>\n<\/tr>\n<tr>\n<td><strong>36<\/strong><\/td>\n<td>88-90<\/td>\n<td>68-72<\/td>\n<td>\u00a086-92<\/td>\n<\/tr>\n<tr>\n<td><strong>38<\/strong><\/td>\n<td>92-94<\/td>\n<td>72-76<\/td>\n<td>\u00a090-96<\/td>\n<\/tr>\n<tr>\n<td><strong>40<\/strong><\/td>\n<td>96-98<\/td>\n<td>76-80<\/td>\n<td>\u00a094-106<\/td>\n<\/tr>\n<\/tbody>\n<\/table>\n<p style=\"text-align: center;\">celkov\u00e1 d\u013a\u017eka cca 157 cm<\/p>\n<p style=\"text-align: center;\">\u0160aty s\u00fa dostupn\u00e9 aj v in\u00fdch farb\u00e1ch - odpor\u00fa\u010dame v\u00e1m zozn\u00e1mi\u0165 sa s na\u0161imi \u010fal\u0161\u00edmi produktmi.<\/p>\n<p style=\"text-align: center;\">Rozmery sa m\u00f4\u017eu mierne l\u00ed\u0161i\u0165 od uveden\u00fdch +\/- 2cm.<\/p>\n<p style=\"text-align: center;\"><strong>\u00a0<\/strong><\/p>\n<p>&nbsp;<\/p>\n<table>\n<tbody>\n<tr>\n<td width=\"302\">Meno modela<\/td>\n<td width=\"302\">Pr\u00e9miov\u00e9 \u0161aty La Mariee ru\u017eovo-zlat\u00e9ho farby s pierkami<\/td>\n<\/tr>\n<tr>\n<td width=\"302\">Farba<\/td>\n<td width=\"302\"><span style=\"font-size: 10pt;\">Zlat\u00fd<\/span><\/td>\n<\/tr>\n<tr>\n<td width=\"302\">Marka<\/td>\n<td width=\"302\">Madelinefashion<\/td>\n<\/tr>\n<tr>\n<td width=\"302\">ve\u013ekosti<\/td>\n<td width=\"302\">34 36 38 40<\/td>\n<\/tr>\n<tr>\n<td width=\"302\">M\u00f3da<\/td>\n<td width=\"302\">Zhoda<\/td>\n<\/tr>\n<tr>\n<td width=\"302\">Materi\u00e1l<\/td>\n<td width=\"302\">Visk\u00f3za, polyester, bavlna<\/td>\n<\/tr>\n<tr>\n<td width=\"302\">D\u013a\u017eka<\/td>\n<td width=\"302\">Na zem<\/td>\n<\/tr>\n<\/tbody>\n<\/table>\n<p>&nbsp;<\/p>\n<p style=\"text-align: center;\">Aby ste si vybrali\u00a0<strong>perfektn\u00e9 \u0161aty<\/strong>\u00a0kontaktujte n\u00e1s pros\u00edm telefonicky alebo cez n\u00e1\u0161 facebook.<br \/>\nN\u00e1\u0161 t\u00edm v\u00e1m pom\u00f4\u017ee\u00a0<strong>Vyberte si ten spr\u00e1vny<\/strong>\u00a0.\u00a0<strong>Na \u017eelanie kupuj\u00faceho vyrob\u00edme ak\u00e9ko\u013evek \u0161aty\u00a0<\/strong><strong>opatrne mera\u0165.\u00a0<\/strong><\/p>\n<div class=\"additional-details\">\n<p style=\"text-align: center;\">\n<\/div>","protected":false},"excerpt":{"rendered":"<p>Sukienka Premium La Mariee Rose Gold Z Pi\u00f3rkami Sukienka Premium z Pi\u00f3rkami i Kamieniami \u2013 Elegancja, kt\u00f3ra Zachwyca W tej sukience poczujesz si\u0119 jak prawdziwa kr\u00f3lowa wieczoru! Zmys\u0142owa, kobieca, a zarazem pe\u0142na blasku \u2013 to idealny wyb\u00f3r na wyj\u0105tkowe okazje, kt\u00f3re wymagaj\u0105 od Ciebie ol\u015bniewaj\u0105cego looku. Design i Detale: Sukienka na rami\u0105czkach w wersji premium,<\/p>\n<div class=\"klb-readmore post-buttons\"><a class=\"button black outline size-sm\" href=\"https:\/\/madelinefashion.pl\/sk\/sukienka-premium-la-mariee-rose-gold-z-piorkami\/\">\u010c\u00edta\u0165 \u010falej <i class=\"klbth-icon-right-arrow\"><\/i><\/a><\/div>","protected":false},"featured_media":561386,"template":"","meta":[],"product_brand":[],"product_cat":[124,395,558],"product_tag":[257,163,445],"class_list":{"0":"post-561240","1":"product","2":"type-product","3":"status-publish","4":"has-post-thumbnail","6":"product_cat-sukienki-okolicznosciowe","7":"product_cat-nowosci","8":"product_cat-sukienki-cekinowe","9":"product_tag-madelinefashion","10":"product_tag-sukienki-dlugie","11":"product_tag-sukienki-zlote","13":"first","14":"outofstock","15":"product-type-variable"},"_links":{"self":[{"href":"https:\/\/madelinefashion.pl\/sk\/wp-json\/wp\/v2\/product\/561240","targetHints":{"allow":["GET"]}}],"collection":[{"href":"https:\/\/madelinefashion.pl\/sk\/wp-json\/wp\/v2\/product"}],"about":[{"href":"https:\/\/madelinefashion.pl\/sk\/wp-json\/wp\/v2\/types\/product"}],"wp:featuredmedia":[{"embeddable":true,"href":"https:\/\/madelinefashion.pl\/sk\/wp-json\/wp\/v2\/media\/561386"}],"wp:attachment":[{"href":"https:\/\/madelinefashion.pl\/sk\/wp-json\/wp\/v2\/media?parent=561240"}],"wp:term":[{"taxonomy":"product_brand","embeddable":true,"href":"https:\/\/madelinefashion.pl\/sk\/wp-json\/wp\/v2\/product_brand?post=561240"},{"taxonomy":"product_cat","embeddable":true,"href":"https:\/\/madelinefashion.pl\/sk\/wp-json\/wp\/v2\/product_cat?post=561240"},{"taxonomy":"product_tag","embeddable":true,"href":"https:\/\/madelinefashion.pl\/sk\/wp-json\/wp\/v2\/product_tag?post=561240"}],"curies":[{"name":"pracovn\u00fd list","href":"https:\/\/api.w.org\/{rel}","templated":true}]}}

Prémiové šaty La Mariee ružovo-zlatého farby s pierkami

<h3 style="text-align: center;">Prémiové šaty La Mariee ružovo-zlatého farby s pierkami</h3>
<p style="text-align: center;" data-start="0" data-end="72"><strong data-start="0" data-end="72">Prémiové šaty s pierkami a kameňmi – elegancia, ktorá ohromí</strong></p>
<p style="text-align: center;" data-start="74" data-end="268">V týchto šatách sa budete cítiť ako kráľovná večera! Zmyselné, ženské a zároveň žiarivé – sú perfektnou voľbou pre špeciálne príležitosti, ktoré si vyžadujú oslnivý vzhľad.</p>
<p style="text-align: center;" data-start="270" data-end="562"><strong data-start="270" data-end="290">Dizajn a detaily:</strong> Prémiové šaty bez ramienok, ktoré kombinujú eleganciu s nádychom extravagancie. Rybí strih dokonale zvýrazňuje siluetu, zatiaľ čo jemné rozšírenie na leme dodáva ľahkosť a vzdušnosť a vytvára fenomenálny efekt pohybu. Každý krok je jedinečnou prezentáciou!</p>
<p style="text-align: center;" data-start="564" data-end="843">Najväčšou prednosťou šiat sú však ich bohaté zdobenia – jemné pierka a trblietavé kamienky, ktoré jemne zdobia vrchnú časť. Tieto detaily dodávajú šatám jedinečný, luxusný nádych, vďaka ktorému sa budete cítiť ako hviezda na červenom koberci.</p>
<p style="text-align: center;" data-start="845" data-end="1097"><strong data-start="845" data-end="864">Prémiová kvalita:</strong> Tieto šaty vyrobené z najkvalitnejších materiálov poskytujú pohodlie a perfektne sedia. Sú dokonale ušité s dôrazom na každý detail a zaručujú, že budete vyzerať úžasne celú noc.</p>
<p style="text-align: center;" data-start="1099" data-end="1210">Ideálne na svadby, bankety, galavečery alebo iné elegantné udalosti, kde chcete zažiariť jedinečným spôsobom.</p>
<p style="text-align: center;"><span style="font-size: 10pt;">Šaty majú vpredu všité košíčky, vďaka čomu nie je potrebné nosiť podprsenku. Vyrobené a ušité v Poľsku. Dostupné. </span><span style="font-size: 10pt;"> vo veľkostiach <strong>34, 36, 38</strong> , <strong>40</strong>  . Šaty <strong>Pekná žena</strong> je vynikajúcou voľbou na svadbu, ples, Silvestra a iné elegantné špeciálne udalosti. Dostupné na našom e-shope vo viacerých farebných variantoch, tak neváhajte a vyberte si tú, ktorá je pre vás ako stvorená. Ak sa neviete rozhodnúť akú farbu, <strong>veľkosť</strong> je pre vás to najlepšie <strong>kontaktuj nás</strong> cez <a href="https://www.facebook.com/madelinefashionbutik" target="_blank" rel="noopener">Facebook</a> alebo <a href="https://madelinefashion.pl/sk/kontakt/">telefón</a>. Ak veľkosť nie je na stránke, kontaktujte nás. </span></p>
<h3 style="text-align: center;">ROZMERY šiat:</h3>
<p>&nbsp;</p>
<table width="556">
<tbody>
<tr>
<td><strong>VEĽKOSŤ</strong></td>
<td><strong>poprsia</strong></td>
<td><strong>Pás</strong></td>
<td><strong>Boky</strong></td>
</tr>
<tr>
<td><strong>34</strong></td>
<td>84-86</td>
<td>64-68</td>
<td> 82-90</td>
</tr>
<tr>
<td><strong>36</strong></td>
<td>88-90</td>
<td>68-72</td>
<td> 86-92</td>
</tr>
<tr>
<td><strong>38</strong></td>
<td>92-94</td>
<td>72-76</td>
<td> 90-96</td>
</tr>
<tr>
<td><strong>40</strong></td>
<td>96-98</td>
<td>76-80</td>
<td> 94-106</td>
</tr>
</tbody>
</table>
<p style="text-align: center;">celková dĺžka cca 157 cm</p>
<p style="text-align: center;">Šaty sú dostupné aj v iných farbách - odporúčame vám zoznámiť sa s našimi ďalšími produktmi.</p>
<p style="text-align: center;">Rozmery sa môžu mierne líšiť od uvedených +/- 2cm.</p>
<p style="text-align: center;"><strong> </strong></p>
<p>&nbsp;</p>
<table>
<tbody>
<tr>
<td width="302">Meno modela</td>
<td width="302">Prémiové šaty La Mariee ružovo-zlatého farby s pierkami</td>
</tr>
<tr>
<td width="302">Farba</td>
<td width="302"><span style="font-size: 10pt;">Zlatý</span></td>
</tr>
<tr>
<td width="302">Marka</td>
<td width="302">Madelinefashion</td>
</tr>
<tr>
<td width="302">veľkosti</td>
<td width="302">34 36 38 40</td>
</tr>
<tr>
<td width="302">Móda</td>
<td width="302">Zhoda</td>
</tr>
<tr>
<td width="302">Materiál</td>
<td width="302">Viskóza, polyester, bavlna</td>
</tr>
<tr>
<td width="302">Dĺžka</td>
<td width="302">Na zem</td>
</tr>
</tbody>
</table>
<p>&nbsp;</p>
<p style="text-align: center;">Aby ste si vybrali <strong>perfektné šaty</strong> kontaktujte nás prosím telefonicky alebo cez náš facebook.<br />
Náš tím vám pomôže <strong>Vyberte si ten správny</strong> . <strong>Na želanie kupujúceho vyrobíme akékoľvek šaty </strong><strong>opatrne merať. </strong></p>
<div class="additional-details">
<p style="text-align: center;">
</div>

<p>Sukienka Premium La Mariee Rose Gold Z Piórkami Sukienka Premium z Piórkami i Kamieniami – Elegancja, która Zachwyca W tej sukience poczujesz się jak prawdziwa królowa wieczoru! Zmysłowa, kobieca, a zarazem pełna blasku – to idealny wybór na wyjątkowe okazje, które wymagają od Ciebie olśniewającego looku. Design i Detale: Sukienka na ramiączkach w wersji premium,</p>
<div class="klb-readmore post-buttons"><a class="button black outline size-sm" href="https://madelinefashion.pl/sk/sukienka-premium-la-mariee-rose-gold-z-piorkami/">Čítať ďalej <i class="klbth-icon-right-arrow"></i></a></div>

pracovný list
