{"id":575163,"date":"2025-08-08T16:43:40","date_gmt":"2025-08-08T14:43:40","guid":{"rendered":"https:\/\/madelinefashion.pl\/?post_type=product&#038;p=575163"},"modified":"2026-04-20T17:51:57","modified_gmt":"2026-04-20T15:51:57","slug":"sukienka-cekinowa-saminna-rozowa","status":"publish","type":"product","link":"https:\/\/madelinefashion.pl\/sk\/sukienka-cekinowa-saminna-rozowa\/","title":{"rendered":"Ru\u017eov\u00e9 flitrovan\u00e9 \u0161aty Saminna"},"content":{"rendered":"<h3 style=\"text-align: center;\">Ru\u017eov\u00e9 flitrovan\u00e9 \u0161aty Saminna<\/h3>\n<p style=\"text-align: center;\">Kr\u00e1sne dlh\u00e9 spolo\u010densk\u00e9 \u0161aty zdoben\u00e9 flitrami a kor\u00e1lkami v podobe trblietav\u00fdch kry\u0161t\u00e1lov. Kr\u00e1sne odha\u013euje \u017eensk\u00e9 tvary. Dlh\u00e9 \u0161aty s kr\u00e1snym zdoben\u00edm v podobe kor\u00e1lok na ramen\u00e1ch. Dlh\u00e9 ve\u010dern\u00e9 \u0161aty v <strong>Ru\u017eov\u00e1 <\/strong>\u00a0o <strong>priliehav\u00fd strih ako \u201eryba\u201d<\/strong> Kr\u00e1sne odha\u013euje \u017eensk\u00e9 tvary. Dlh\u00e9 trblietav\u00e9 \u0161aty v <strong>glamour \u0161t\u00fdl. <\/strong>Zozn\u00e1mte sa s na\u0161ou ponukou <strong><a href=\"https:\/\/madelinefashion.pl\/sk\/sukienki-i-kombinezony\/sukienki-okolicznosciowe\/\">ve\u010dern\u00e9 \u0161aty<\/a>\u00a0a vyberte si model, <\/strong>v ktorom budete <strong>vyzera\u0165 ako hviezda a vy\u010dnieva\u0165 z davu. Maxi \u0161aty sa vo svetle l\u00e1mp rozpr\u00e1vkovo trblietaj\u00fa. Rozparok na boku dod\u00e1va celku sexep\u00edl.\u00a0<\/strong>Ned\u00e1 sa ich ignorova\u0165. Strieborn\u00e9 flitrovan\u00e9 ve\u010dern\u00e9 \u0161aty, dlh\u00e9 maxi \u0161aty s rozparkom na nohe. Za\u017eiarte pri ka\u017edej pr\u00edle\u017eitosti! Tieto \u00fa\u017easn\u00e9 strieborn\u00e9 ve\u010dern\u00e9 \u0161aty s\u00fa stelesnen\u00edm elegancie a \u017eensk\u00e9ho \u0161iku. Pokryt\u00e9 jemn\u00fdmi flitrami, ktor\u00e9 kr\u00e1sne odr\u00e1\u017eaj\u00fa svetlo, zaru\u010dia ve\u013ekolep\u00fd efekt na svadbe, plese alebo galave\u010dere. <strong>Ru\u017eov\u00e9 flitrovan\u00e9 \u0161aty Saminna <\/strong>dostupn\u00e9 vo ve\u013ekostiach <strong>34, 36, 38<\/strong> , <strong>40<\/strong>\u00a0 . \u0160aty z <strong>madelinefashion<\/strong> je vynikaj\u00facou vo\u013ebou na svadbu, ples, Silvestra a in\u00e9 elegantn\u00e9 \u0161peci\u00e1lne udalosti. Dostupn\u00e9 na na\u0161om e-shope vo viacer\u00fdch farebn\u00fdch variantoch, tak nev\u00e1hajte a vyberte si t\u00fa, ktor\u00e1 je pre v\u00e1s ako stvoren\u00e1. Ak sa neviete rozhodn\u00fa\u0165 ak\u00fa farbu, <strong>ve\u013ekos\u0165<\/strong> je pre v\u00e1s to najlep\u0161ie <strong>kontaktuj n\u00e1s<\/strong> cez <a href=\"https:\/\/www.facebook.com\/madelinefashionbutik\" target=\"_blank\" rel=\"noopener\">Facebook<\/a> alebo <a href=\"https:\/\/madelinefashion.pl\/sk\/kontakt\/\">telef\u00f3n<\/a>. Ak ve\u013ekos\u0165 nie je na str\u00e1nke, kontaktujte n\u00e1s.<\/p>\n<h3 style=\"text-align: center;\">ROZMERY \u0161iat:<\/h3>\n<table width=\"556\">\n<tbody>\n<tr>\n<td><strong>VE\u013dKOS\u0164<\/strong><\/td>\n<td><strong>poprsia<\/strong><\/td>\n<td><strong>P\u00e1s<\/strong><\/td>\n<td><strong>Boky<\/strong><\/td>\n<\/tr>\n<tr>\n<td><strong>34<\/strong><\/td>\n<td>84-86<\/td>\n<td>64-68<\/td>\n<td>\u00a082-90<\/td>\n<\/tr>\n<tr>\n<td><strong>36<\/strong><\/td>\n<td>88-90<\/td>\n<td>68-72<\/td>\n<td>\u00a086-92<\/td>\n<\/tr>\n<tr>\n<td><strong>38<\/strong><\/td>\n<td>92-94<\/td>\n<td>72-76<\/td>\n<td>\u00a090-96<\/td>\n<\/tr>\n<tr>\n<td><strong>40<\/strong><\/td>\n<td>96-98<\/td>\n<td>76-80<\/td>\n<td>\u00a094-106<\/td>\n<\/tr>\n<\/tbody>\n<\/table>\n<p style=\"text-align: center;\">celkov\u00e1 d\u013a\u017eka cca 157 cm<\/p>\n<p style=\"text-align: center;\">\u0160aty s\u00fa dostupn\u00e9 aj v in\u00fdch farb\u00e1ch - odpor\u00fa\u010dame v\u00e1m zozn\u00e1mi\u0165 sa s na\u0161imi \u010fal\u0161\u00edmi produktmi.<\/p>\n<p style=\"text-align: center;\">Rozmery sa m\u00f4\u017eu mierne l\u00ed\u0161i\u0165 od uveden\u00fdch +\/- 2cm.<\/p>\n<p style=\"text-align: center;\"><strong>\u00a0<\/strong><\/p>\n<p>&nbsp;<\/p>\n<table>\n<tbody>\n<tr>\n<td width=\"302\">Meno modela<\/td>\n<td width=\"302\">Flitrovan\u00e9 \u0161aty Saminna<\/td>\n<\/tr>\n<tr>\n<td width=\"302\">Farba<\/td>\n<td width=\"302\">Ru\u017eov\u00e1<\/td>\n<\/tr>\n<tr>\n<td width=\"302\">Marka<\/td>\n<td width=\"302\">Madelinefashion<\/td>\n<\/tr>\n<tr>\n<td width=\"302\">ve\u013ekosti<\/td>\n<td width=\"302\">34 36 38 40<\/td>\n<\/tr>\n<tr>\n<td width=\"302\">M\u00f3da<\/td>\n<td width=\"302\">Zhoda<\/td>\n<\/tr>\n<tr>\n<td width=\"302\">Materi\u00e1l<\/td>\n<td width=\"302\">Visk\u00f3za, polyester, bavlna<\/td>\n<\/tr>\n<tr>\n<td width=\"302\">D\u013a\u017eka<\/td>\n<td width=\"302\">Na zem<\/td>\n<\/tr>\n<\/tbody>\n<\/table>\n<p>&nbsp;<\/p>\n<p style=\"text-align: center;\">Aby ste si vybrali\u00a0<strong>perfektn\u00e9 \u0161aty<\/strong>\u00a0kontaktujte n\u00e1s pros\u00edm telefonicky alebo cez n\u00e1\u0161 facebook.<br \/>\nN\u00e1\u0161 t\u00edm v\u00e1m pom\u00f4\u017ee\u00a0<strong>Vyberte si ten spr\u00e1vny<\/strong>\u00a0.\u00a0<strong>Na \u017eelanie kupuj\u00faceho vyrob\u00edme ak\u00e9ko\u013evek \u0161aty\u00a0<\/strong><strong>opatrne mera\u0165.\u00a0<\/strong><\/p>\n<div class=\"additional-details\">\n<p style=\"text-align: center;\">\n<\/div>","protected":false},"excerpt":{"rendered":"<p>Sukienka Cekinowa Saminna R\u00f3\u017cowa Pi\u0119kna d\u0142uga suknia wieczorowa zdobiona cekinami oraz koralikami w postaci mieni\u0105cych si\u0119 kryszta\u0142k\u00f3w. Pi\u0119knie eksponuje kobiece kszta\u0142ty. D\u0142uga suknia z pi\u0119knymi zdobieniami w postaci koralik\u00f3w na ramionach. D\u0142uga wieczorowa suknia w kolorze r\u00f3\u017cowym \u00a0o dopasowanym kroju a&#8217;la &#8222;rybka&#8221; Pi\u0119knie eksponuje kobiece kszta\u0142ty. D\u0142uga mieni\u0105ca suknia w stylu glamour. Zapoznaj si\u0119 z<\/p>\n<div class=\"klb-readmore post-buttons\"><a class=\"button black outline size-sm\" href=\"https:\/\/madelinefashion.pl\/sk\/sukienka-cekinowa-saminna-rozowa\/\">\u010c\u00edta\u0165 \u010falej <i class=\"klbth-icon-right-arrow\"><\/i><\/a><\/div>","protected":false},"featured_media":575169,"template":"","meta":[],"product_brand":[],"product_cat":[124,395,558,569],"product_tag":[257,163,215],"class_list":{"0":"post-575163","1":"product","2":"type-product","3":"status-publish","4":"has-post-thumbnail","6":"product_cat-sukienki-okolicznosciowe","7":"product_cat-nowosci","8":"product_cat-sukienki-cekinowe","9":"product_cat-sukienki-dopasowane","10":"product_tag-madelinefashion","11":"product_tag-sukienki-dlugie","12":"product_tag-sukienki-rozowe","14":"first","15":"instock","16":"purchasable","17":"product-type-variable"},"_links":{"self":[{"href":"https:\/\/madelinefashion.pl\/sk\/wp-json\/wp\/v2\/product\/575163","targetHints":{"allow":["GET"]}}],"collection":[{"href":"https:\/\/madelinefashion.pl\/sk\/wp-json\/wp\/v2\/product"}],"about":[{"href":"https:\/\/madelinefashion.pl\/sk\/wp-json\/wp\/v2\/types\/product"}],"wp:featuredmedia":[{"embeddable":true,"href":"https:\/\/madelinefashion.pl\/sk\/wp-json\/wp\/v2\/media\/575169"}],"wp:attachment":[{"href":"https:\/\/madelinefashion.pl\/sk\/wp-json\/wp\/v2\/media?parent=575163"}],"wp:term":[{"taxonomy":"product_brand","embeddable":true,"href":"https:\/\/madelinefashion.pl\/sk\/wp-json\/wp\/v2\/product_brand?post=575163"},{"taxonomy":"product_cat","embeddable":true,"href":"https:\/\/madelinefashion.pl\/sk\/wp-json\/wp\/v2\/product_cat?post=575163"},{"taxonomy":"product_tag","embeddable":true,"href":"https:\/\/madelinefashion.pl\/sk\/wp-json\/wp\/v2\/product_tag?post=575163"}],"curies":[{"name":"pracovn\u00fd list","href":"https:\/\/api.w.org\/{rel}","templated":true}]}}

Ružové flitrované šaty Saminna

<h3 style="text-align: center;">Ružové flitrované šaty Saminna</h3>
<p style="text-align: center;">Krásne dlhé spoločenské šaty zdobené flitrami a korálkami v podobe trblietavých kryštálov. Krásne odhaľuje ženské tvary. Dlhé šaty s krásnym zdobením v podobe korálok na ramenách. Dlhé večerné šaty v <strong>Ružová </strong> o <strong>priliehavý strih ako „ryba”</strong> Krásne odhaľuje ženské tvary. Dlhé trblietavé šaty v <strong>glamour štýl. </strong>Zoznámte sa s našou ponukou <strong><a href="https://madelinefashion.pl/sk/sukienki-i-kombinezony/sukienki-okolicznosciowe/">večerné šaty</a> a vyberte si model, </strong>v ktorom budete <strong>vyzerať ako hviezda a vyčnievať z davu. Maxi šaty sa vo svetle lámp rozprávkovo trblietajú. Rozparok na boku dodáva celku sexepíl. </strong>Nedá sa ich ignorovať. Strieborné flitrované večerné šaty, dlhé maxi šaty s rozparkom na nohe. Zažiarte pri každej príležitosti! Tieto úžasné strieborné večerné šaty sú stelesnením elegancie a ženského šiku. Pokryté jemnými flitrami, ktoré krásne odrážajú svetlo, zaručia veľkolepý efekt na svadbe, plese alebo galavečere. <strong>Ružové flitrované šaty Saminna </strong>dostupné vo veľkostiach <strong>34, 36, 38</strong> , <strong>40</strong>  . Šaty z <strong>madelinefashion</strong> je vynikajúcou voľbou na svadbu, ples, Silvestra a iné elegantné špeciálne udalosti. Dostupné na našom e-shope vo viacerých farebných variantoch, tak neváhajte a vyberte si tú, ktorá je pre vás ako stvorená. Ak sa neviete rozhodnúť akú farbu, <strong>veľkosť</strong> je pre vás to najlepšie <strong>kontaktuj nás</strong> cez <a href="https://www.facebook.com/madelinefashionbutik" target="_blank" rel="noopener">Facebook</a> alebo <a href="https://madelinefashion.pl/sk/kontakt/">telefón</a>. Ak veľkosť nie je na stránke, kontaktujte nás.</p>
<h3 style="text-align: center;">ROZMERY šiat:</h3>
<table width="556">
<tbody>
<tr>
<td><strong>VEĽKOSŤ</strong></td>
<td><strong>poprsia</strong></td>
<td><strong>Pás</strong></td>
<td><strong>Boky</strong></td>
</tr>
<tr>
<td><strong>34</strong></td>
<td>84-86</td>
<td>64-68</td>
<td> 82-90</td>
</tr>
<tr>
<td><strong>36</strong></td>
<td>88-90</td>
<td>68-72</td>
<td> 86-92</td>
</tr>
<tr>
<td><strong>38</strong></td>
<td>92-94</td>
<td>72-76</td>
<td> 90-96</td>
</tr>
<tr>
<td><strong>40</strong></td>
<td>96-98</td>
<td>76-80</td>
<td> 94-106</td>
</tr>
</tbody>
</table>
<p style="text-align: center;">celková dĺžka cca 157 cm</p>
<p style="text-align: center;">Šaty sú dostupné aj v iných farbách - odporúčame vám zoznámiť sa s našimi ďalšími produktmi.</p>
<p style="text-align: center;">Rozmery sa môžu mierne líšiť od uvedených +/- 2cm.</p>
<p style="text-align: center;"><strong> </strong></p>
<p>&nbsp;</p>
<table>
<tbody>
<tr>
<td width="302">Meno modela</td>
<td width="302">Flitrované šaty Saminna</td>
</tr>
<tr>
<td width="302">Farba</td>
<td width="302">Ružová</td>
</tr>
<tr>
<td width="302">Marka</td>
<td width="302">Madelinefashion</td>
</tr>
<tr>
<td width="302">veľkosti</td>
<td width="302">34 36 38 40</td>
</tr>
<tr>
<td width="302">Móda</td>
<td width="302">Zhoda</td>
</tr>
<tr>
<td width="302">Materiál</td>
<td width="302">Viskóza, polyester, bavlna</td>
</tr>
<tr>
<td width="302">Dĺžka</td>
<td width="302">Na zem</td>
</tr>
</tbody>
</table>
<p>&nbsp;</p>
<p style="text-align: center;">Aby ste si vybrali <strong>perfektné šaty</strong> kontaktujte nás prosím telefonicky alebo cez náš facebook.<br />
Náš tím vám pomôže <strong>Vyberte si ten správny</strong> . <strong>Na želanie kupujúceho vyrobíme akékoľvek šaty </strong><strong>opatrne merať. </strong></p>
<div class="additional-details">
<p style="text-align: center;">
</div>

<p>Sukienka Cekinowa Saminna Różowa Piękna długa suknia wieczorowa zdobiona cekinami oraz koralikami w postaci mieniących się kryształków. Pięknie eksponuje kobiece kształty. Długa suknia z pięknymi zdobieniami w postaci koralików na ramionach. Długa wieczorowa suknia w kolorze różowym  o dopasowanym kroju a&#8217;la &#8222;rybka&#8221; Pięknie eksponuje kobiece kształty. Długa mieniąca suknia w stylu glamour. Zapoznaj się z</p>
<div class="klb-readmore post-buttons"><a class="button black outline size-sm" href="https://madelinefashion.pl/sk/sukienka-cekinowa-saminna-rozowa/">Čítať ďalej <i class="klbth-icon-right-arrow"></i></a></div>

pracovný list
