{"id":5777,"date":"2021-03-19T04:01:45","date_gmt":"2021-03-19T03:01:45","guid":{"rendered":"https:\/\/madelinefashion.pl\/?post_type=product&#038;p=5777"},"modified":"2026-04-28T14:30:23","modified_gmt":"2026-04-28T12:30:23","slug":"ramoneska-biker-czarna","status":"publish","type":"product","link":"https:\/\/madelinefashion.pl\/sk\/ramoneska-biker-czarna\/","title":{"rendered":"\u010cierny motork\u00e1r Ramones"},"content":{"rendered":"<h3 style=\"text-align: center;\">\u010cierny motork\u00e1r Ramones<\/h3>\n<p style=\"text-align: center;\"><strong>Ramoneska Black biker <\/strong>je jedn\u00fdm z na\u0161ich n\u00e1vrhov na nadch\u00e1dzaj\u00face chladnej\u0161ie dni. <strong>Najpred\u00e1vanej\u0161\u00ed<\/strong> Model. Najklasickej\u0161\u00ed a nad\u010dasov\u00fd model bundy. D\u00e1 sa pou\u017ei\u0165 v akomko\u013evek \u0161t\u00fdle, ako ku klasick\u00fdm d\u017e\u00ednsom, bielemu tri\u010dku na ka\u017edodenn\u00e9 vych\u00e1dzky, tak aj k d\u00e1mskym \u0161at\u00e1m, ktor\u00fdm dod\u00e1va rockov\u00fd vzh\u013ead. <strong>charakter<\/strong>. Je to ist\u00e9 <strong>musie\u0165 ma\u0165<\/strong> v ka\u017edom \u0161atn\u00edku! Dlh\u00e9 ruk\u00e1vy s\u00fa na konci zdoben\u00e9 zipsami. Model zo spodnej \u010dasti m\u00e1 dodato\u010dn\u00fa pod\u0161\u00edvku, ktor\u00e1 v\u00e1s ochr\u00e1ni v chladnej\u0161\u00edch d\u0148och. bo\u010dn\u00e9 rezy <strong>r<\/strong><strong>motork\u00e1rskeho am\u00f3nia<\/strong> so zv\u00fd\u0161en\u00fdmi ramenami bude vyzera\u0165 skvele s na\u0161imi modelmi nohav\u00edc. Tento model je ide\u00e1lny na jar alebo jese\u0148 a na chladnej\u0161ie letn\u00e9 dni. V\u010faka vhodne zvolen\u00fdm doplnkom \u013eahko vytvor\u00edte jedine\u010dn\u00e9 \u0161tyliz\u00e1cie na spolo\u010densk\u00e9 udalosti \u010di oslavy. Bunda <strong>je vyroben\u00fd z m\u00e4kkej eko ko\u017ee<\/strong>desivo pripom\u00edna <strong>pr\u00edrodn\u00e1 ko\u017ea<\/strong>. Model m\u00e1 dve vreck\u00e1. <strong>Vy\u010dnieva\u0165 z davu<\/strong> s na\u0161ou eko ko\u017eenou bundou. Fant\u00e1zii sa medze neklad\u00fa, preto nev\u00e1hajte a<strong> vytvorte si svoj vlastn\u00fd \u0161t\u00fdl<\/strong>. ramoneska <strong>motork\u00e1r<\/strong> prich\u00e1dza vo ve\u013ekosti<strong> SML XL.\u00a0\u00a0<\/strong>Ak m\u00e1te nejak\u00e9 ot\u00e1zky, sme tu, aby sme v\u00e1m pomohli.<\/p>\n<h3 style=\"text-align: center;\">Rozmery:<\/h3>\n<p style=\"text-align: center;\"><b>36\/sek<\/b><\/p>\n<p style=\"text-align: center;\">Celkov\u00e1 d\u013a\u017eka - 52 cm<\/p>\n<p style=\"text-align: center;\">\u0160\u00edrka ramien - 68 cm<\/p>\n<p style=\"text-align: center;\">\u0160\u00edrka od pazuchy po pazuchu - 84 cm<\/p>\n<p style=\"text-align: center;\">\u0160\u00edrka v p\u00e1se - 74 cm<\/p>\n<p style=\"text-align: center;\">\u0160\u00edrka v spodnej \u010dasti - 78 cm<\/p>\n<p style=\"text-align: center;\">D\u013a\u017eka ruk\u00e1va od ramena - 64 cm<\/p>\n<p style=\"text-align: center;\">D\u013a\u017eka ruk\u00e1va od podpazu\u0161ia - 47 cm<\/p>\n<p style=\"text-align: center;\">\u0160\u00edrka v bicepsoch - 28 cm<\/p>\n<p style=\"text-align: center;\"><b>38\/m<\/b><\/p>\n<p style=\"text-align: center;\">Celkov\u00e1 d\u013a\u017eka - 53 cm<\/p>\n<p style=\"text-align: center;\">\u0160\u00edrka ramien - 70 cm<\/p>\n<p style=\"text-align: center;\">\u0160\u00edrka od pazuchy po pazuchu - 88 cm<\/p>\n<p style=\"text-align: center;\">\u0160\u00edrka v p\u00e1se - 80 cm<\/p>\n<p style=\"text-align: center;\">\u0160\u00edrka v spodnej \u010dasti - 84 cm<\/p>\n<p style=\"text-align: center;\">D\u013a\u017eka ruk\u00e1va od ramena - 65 cm<\/p>\n<p style=\"text-align: center;\">D\u013a\u017eka ruk\u00e1va od podpazu\u0161ia - 48 cm<\/p>\n<p style=\"text-align: center;\">\u0160\u00edrka v bicepsoch - 30 cm<\/p>\n<p style=\"text-align: center;\"><b>40\/l<\/b><\/p>\n<p style=\"text-align: center;\">Celkov\u00e1 d\u013a\u017eka - 54 cm<\/p>\n<p style=\"text-align: center;\">\u0160\u00edrka ramien - 72 cm<\/p>\n<p style=\"text-align: center;\">\u0160\u00edrka od pazuchy po pazuchu - 92 cm<\/p>\n<p style=\"text-align: center;\">\u0160\u00edrka v p\u00e1se - 84 cm<\/p>\n<p style=\"text-align: center;\">\u0160\u00edrka v spodnej \u010dasti - 88 cm<\/p>\n<p style=\"text-align: center;\">D\u013a\u017eka ruk\u00e1va od ramena - 65 cm<\/p>\n<p style=\"text-align: center;\">D\u013a\u017eka ruk\u00e1va od podpazu\u0161ia - 48 cm<\/p>\n<p style=\"text-align: center;\">\u0160\u00edrka v bicepsoch - 30 cm<\/p>\n<p style=\"text-align: center;\"><b>42\/xl<\/b><\/p>\n<p style=\"text-align: center;\">Celkov\u00e1 d\u013a\u017eka - 55 cm<\/p>\n<p style=\"text-align: center;\">\u0160\u00edrka ramien - 74 cm<\/p>\n<p style=\"text-align: center;\">\u0160\u00edrka od pazuchy po pazuchu - 96 cm<\/p>\n<p style=\"text-align: center;\">\u0160\u00edrka v p\u00e1se - 88 cm<\/p>\n<p style=\"text-align: center;\">\u0160\u00edrka v spodnej \u010dasti - 92 cm<\/p>\n<p style=\"text-align: center;\">D\u013a\u017eka ruk\u00e1va od ramena - 67 cm<\/p>\n<p style=\"text-align: center;\">D\u013a\u017eka ruk\u00e1va od podpazu\u0161ia - 49 cm<\/p>\n<p style=\"text-align: center;\">\u0160\u00edrka v bicepsoch - 32 cm<\/p>\n<table width=\"605\">\n<tbody>\n<tr>\n<td width=\"302\">Meno modela<\/td>\n<td width=\"302\">Ramoneska motork\u00e1rka<\/td>\n<\/tr>\n<tr>\n<td width=\"302\">Farba<\/td>\n<td width=\"302\">\u010dierna<\/td>\n<\/tr>\n<tr>\n<td width=\"302\">ve\u013ekosti<\/td>\n<td width=\"302\">SML XL<\/td>\n<\/tr>\n<tr>\n<td width=\"302\">M\u00f3da<\/td>\n<td width=\"302\">Priliehav\u00e9 \/ \u0161t\u00edhle<\/td>\n<\/tr>\n<tr>\n<td width=\"302\">Hood<\/td>\n<td width=\"302\">Nie<\/td>\n<\/tr>\n<tr>\n<td width=\"302\">Kvalita<\/td>\n<td width=\"302\">Premium<\/td>\n<\/tr>\n<tr>\n<td width=\"302\">zap\u00ednanie<\/td>\n<td width=\"302\">Z\u00e1mok<\/td>\n<\/tr>\n<\/tbody>\n<\/table>\n<p style=\"text-align: center;\"><span style=\"font-size: 10pt;\"><strong>MODELKA 168 cm - VE\u013dKOS\u0164 S<\/strong><\/span><\/p>\n<p style=\"text-align: center;\"><span style=\"font-size: 10pt;\">\u00a0<\/span><\/p>\n<p style=\"text-align: center;\">","protected":false},"excerpt":{"rendered":"<p>Ramoneska Czarna Biker Ramoneska Czarna biker to jedna z naszych propozycji na nadchodz\u0105ce ch\u0142odniejsze dni. Bestsellerowy model. Najbardziej klasyczny i ponadczasowy model kurtki. Mo\u017cna j\u0105 wykorzysta\u0107 w ka\u017cdej stylizacji, zar\u00f3wno do klasycznych jeans\u00f3w, bia\u0142ego t-shirtu na codzienne wyj\u015bcia, jak i do kobiecych sukienek dodaj\u0105c im rockowego charakteru. Jest to zdecydowany must have w ka\u017cdej garderobie!<\/p>\n<div class=\"klb-readmore post-buttons\"><a class=\"button black outline size-sm\" href=\"https:\/\/madelinefashion.pl\/sk\/ramoneska-biker-czarna\/\">\u010c\u00edta\u0165 \u010falej <i class=\"klbth-icon-right-arrow\"><\/i><\/a><\/div>","protected":false},"featured_media":59146,"template":"","meta":[],"product_brand":[],"product_cat":[117],"product_tag":[295],"class_list":{"0":"post-5777","1":"product","2":"type-product","3":"status-publish","4":"has-post-thumbnail","6":"product_cat-kurtki","7":"product_tag-ramoneski","8":"pa_rozmiar-s","9":"pa_rozmiar-m","10":"pa_rozmiar-l","11":"pa_rozmiar-xl","13":"first","14":"instock","15":"sale","16":"purchasable","17":"product-type-variable"},"_links":{"self":[{"href":"https:\/\/madelinefashion.pl\/sk\/wp-json\/wp\/v2\/product\/5777","targetHints":{"allow":["GET"]}}],"collection":[{"href":"https:\/\/madelinefashion.pl\/sk\/wp-json\/wp\/v2\/product"}],"about":[{"href":"https:\/\/madelinefashion.pl\/sk\/wp-json\/wp\/v2\/types\/product"}],"wp:featuredmedia":[{"embeddable":true,"href":"https:\/\/madelinefashion.pl\/sk\/wp-json\/wp\/v2\/media\/59146"}],"wp:attachment":[{"href":"https:\/\/madelinefashion.pl\/sk\/wp-json\/wp\/v2\/media?parent=5777"}],"wp:term":[{"taxonomy":"product_brand","embeddable":true,"href":"https:\/\/madelinefashion.pl\/sk\/wp-json\/wp\/v2\/product_brand?post=5777"},{"taxonomy":"product_cat","embeddable":true,"href":"https:\/\/madelinefashion.pl\/sk\/wp-json\/wp\/v2\/product_cat?post=5777"},{"taxonomy":"product_tag","embeddable":true,"href":"https:\/\/madelinefashion.pl\/sk\/wp-json\/wp\/v2\/product_tag?post=5777"}],"curies":[{"name":"pracovn\u00fd list","href":"https:\/\/api.w.org\/{rel}","templated":true}]}}

Čierny motorkár Ramones

<h3 style="text-align: center;">Čierny motorkár Ramones</h3>
<p style="text-align: center;"><strong>Ramoneska Black biker </strong>je jedným z našich návrhov na nadchádzajúce chladnejšie dni. <strong>Najpredávanejší</strong> Model. Najklasickejší a nadčasový model bundy. Dá sa použiť v akomkoľvek štýle, ako ku klasickým džínsom, bielemu tričku na každodenné vychádzky, tak aj k dámskym šatám, ktorým dodáva rockový vzhľad. <strong>charakter</strong>. Je to isté <strong>musieť mať</strong> v každom šatníku! Dlhé rukávy sú na konci zdobené zipsami. Model zo spodnej časti má dodatočnú podšívku, ktorá vás ochráni v chladnejších dňoch. bočné rezy <strong>r</strong><strong>motorkárskeho amónia</strong> so zvýšenými ramenami bude vyzerať skvele s našimi modelmi nohavíc. Tento model je ideálny na jar alebo jeseň a na chladnejšie letné dni. Vďaka vhodne zvoleným doplnkom ľahko vytvoríte jedinečné štylizácie na spoločenské udalosti či oslavy. Bunda <strong>je vyrobený z mäkkej eko kože</strong>desivo pripomína <strong>prírodná koža</strong>. Model má dve vrecká. <strong>Vyčnievať z davu</strong> s našou eko koženou bundou. Fantázii sa medze nekladú, preto neváhajte a<strong> vytvorte si svoj vlastný štýl</strong>. ramoneska <strong>motorkár</strong> prichádza vo veľkosti<strong> SML XL.  </strong>Ak máte nejaké otázky, sme tu, aby sme vám pomohli.</p>
<h3 style="text-align: center;">Rozmery:</h3>
<p style="text-align: center;"><b>36/sek</b></p>
<p style="text-align: center;">Celková dĺžka - 52 cm</p>
<p style="text-align: center;">Šírka ramien - 68 cm</p>
<p style="text-align: center;">Šírka od pazuchy po pazuchu - 84 cm</p>
<p style="text-align: center;">Šírka v páse - 74 cm</p>
<p style="text-align: center;">Šírka v spodnej časti - 78 cm</p>
<p style="text-align: center;">Dĺžka rukáva od ramena - 64 cm</p>
<p style="text-align: center;">Dĺžka rukáva od podpazušia - 47 cm</p>
<p style="text-align: center;">Šírka v bicepsoch - 28 cm</p>
<p style="text-align: center;"><b>38/m</b></p>
<p style="text-align: center;">Celková dĺžka - 53 cm</p>
<p style="text-align: center;">Šírka ramien - 70 cm</p>
<p style="text-align: center;">Šírka od pazuchy po pazuchu - 88 cm</p>
<p style="text-align: center;">Šírka v páse - 80 cm</p>
<p style="text-align: center;">Šírka v spodnej časti - 84 cm</p>
<p style="text-align: center;">Dĺžka rukáva od ramena - 65 cm</p>
<p style="text-align: center;">Dĺžka rukáva od podpazušia - 48 cm</p>
<p style="text-align: center;">Šírka v bicepsoch - 30 cm</p>
<p style="text-align: center;"><b>40/l</b></p>
<p style="text-align: center;">Celková dĺžka - 54 cm</p>
<p style="text-align: center;">Šírka ramien - 72 cm</p>
<p style="text-align: center;">Šírka od pazuchy po pazuchu - 92 cm</p>
<p style="text-align: center;">Šírka v páse - 84 cm</p>
<p style="text-align: center;">Šírka v spodnej časti - 88 cm</p>
<p style="text-align: center;">Dĺžka rukáva od ramena - 65 cm</p>
<p style="text-align: center;">Dĺžka rukáva od podpazušia - 48 cm</p>
<p style="text-align: center;">Šírka v bicepsoch - 30 cm</p>
<p style="text-align: center;"><b>42/xl</b></p>
<p style="text-align: center;">Celková dĺžka - 55 cm</p>
<p style="text-align: center;">Šírka ramien - 74 cm</p>
<p style="text-align: center;">Šírka od pazuchy po pazuchu - 96 cm</p>
<p style="text-align: center;">Šírka v páse - 88 cm</p>
<p style="text-align: center;">Šírka v spodnej časti - 92 cm</p>
<p style="text-align: center;">Dĺžka rukáva od ramena - 67 cm</p>
<p style="text-align: center;">Dĺžka rukáva od podpazušia - 49 cm</p>
<p style="text-align: center;">Šírka v bicepsoch - 32 cm</p>
<table width="605">
<tbody>
<tr>
<td width="302">Meno modela</td>
<td width="302">Ramoneska motorkárka</td>
</tr>
<tr>
<td width="302">Farba</td>
<td width="302">čierna</td>
</tr>
<tr>
<td width="302">veľkosti</td>
<td width="302">SML XL</td>
</tr>
<tr>
<td width="302">Móda</td>
<td width="302">Priliehavé / štíhle</td>
</tr>
<tr>
<td width="302">Hood</td>
<td width="302">Nie</td>
</tr>
<tr>
<td width="302">Kvalita</td>
<td width="302">Premium</td>
</tr>
<tr>
<td width="302">zapínanie</td>
<td width="302">Zámok</td>
</tr>
</tbody>
</table>
<p style="text-align: center;"><span style="font-size: 10pt;"><strong>MODELKA 168 cm - VEĽKOSŤ S</strong></span></p>
<p style="text-align: center;"><span style="font-size: 10pt;"> </span></p>
<p style="text-align: center;">

<p>Ramoneska Czarna Biker Ramoneska Czarna biker to jedna z naszych propozycji na nadchodzące chłodniejsze dni. Bestsellerowy model. Najbardziej klasyczny i ponadczasowy model kurtki. Można ją wykorzystać w każdej stylizacji, zarówno do klasycznych jeansów, białego t-shirtu na codzienne wyjścia, jak i do kobiecych sukienek dodając im rockowego charakteru. Jest to zdecydowany must have w każdej garderobie!</p>
<div class="klb-readmore post-buttons"><a class="button black outline size-sm" href="https://madelinefashion.pl/sk/ramoneska-biker-czarna/">Čítať ďalej <i class="klbth-icon-right-arrow"></i></a></div>

pracovný list
