{"id":582483,"date":"2025-10-22T16:48:56","date_gmt":"2025-10-22T14:48:56","guid":{"rendered":"https:\/\/madelinefashion.pl\/?post_type=product&#038;p=582483"},"modified":"2026-01-15T12:42:48","modified_gmt":"2026-01-15T11:42:48","slug":"kurtka-krotka-zamszowa-z-futerkiem-sofia-czekoladowa","status":"publish","type":"product","link":"https:\/\/madelinefashion.pl\/sk\/kurtka-krotka-zamszowa-z-futerkiem-sofia-czekoladowa\/","title":{"rendered":"Kr\u00e1tka semi\u0161ov\u00e1 bunda Sofia Chocolate s ko\u017eu\u0161inou"},"content":{"rendered":"<h3 style=\"text-align: center;\">Kr\u00e1tka semi\u0161ov\u00e1 bunda Sofia Chocolate s ko\u017eu\u0161inou<\/h3>\n<p style=\"text-align: center;\">T\u00e1to bunda v pilotskom \u0161t\u00fdle je ozdoben\u00e1 umelou ko\u017eu\u0161inou na golieri. Zap\u00edna sa na ozdobn\u00e9 gomb\u00edky a je vyroben\u00e1 z kvalitn\u00fdch materi\u00e1lov. M\u00e1 m\u00f3dny a nad\u010dasov\u00fd dizajn. Je ide\u00e1lna na ka\u017edodenn\u00e9 nosenie s nohavicami, ale kr\u00e1sne vyzer\u00e1 aj s elegantn\u00fdmi \u0161atami alebo suk\u0148ami. Dostupn\u00e9 ve\u013ekosti: S M L XL<\/p>\n<h3 style=\"text-align: center;\">Rozmery:<\/h3>\n<p style=\"text-align: center;\"><strong>VE\u013dKOS\u0164 S<\/strong><br \/>\nCelkov\u00e1 d\u013a\u017eka 52 cm<br \/>\n\u0160\u00edrka od pazuchy po pazuchu: 47 cm<br \/>\n\u0160\u00edrka p\u00e1su: 47 cm<br \/>\n\u0160\u00edrka v spodnej \u010dasti: 47 cm<br \/>\nD\u013a\u017eka ruk\u00e1va od ramena: 59 cm<br \/>\nD\u013a\u017eka ruk\u00e1va od podpazu\u0161ia: 45 cm<\/p>\n<p style=\"text-align: center;\"><strong>VE\u013dKOS\u0164 M<br \/>\n<\/strong>Celkov\u00e1 d\u013a\u017eka 52 cm<br \/>\n\u0160\u00edrka od pazuchy po pazuchu: 49 cm<br \/>\n\u0160\u00edrka p\u00e1su: 49 cm<br \/>\n\u0160\u00edrka v spodnej \u010dasti: 49 cm<br \/>\nD\u013a\u017eka ruk\u00e1va od ramena: 59 cm<br \/>\nD\u013a\u017eka ruk\u00e1va od podpazu\u0161ia: 45 cm<\/p>\n<p style=\"text-align: center;\"><strong>VE\u013dKOS\u0164 L<br \/>\n<\/strong>Celkov\u00e1 d\u013a\u017eka 53 cm<br \/>\n\u0160\u00edrka od pazuchy po pazuchu: 51 cm<br \/>\n\u0160\u00edrka p\u00e1su: 51 cm<br \/>\n\u0160\u00edrka v spodnej \u010dasti: 51 cm<br \/>\nD\u013a\u017eka ruk\u00e1va od ramena: 60 cm<br \/>\nD\u013a\u017eka ruk\u00e1va od podpazu\u0161ia: 46 cm<\/p>\n<p style=\"text-align: center;\"><strong>VE\u013dKOS\u0164 XL<br \/>\n<\/strong>Celkov\u00e1 d\u013a\u017eka 53 cm<br \/>\n\u0160\u00edrka od pazuchy po pazuchu: 53 cm<br \/>\n\u0160\u00edrka p\u00e1su: 53 cm<br \/>\n\u0160\u00edrka v spodnej \u010dasti: 53 cm<br \/>\nD\u013a\u017eka ruk\u00e1va od ramena: 60 cm<br \/>\nD\u013a\u017eka ruk\u00e1va od podpazu\u0161ia: 46 cm<\/p>\n<p style=\"text-align: center;\">Rozmery sa m\u00f4\u017eu mierne l\u00ed\u0161i\u0165 od uveden\u00fdch +\/- 2cm. V\u0161etky uveden\u00e9 rozmery s\u00fa <strong>meran\u00fd byt<\/strong>.\u00a0<strong>rozmer x2<\/strong><\/p>\n<p>&nbsp;<\/p>\n<table width=\"605\">\n<tbody>\n<tr>\n<td width=\"302\">Meno modela<\/td>\n<td width=\"302\">Kr\u00e1tka bunda s ko\u017eu\u0161inou<\/td>\n<\/tr>\n<tr>\n<td width=\"302\">Farba<\/td>\n<td width=\"302\">Hned\u00e1, \u010dokol\u00e1dov\u00e1<\/td>\n<\/tr>\n<tr>\n<td width=\"302\">ve\u013ekosti<\/td>\n<td width=\"302\">SML XL<\/td>\n<\/tr>\n<tr>\n<td width=\"302\">Zbierka<\/td>\n<td width=\"302\">jar\/jese\u0148\/zima<\/td>\n<\/tr>\n<tr>\n<td width=\"302\">Materi\u00e1l<\/td>\n<td width=\"302\">52 % Polyuret\u00e1n 48 % Polyester<\/td>\n<\/tr>\n<tr>\n<td width=\"302\">Kvalita<\/td>\n<td width=\"302\">Premium<\/td>\n<\/tr>\n<tr>\n<td width=\"302\">zap\u00ednanie<\/td>\n<td width=\"302\">tla\u010didl\u00e1<\/td>\n<\/tr>\n<\/tbody>\n<\/table>\n<p style=\"text-align: center;\">Model m\u00e1\u00a0<strong>169<\/strong>\u00a0cm vysok\u00fd, nos\u00ed ve\u013ekos\u0165 ka\u017ed\u00fd de\u0148\u00a0<strong>S<\/strong><\/p>\n<p style=\"text-align: center;\">\u0160\u00edrka hrudn\u00edka 91 cm<\/p>\n<p style=\"text-align: center;\">\u0160\u00edrka p\u00e1su 71 cm<\/p>\n<p style=\"text-align: center;\">\u0160\u00edrka bokov 96 cm<\/p>\n<p style=\"text-align: center;\"><span style=\"font-size: 10pt;\">\u00a0<\/span><\/p>\n<p style=\"text-align: center;\">","protected":false},"excerpt":{"rendered":"<p>Kr\u00e1tka semi\u0161ov\u00e1 bunda Sofia Chocolate s ko\u017eu\u0161inou. T\u00e1to bomber bunda m\u00e1 golier z umelej ko\u017eu\u0161iny a ozdobn\u00e9 gomb\u00edky. Bunda je sol\u00eddne vyroben\u00e1 z vysoko kvalitn\u00fdch materi\u00e1lov. M\u00e1 m\u00f3dny a nad\u010dasov\u00fd dizajn. Je ide\u00e1lna na ka\u017edodenn\u00e9 nosenie s nohavicami, ale skvele vyzer\u00e1 aj s elegantn\u00fdmi \u0161atami alebo suk\u0148ami. Dostupn\u00e9 ve\u013ekosti\u00a0<\/p>\n<div class=\"klb-readmore post-buttons\"><a class=\"button black outline size-sm\" href=\"https:\/\/madelinefashion.pl\/sk\/kurtka-krotka-zamszowa-z-futerkiem-sofia-czekoladowa\/\">\u010c\u00edta\u0165 \u010falej <i class=\"klbth-icon-right-arrow\"><\/i><\/a><\/div>","protected":false},"featured_media":582491,"template":"","meta":[],"product_brand":[],"product_cat":[117,395],"product_tag":[],"class_list":{"0":"post-582483","1":"product","2":"type-product","3":"status-publish","4":"has-post-thumbnail","6":"product_cat-kurtki","7":"product_cat-nowosci","8":"pa_rozmiar-s","9":"pa_rozmiar-m","10":"pa_rozmiar-xl","11":"pa_rozmiar-xxl","12":"pa_rozmiar-l-40","14":"first","15":"instock","16":"sale","17":"purchasable","18":"product-type-variable"},"_links":{"self":[{"href":"https:\/\/madelinefashion.pl\/sk\/wp-json\/wp\/v2\/product\/582483","targetHints":{"allow":["GET"]}}],"collection":[{"href":"https:\/\/madelinefashion.pl\/sk\/wp-json\/wp\/v2\/product"}],"about":[{"href":"https:\/\/madelinefashion.pl\/sk\/wp-json\/wp\/v2\/types\/product"}],"wp:featuredmedia":[{"embeddable":true,"href":"https:\/\/madelinefashion.pl\/sk\/wp-json\/wp\/v2\/media\/582491"}],"wp:attachment":[{"href":"https:\/\/madelinefashion.pl\/sk\/wp-json\/wp\/v2\/media?parent=582483"}],"wp:term":[{"taxonomy":"product_brand","embeddable":true,"href":"https:\/\/madelinefashion.pl\/sk\/wp-json\/wp\/v2\/product_brand?post=582483"},{"taxonomy":"product_cat","embeddable":true,"href":"https:\/\/madelinefashion.pl\/sk\/wp-json\/wp\/v2\/product_cat?post=582483"},{"taxonomy":"product_tag","embeddable":true,"href":"https:\/\/madelinefashion.pl\/sk\/wp-json\/wp\/v2\/product_tag?post=582483"}],"curies":[{"name":"pracovn\u00fd list","href":"https:\/\/api.w.org\/{rel}","templated":true}]}}

Krátka semišová bunda Sofia Chocolate s kožušinou

<h3 style="text-align: center;">Krátka semišová bunda Sofia Chocolate s kožušinou</h3>
<p style="text-align: center;">Táto bunda v pilotskom štýle je ozdobená umelou kožušinou na golieri. Zapína sa na ozdobné gombíky a je vyrobená z kvalitných materiálov. Má módny a nadčasový dizajn. Je ideálna na každodenné nosenie s nohavicami, ale krásne vyzerá aj s elegantnými šatami alebo sukňami. Dostupné veľkosti: S M L XL</p>
<h3 style="text-align: center;">Rozmery:</h3>
<p style="text-align: center;"><strong>VEĽKOSŤ S</strong><br />
Celková dĺžka 52 cm<br />
Šírka od pazuchy po pazuchu: 47 cm<br />
Šírka pásu: 47 cm<br />
Šírka v spodnej časti: 47 cm<br />
Dĺžka rukáva od ramena: 59 cm<br />
Dĺžka rukáva od podpazušia: 45 cm</p>
<p style="text-align: center;"><strong>VEĽKOSŤ M<br />
</strong>Celková dĺžka 52 cm<br />
Šírka od pazuchy po pazuchu: 49 cm<br />
Šírka pásu: 49 cm<br />
Šírka v spodnej časti: 49 cm<br />
Dĺžka rukáva od ramena: 59 cm<br />
Dĺžka rukáva od podpazušia: 45 cm</p>
<p style="text-align: center;"><strong>VEĽKOSŤ L<br />
</strong>Celková dĺžka 53 cm<br />
Šírka od pazuchy po pazuchu: 51 cm<br />
Šírka pásu: 51 cm<br />
Šírka v spodnej časti: 51 cm<br />
Dĺžka rukáva od ramena: 60 cm<br />
Dĺžka rukáva od podpazušia: 46 cm</p>
<p style="text-align: center;"><strong>VEĽKOSŤ XL<br />
</strong>Celková dĺžka 53 cm<br />
Šírka od pazuchy po pazuchu: 53 cm<br />
Šírka pásu: 53 cm<br />
Šírka v spodnej časti: 53 cm<br />
Dĺžka rukáva od ramena: 60 cm<br />
Dĺžka rukáva od podpazušia: 46 cm</p>
<p style="text-align: center;">Rozmery sa môžu mierne líšiť od uvedených +/- 2cm. Všetky uvedené rozmery sú <strong>meraný byt</strong>. <strong>rozmer x2</strong></p>
<p>&nbsp;</p>
<table width="605">
<tbody>
<tr>
<td width="302">Meno modela</td>
<td width="302">Krátka bunda s kožušinou</td>
</tr>
<tr>
<td width="302">Farba</td>
<td width="302">Hnedá, čokoládová</td>
</tr>
<tr>
<td width="302">veľkosti</td>
<td width="302">SML XL</td>
</tr>
<tr>
<td width="302">Zbierka</td>
<td width="302">jar/jeseň/zima</td>
</tr>
<tr>
<td width="302">Materiál</td>
<td width="302">52 % Polyuretán 48 % Polyester</td>
</tr>
<tr>
<td width="302">Kvalita</td>
<td width="302">Premium</td>
</tr>
<tr>
<td width="302">zapínanie</td>
<td width="302">tlačidlá</td>
</tr>
</tbody>
</table>
<p style="text-align: center;">Model má <strong>169</strong> cm vysoký, nosí veľkosť každý deň <strong>S</strong></p>
<p style="text-align: center;">Šírka hrudníka 91 cm</p>
<p style="text-align: center;">Šírka pásu 71 cm</p>
<p style="text-align: center;">Šírka bokov 96 cm</p>
<p style="text-align: center;"><span style="font-size: 10pt;"> </span></p>
<p style="text-align: center;">

<p>Krátka semišová bunda Sofia Chocolate s kožušinou. Táto bomber bunda má golier z umelej kožušiny a ozdobné gombíky. Bunda je solídne vyrobená z vysoko kvalitných materiálov. Má módny a nadčasový dizajn. Je ideálna na každodenné nosenie s nohavicami, ale skvele vyzerá aj s elegantnými šatami alebo sukňami. Dostupné veľkosti </p>
<div class="klb-readmore post-buttons"><a class="button black outline size-sm" href="https://madelinefashion.pl/sk/kurtka-krotka-zamszowa-z-futerkiem-sofia-czekoladowa/">Čítať ďalej <i class="klbth-icon-right-arrow"></i></a></div>

pracovný list
