{"id":583910,"date":"2025-11-12T11:05:40","date_gmt":"2025-11-12T10:05:40","guid":{"rendered":"https:\/\/madelinefashion.pl\/?post_type=product&#038;p=583910"},"modified":"2026-04-20T18:52:49","modified_gmt":"2026-04-20T16:52:49","slug":"sukienka-wieczorowa-premium-z-piorami-vestito-bezowa","status":"publish","type":"product","link":"https:\/\/madelinefashion.pl\/sk\/sukienka-wieczorowa-premium-z-piorami-vestito-bezowa\/","title":{"rendered":"Ve\u010dern\u00e9 \u0161aty Vestito b\u00e9\u017eovej farby s per\u00edm"},"content":{"rendered":"<h3 style=\"text-align: center;\" data-start=\"108\" data-end=\"171\">Ve\u010dern\u00e9 \u0161aty Vestito b\u00e9\u017eovej farby s per\u00edm<\/h3>\n<p style=\"text-align: center;\" data-start=\"312\" data-end=\"717\">\u0160aty <strong data-start=\"321\" data-end=\"332\">Vestito<\/strong> Je stelesnen\u00edm ve\u010dernej elegancie a luxusu. Jeho jedine\u010dn\u00fd dizajn kombinuje nad\u010dasov\u00fa klasiku s modern\u00fdmi detailmi a vytv\u00e1ra tak outfit, ktor\u00fd pri\u0165ahuje pozornos\u0165 a pote\u0161\u00ed v akomko\u013evek svetle. V s\u00fdtom b\u00e9\u017eovom odtieni vyzer\u00e1 neuverite\u013ene zmyselne, no z\u00e1rove\u0148 elegantne a vkusne \u2013 farba, ktor\u00e1 zvy\u0161uje sebavedomie a zv\u00fdraz\u0148uje kr\u00e1su.<\/p>\n<p style=\"text-align: center;\" data-start=\"719\" data-end=\"1092\">Vyroben\u00e9 z <strong data-start=\"730\" data-end=\"766\">vysoko kvalitn\u00e9 pr\u00e9miov\u00e9 l\u00e1tky<\/strong>, vyzna\u010duje sa jemn\u00fdm leskom a dokonal\u00fdm prisp\u00f4soben\u00edm siluete. <strong data-start=\"854\" data-end=\"873\">ryba (morsk\u00e1 panna)<\/strong> Dokonale tvaruje postavu \u2013 jemne obop\u00edna horn\u00fa \u010das\u0165 a smerom nadol sa roz\u0161iruje, \u010d\u00edm neuverite\u013ene elegantn\u00fdm sp\u00f4sobom zv\u00fdraz\u0148uje \u017eensk\u00e9 krivky. Tento \u0161t\u00fdl sa u\u017e dlho pova\u017euje za symbol triedy a zmyselnosti.<\/p>\n<p style=\"text-align: center;\" data-start=\"1094\" data-end=\"1465\">Zasl\u00fa\u017eia si osobitn\u00fa pozornos\u0165 <strong data-start=\"1124\" data-end=\"1143\">ve\u013ekolep\u00e9 perie<\/strong> zdobia spodn\u00fa \u010das\u0165 \u0161iat. Dod\u00e1vaj\u00fa \u013eahkos\u0165 a pohyb, \u010d\u00edm cel\u00e9mu vzh\u013eadu dod\u00e1vaj\u00fa luxusn\u00fd n\u00e1dych \u010derven\u00e9ho koberca. Ka\u017ed\u00fd detail bol starostlivo vypracovan\u00fd pre bezchybn\u00fd v\u00fdsledok \u2013 od prec\u00edznych \u0161vov a\u017e po diskr\u00e9tne zap\u00ednanie vzadu, ktor\u00e9 nenar\u00fa\u0161a celkov\u00fd dizajn.<\/p>\n<p style=\"text-align: center;\" data-start=\"1467\" data-end=\"1768\">\u0160aty Vestito s\u00fa perfektnou vo\u013ebou na \u0161peci\u00e1lne pr\u00edle\u017eitosti: <strong data-start=\"1524\" data-end=\"1580\">plesy, galave\u010dery, recepcie, svadby a elegantn\u00e9 ve\u010dere<\/strong>. Je perfektn\u00fd na ka\u017ed\u00fa pr\u00edle\u017eitos\u0165, kde s\u00fa k\u013e\u00fa\u010dov\u00e9 prest\u00ed\u017e, \u0161t\u00fdl a jedine\u010dn\u00e1 pr\u00edtomnos\u0165. Je to k\u00fasok, ktor\u00fd nielen\u017ee up\u00fata pozornos\u0165, ale aj zv\u00fdrazn\u00ed individualitu \u017eeny, ktor\u00e1 ho nos\u00ed.<\/p>\n<p style=\"text-align: center;\" data-start=\"1770\" data-end=\"1992\">V\u010faka prepracovan\u00e9mu strihu a vysoko kvalitn\u00e9mu spracovaniu model zaru\u010duje \u00fapln\u00e9 pohodlie pri nosen\u00ed \u2013 materi\u00e1l kr\u00e1sne prilieha k postave, neobmedzuje v pohybe a z\u00e1rove\u0148 si zachov\u00e1va svoj tvar po\u010das cel\u00e9ho ve\u010dera.<\/p>\n<p style=\"text-align: center;\" data-start=\"940\" data-end=\"1057\">\u0160aty Vestito s\u00fa kombin\u00e1ciou nad\u010dasovej elegancie s modern\u00fdm n\u00e1dychom \u2013 perfektn\u00e1 vo\u013eba na ve\u010dern\u00fd v\u00fdlet.<\/p>\n<p style=\"text-align: center;\"><span style=\"font-size: 10pt;\">Ak sa neviete rozhodn\u00fa\u0165 ak\u00fa farbu, <strong>ve\u013ekos\u0165<\/strong> je pre v\u00e1s to najlep\u0161ie <strong>kontaktuj n\u00e1s<\/strong> cez <a href=\"https:\/\/www.facebook.com\/madelinefashionbutik\" target=\"_blank\" rel=\"noopener\">Facebook<\/a> alebo <a href=\"https:\/\/madelinefashion.pl\/sk\/kontakt\/\">telef\u00f3n<\/a>. Ak ve\u013ekos\u0165 nie je na str\u00e1nke, kontaktujte n\u00e1s. Dodacia lehota pri produkte na mieru m\u00f4\u017ee by\u0165 dlh\u0161ia ako 14 dn\u00ed. Kontaktujte n\u00e1s pros\u00edm telefonicky.\u00a0<\/span><\/p>\n<h3 style=\"text-align: center;\">ROZMERY \u0161iat:<\/h3>\n<table width=\"556\">\n<tbody>\n<tr>\n<td><strong>VE\u013dKOS\u0164<\/strong><\/td>\n<td><strong>poprsia<\/strong><\/td>\n<td><strong>P\u00e1s<\/strong><\/td>\n<td><strong>Boky<\/strong><\/td>\n<\/tr>\n<tr>\n<td><\/td>\n<td><\/td>\n<td><\/td>\n<td><\/td>\n<\/tr>\n<tr>\n<td><strong>36<\/strong><\/td>\n<td>88-90<\/td>\n<td>68<\/td>\n<td>\u00a0ak\u00fdko\u013evek<\/td>\n<\/tr>\n<tr>\n<td><strong>38<\/strong><\/td>\n<td>\u00a092-94<\/td>\n<td>72<\/td>\n<td>\u00a0ak\u00fdko\u013evek<\/td>\n<\/tr>\n<tr>\n<td><strong>40<\/strong><\/td>\n<td>96-98<\/td>\n<td>76<\/td>\n<td>\u00a0ak\u00fdko\u013evek<\/td>\n<\/tr>\n<tr>\n<td><strong>42<\/strong><\/td>\n<td>100-104<\/td>\n<td>80<\/td>\n<td>\u00a0ak\u00fdko\u013evek<\/td>\n<\/tr>\n<\/tbody>\n<\/table>\n<p style=\"text-align: center;\" align=\"center\"><span style=\"font-size: 10.0pt;\">celkov\u00e1 d\u013a\u017eka cca 157 cm (\u0161aty sa daj\u00fa skr\u00e1ti\u0165 pod\u013ea vlastn\u00e9ho uv\u00e1\u017eenia)\u00a0<\/span><\/p>\n<p style=\"text-align: center;\"><span style=\"font-size: 10pt;\">Rozmery sa m\u00f4\u017eu mierne l\u00ed\u0161i\u0165 od uveden\u00fdch +\/- 2cm.\u00a0<\/span><\/p>\n<p style=\"text-align: center;\"><span style=\"font-size: 10pt;\"><strong>\u00a0<\/strong>\u00a0<\/span><\/p>\n<table width=\"618\">\n<tbody>\n<tr>\n<td width=\"302\">Meno modela<\/td>\n<td width=\"302\">Ve\u010dern\u00e9 \u0161aty Vestito Premium s pierkami<\/td>\n<\/tr>\n<tr>\n<td width=\"302\">Farba<\/td>\n<td width=\"302\">B\u00e9\u017eov\u00e1<\/td>\n<\/tr>\n<tr>\n<td width=\"302\">Marka<\/td>\n<td width=\"302\">Madeline Fashion<\/td>\n<\/tr>\n<tr>\n<td width=\"302\">ve\u013ekosti<\/td>\n<td width=\"302\">36 38 40 42<\/td>\n<\/tr>\n<tr>\n<td width=\"302\">M\u00f3da<\/td>\n<td width=\"302\">Zhoda<\/td>\n<\/tr>\n<tr>\n<td width=\"302\">Materi\u00e1l<\/td>\n<td width=\"302\">Polyester<\/td>\n<\/tr>\n<tr>\n<td width=\"302\">D\u013a\u017eka<\/td>\n<td width=\"302\">Na zem<\/td>\n<\/tr>\n<\/tbody>\n<\/table>\n<p style=\"text-align: center;\">Poz\u00fdvame v\u00e1s do n\u00e1\u0161ho sal\u00f3nu svadobn\u00fdch \u0161iat, ktor\u00fd sa nach\u00e1dza na ulici Moniuszki 2 v srdci Konstantyn\u00f3wa v Lod\u017eskom. V na\u0161om profesion\u00e1lnom sal\u00f3ne n\u00e1jdete \u0161irok\u00fd v\u00fdber svadobn\u00fdch \u0161iat, ktor\u00e9 splnia va\u0161e najtajnej\u0161ie sny o dokonalom dni. T\u00edm sk\u00fasen\u00fdch konzultantov v\u00e1m pom\u00f4\u017ee vybra\u0165 si perfektn\u00e9 \u0161aty, prisp\u00f4soben\u00e9 va\u0161im o\u010dak\u00e1vaniam a postave. Srde\u010dne v\u00e1s poz\u00fdvame na n\u00e1v\u0161tevu \u2013 presved\u010dte sa, ak\u00fd v\u00fdnimo\u010dn\u00fd m\u00f4\u017ee by\u0165 v\u00e1\u0161 de\u0148!<\/p>\n<p>&nbsp;<\/p>\n<p style=\"text-align: center;\"><span style=\"font-size: 10pt;\">Aby ste si vybrali <strong>perfektn\u00e9 \u0161aty<\/strong> kontaktujte n\u00e1s telefonicky alebo prostredn\u00edctvom na\u0161ej webovej str\u00e1nky <a href=\"https:\/\/www.facebook.com\/madelinefashionbutik\" target=\"_blank\" rel=\"noopener\">Facebook<\/a> .<\/span><br \/>\n<span style=\"font-size: 10pt;\">N\u00e1\u0161 t\u00edm v\u00e1m pom\u00f4\u017ee <strong>Vyberte si ten spr\u00e1vny<\/strong> . <strong>Na \u017eelanie kupuj\u00faceho vyrob\u00edme ak\u00e9ko\u013evek \u0161aty\u00a0<\/strong><strong>opatrne mera\u0165.\u00a0<\/strong><\/span><\/p>\n<div class=\"additional-details\" style=\"text-align: center;\">\n<p style=\"text-align: center;\"><span style=\"font-size: 10pt;\">\u00a0<\/span><\/p>\n<\/div>","protected":false},"excerpt":{"rendered":"<p>Ve\u010dern\u00e9 \u0161aty Vestito b\u00e9\u017eovej pr\u00e9miovej farby s pierkami s\u00fa stelesnen\u00edm ve\u010dernej elegancie a luxusu. Ich jedine\u010dn\u00fd dizajn kombinuje nad\u010dasov\u00fa klasiku s modern\u00fdmi detailmi a vytv\u00e1ra tak vzh\u013ead, ktor\u00fd p\u00fata pozornos\u0165 a pote\u0161\u00ed v akomko\u013evek svetle. V s\u00fdtom b\u00e9\u017eovom odtieni p\u00f4sobia neuverite\u013ene zmyselne, no z\u00e1rove\u0148 elegantne a vkusne \u2013 farba, ktor\u00e1 zvy\u0161uje sebavedomie.<\/p>\n<div class=\"klb-readmore post-buttons\"><a class=\"button black outline size-sm\" href=\"https:\/\/madelinefashion.pl\/sk\/sukienka-wieczorowa-premium-z-piorami-vestito-bezowa\/\">\u010c\u00edta\u0165 \u010falej <i class=\"klbth-icon-right-arrow\"><\/i><\/a><\/div>","protected":false},"featured_media":583908,"template":"","meta":[],"product_brand":[],"product_cat":[124,395,569,562,566,632],"product_tag":[212,163],"class_list":{"0":"post-583910","1":"product","2":"type-product","3":"status-publish","4":"has-post-thumbnail","6":"product_cat-sukienki-okolicznosciowe","7":"product_cat-nowosci","8":"product_cat-sukienki-dopasowane","9":"product_cat-sukienki-z-piorkami","10":"product_cat-suknie-slubne","11":"product_cat-suknie-slubne-rozkloszowane","12":"product_tag-sukienki-bezowe","13":"product_tag-sukienki-dlugie","15":"first","16":"instock","17":"purchasable","18":"product-type-variable"},"_links":{"self":[{"href":"https:\/\/madelinefashion.pl\/sk\/wp-json\/wp\/v2\/product\/583910","targetHints":{"allow":["GET"]}}],"collection":[{"href":"https:\/\/madelinefashion.pl\/sk\/wp-json\/wp\/v2\/product"}],"about":[{"href":"https:\/\/madelinefashion.pl\/sk\/wp-json\/wp\/v2\/types\/product"}],"wp:featuredmedia":[{"embeddable":true,"href":"https:\/\/madelinefashion.pl\/sk\/wp-json\/wp\/v2\/media\/583908"}],"wp:attachment":[{"href":"https:\/\/madelinefashion.pl\/sk\/wp-json\/wp\/v2\/media?parent=583910"}],"wp:term":[{"taxonomy":"product_brand","embeddable":true,"href":"https:\/\/madelinefashion.pl\/sk\/wp-json\/wp\/v2\/product_brand?post=583910"},{"taxonomy":"product_cat","embeddable":true,"href":"https:\/\/madelinefashion.pl\/sk\/wp-json\/wp\/v2\/product_cat?post=583910"},{"taxonomy":"product_tag","embeddable":true,"href":"https:\/\/madelinefashion.pl\/sk\/wp-json\/wp\/v2\/product_tag?post=583910"}],"curies":[{"name":"pracovn\u00fd list","href":"https:\/\/api.w.org\/{rel}","templated":true}]}}

Večerné šaty Vestito béžovej farby s perím

<h3 style="text-align: center;" data-start="108" data-end="171">Večerné šaty Vestito béžovej farby s perím</h3>
<p style="text-align: center;" data-start="312" data-end="717">Šaty <strong data-start="321" data-end="332">Vestito</strong> Je stelesnením večernej elegancie a luxusu. Jeho jedinečný dizajn kombinuje nadčasovú klasiku s modernými detailmi a vytvára tak outfit, ktorý priťahuje pozornosť a poteší v akomkoľvek svetle. V sýtom béžovom odtieni vyzerá neuveriteľne zmyselne, no zároveň elegantne a vkusne – farba, ktorá zvyšuje sebavedomie a zvýrazňuje krásu.</p>
<p style="text-align: center;" data-start="719" data-end="1092">Vyrobené z <strong data-start="730" data-end="766">vysoko kvalitné prémiové látky</strong>, vyznačuje sa jemným leskom a dokonalým prispôsobením siluete. <strong data-start="854" data-end="873">ryba (morská panna)</strong> Dokonale tvaruje postavu – jemne obopína hornú časť a smerom nadol sa rozširuje, čím neuveriteľne elegantným spôsobom zvýrazňuje ženské krivky. Tento štýl sa už dlho považuje za symbol triedy a zmyselnosti.</p>
<p style="text-align: center;" data-start="1094" data-end="1465">Zaslúžia si osobitnú pozornosť <strong data-start="1124" data-end="1143">veľkolepé perie</strong> zdobia spodnú časť šiat. Dodávajú ľahkosť a pohyb, čím celému vzhľadu dodávajú luxusný nádych červeného koberca. Každý detail bol starostlivo vypracovaný pre bezchybný výsledok – od precíznych švov až po diskrétne zapínanie vzadu, ktoré nenarúša celkový dizajn.</p>
<p style="text-align: center;" data-start="1467" data-end="1768">Šaty Vestito sú perfektnou voľbou na špeciálne príležitosti: <strong data-start="1524" data-end="1580">plesy, galavečery, recepcie, svadby a elegantné večere</strong>. Je perfektný na každú príležitosť, kde sú kľúčové prestíž, štýl a jedinečná prítomnosť. Je to kúsok, ktorý nielenže upúta pozornosť, ale aj zvýrazní individualitu ženy, ktorá ho nosí.</p>
<p style="text-align: center;" data-start="1770" data-end="1992">Vďaka prepracovanému strihu a vysoko kvalitnému spracovaniu model zaručuje úplné pohodlie pri nosení – materiál krásne prilieha k postave, neobmedzuje v pohybe a zároveň si zachováva svoj tvar počas celého večera.</p>
<p style="text-align: center;" data-start="940" data-end="1057">Šaty Vestito sú kombináciou nadčasovej elegancie s moderným nádychom – perfektná voľba na večerný výlet.</p>
<p style="text-align: center;"><span style="font-size: 10pt;">Ak sa neviete rozhodnúť akú farbu, <strong>veľkosť</strong> je pre vás to najlepšie <strong>kontaktuj nás</strong> cez <a href="https://www.facebook.com/madelinefashionbutik" target="_blank" rel="noopener">Facebook</a> alebo <a href="https://madelinefashion.pl/sk/kontakt/">telefón</a>. Ak veľkosť nie je na stránke, kontaktujte nás. Dodacia lehota pri produkte na mieru môže byť dlhšia ako 14 dní. Kontaktujte nás prosím telefonicky. </span></p>
<h3 style="text-align: center;">ROZMERY šiat:</h3>
<table width="556">
<tbody>
<tr>
<td><strong>VEĽKOSŤ</strong></td>
<td><strong>poprsia</strong></td>
<td><strong>Pás</strong></td>
<td><strong>Boky</strong></td>
</tr>
<tr>
<td></td>
<td></td>
<td></td>
<td></td>
</tr>
<tr>
<td><strong>36</strong></td>
<td>88-90</td>
<td>68</td>
<td> akýkoľvek</td>
</tr>
<tr>
<td><strong>38</strong></td>
<td> 92-94</td>
<td>72</td>
<td> akýkoľvek</td>
</tr>
<tr>
<td><strong>40</strong></td>
<td>96-98</td>
<td>76</td>
<td> akýkoľvek</td>
</tr>
<tr>
<td><strong>42</strong></td>
<td>100-104</td>
<td>80</td>
<td> akýkoľvek</td>
</tr>
</tbody>
</table>
<p style="text-align: center;" align="center"><span style="font-size: 10.0pt;">celková dĺžka cca 157 cm (šaty sa dajú skrátiť podľa vlastného uváženia) </span></p>
<p style="text-align: center;"><span style="font-size: 10pt;">Rozmery sa môžu mierne líšiť od uvedených +/- 2cm. </span></p>
<p style="text-align: center;"><span style="font-size: 10pt;"><strong> </strong> </span></p>
<table width="618">
<tbody>
<tr>
<td width="302">Meno modela</td>
<td width="302">Večerné šaty Vestito Premium s pierkami</td>
</tr>
<tr>
<td width="302">Farba</td>
<td width="302">Béžová</td>
</tr>
<tr>
<td width="302">Marka</td>
<td width="302">Madeline Fashion</td>
</tr>
<tr>
<td width="302">veľkosti</td>
<td width="302">36 38 40 42</td>
</tr>
<tr>
<td width="302">Móda</td>
<td width="302">Zhoda</td>
</tr>
<tr>
<td width="302">Materiál</td>
<td width="302">Polyester</td>
</tr>
<tr>
<td width="302">Dĺžka</td>
<td width="302">Na zem</td>
</tr>
</tbody>
</table>
<p style="text-align: center;">Pozývame vás do nášho salónu svadobných šiat, ktorý sa nachádza na ulici Moniuszki 2 v srdci Konstantynówa v Lodžskom. V našom profesionálnom salóne nájdete široký výber svadobných šiat, ktoré splnia vaše najtajnejšie sny o dokonalom dni. Tím skúsených konzultantov vám pomôže vybrať si perfektné šaty, prispôsobené vašim očakávaniam a postave. Srdečne vás pozývame na návštevu – presvedčte sa, aký výnimočný môže byť váš deň!</p>
<p>&nbsp;</p>
<p style="text-align: center;"><span style="font-size: 10pt;">Aby ste si vybrali <strong>perfektné šaty</strong> kontaktujte nás telefonicky alebo prostredníctvom našej webovej stránky <a href="https://www.facebook.com/madelinefashionbutik" target="_blank" rel="noopener">Facebook</a> .</span><br />
<span style="font-size: 10pt;">Náš tím vám pomôže <strong>Vyberte si ten správny</strong> . <strong>Na želanie kupujúceho vyrobíme akékoľvek šaty </strong><strong>opatrne merať. </strong></span></p>
<div class="additional-details" style="text-align: center;">
<p style="text-align: center;"><span style="font-size: 10pt;"> </span></p>
</div>

<p>Večerné šaty Vestito béžovej prémiovej farby s pierkami sú stelesnením večernej elegancie a luxusu. Ich jedinečný dizajn kombinuje nadčasovú klasiku s modernými detailmi a vytvára tak vzhľad, ktorý púta pozornosť a poteší v akomkoľvek svetle. V sýtom béžovom odtieni pôsobia neuveriteľne zmyselne, no zároveň elegantne a vkusne – farba, ktorá zvyšuje sebavedomie.</p>
<div class="klb-readmore post-buttons"><a class="button black outline size-sm" href="https://madelinefashion.pl/sk/sukienka-wieczorowa-premium-z-piorami-vestito-bezowa/">Čítať ďalej <i class="klbth-icon-right-arrow"></i></a></div>

pracovný list
