{"id":584205,"date":"2025-11-14T17:09:31","date_gmt":"2025-11-14T16:09:31","guid":{"rendered":"https:\/\/madelinefashion.pl\/?post_type=product&#038;p=584205"},"modified":"2026-04-14T17:31:35","modified_gmt":"2026-04-14T15:31:35","slug":"sukienka-krotka-tiulowa-granatowa-ronia","status":"publish","type":"product","link":"https:\/\/madelinefashion.pl\/sk\/sukienka-krotka-tiulowa-granatowa-ronia\/","title":{"rendered":"Kr\u00e1tke tylov\u00e9 \u0161aty Ronia v n\u00e1morn\u00edckej modrej farbe"},"content":{"rendered":"<h3 style=\"text-align: center;\">Kr\u00e1tke tylov\u00e9 \u0161aty Ronia v n\u00e1morn\u00edckej modrej farbe<\/h3>\n<p style=\"text-align: center;\">\u00a0Kr\u00e1sne kr\u00e1tke ve\u010dern\u00e9 \u0161aty s tylovou suk\u0148ou a \u017eiv\u00f4tikom zdoben\u00fdm n\u00e1dhernou v\u00fd\u0161ivkou a ozdobami v podobe trblietav\u00fdch kry\u0161t\u00e1lov a trblietok. Kr\u00e1sne zv\u00fdraz\u0148uj\u00fa \u017eensk\u00e9 krivky. \u0160aty kr\u00e1sne zv\u00fdraz\u0148uj\u00fa chrb\u00e1t v\u00fdstrihom do V. . <strong>\u0160aty snov<\/strong>\u00a0 \u00a0ramienka a zdoben\u00fd top. \u0160itie d\u00e1va \u00fa\u017easn\u00fd efekt a kry\u0161t\u00e1ly sa na svetle n\u00e1dherne leskn\u00fa.<strong> V\u00fdstrih do V<\/strong>. Z\u00fa\u017een\u00e1 v p\u00e1se dokonale zv\u00fdrazn\u00ed p\u00e1s. <strong>Zadn\u00e1 strana je \u00fa\u017easne strihan\u00e1, v tvare p\u00edsmena V<\/strong>. Diera <a href=\"https:\/\/madelinefashion.pl\/sk\/sukienki-i-kombinezony\/sukienki-okolicznosciowe\/\">\u0160aty<\/a> Je vyroben\u00fd z nieko\u013ek\u00fdch vrstiev \u013eahk\u00e9ho tylu. Dostupn\u00e9 vo ve\u013ekostiach<strong> SML<\/strong>. \u0160aty <strong>od Madelinefashion <\/strong>je vynikaj\u00facou vo\u013ebou na svadbu, ples, Silvestra a in\u00e9 elegantn\u00e9 \u0161peci\u00e1lne udalosti. Ak sa neviete rozhodn\u00fa\u0165, ktor\u00fd <strong>ve\u013ekos\u0165<\/strong> je pre v\u00e1s to najlep\u0161ie <strong>kontaktuj n\u00e1s<\/strong> cez <a href=\"https:\/\/www.facebook.com\/madelinefashionbutik\" target=\"_blank\" rel=\"noopener\">Facebook<\/a> alebo <a href=\"https:\/\/madelinefashion.pl\/sk\/kontakt\/\">telef\u00f3n<\/a>. Ak ve\u013ekos\u0165 nie je na str\u00e1nke, kontaktujte n\u00e1s.<\/p>\n<h3 style=\"text-align: center;\">ROZMERY \u0161iat:<\/h3>\n<table class=\"table table-bordered\" style=\"height: 98px;\" width=\"441\">\n<tbody>\n<tr>\n<td><strong>Ve\u013ekos\u0165<\/strong><\/td>\n<td><strong>S\/36<\/strong><\/td>\n<td><strong>M\/38<\/strong><\/td>\n<td><strong>L\/40<\/strong><\/td>\n<\/tr>\n<tr>\n<td>\u0160\u00edrka poprsia (cm)<\/td>\n<td>44<\/td>\n<td>46<\/td>\n<td>48<\/td>\n<\/tr>\n<tr>\n<td>\u0160\u00edrka p\u00e1sa (cm)<\/td>\n<td>34<\/td>\n<td>37<\/td>\n<td>39<\/td>\n<\/tr>\n<tr>\n<td>Celkov\u00e1 d\u013a\u017eka (cm)<\/td>\n<td>91<\/td>\n<td>92<\/td>\n<td>93<\/td>\n<\/tr>\n<\/tbody>\n<\/table>\n<p style=\"text-align: center;\"><span style=\"font-size: 13.3333px;\">\u0160aty s\u00fa meran\u00e9 na plocho <strong>rozmer x2\u00a0<\/strong><\/span><\/p>\n<p style=\"text-align: center;\"><span style=\"font-size: 10pt;\">Rozmery sa m\u00f4\u017eu mierne l\u00ed\u0161i\u0165 od uveden\u00fdch +\/- 2cm.\u00a0<\/span><\/p>\n<p style=\"text-align: center;\"><span style=\"font-size: 10pt;\"><strong>\u00a0<\/strong>\u00a0<\/span><\/p>\n<table width=\"618\">\n<tbody>\n<tr>\n<td width=\"302\">Meno modela<\/td>\n<td width=\"302\">Kr\u00e1tke tylov\u00e9 \u0161aty v n\u00e1morn\u00edckej modrej farbe<\/td>\n<\/tr>\n<tr>\n<td width=\"302\">Farba<\/td>\n<td width=\"302\">n\u00e1morn\u00edctvo<\/td>\n<\/tr>\n<tr>\n<td width=\"302\">Marka<\/td>\n<td width=\"302\">Madeline Fashion<\/td>\n<\/tr>\n<tr>\n<td width=\"302\">ve\u013ekosti<\/td>\n<td width=\"302\">\u00a036 38 40<\/td>\n<\/tr>\n<tr>\n<td width=\"302\">M\u00f3da<\/td>\n<td width=\"302\">Zhoda<\/td>\n<\/tr>\n<tr>\n<td width=\"302\">Materi\u00e1l<\/td>\n<td width=\"302\">Visk\u00f3za, polyester, bavlna<\/td>\n<\/tr>\n<tr>\n<td width=\"302\">D\u013a\u017eka<\/td>\n<td width=\"302\">Na zem<\/td>\n<\/tr>\n<\/tbody>\n<\/table>\n<p style=\"text-align: center;\"><span style=\"font-size: 10pt;\">\u00a0<\/span><\/p>\n<p>&nbsp;<\/p>\n<p style=\"text-align: center;\"><span style=\"font-size: 10pt;\">Aby ste si vybrali <strong>perfektn\u00e9 \u0161aty<\/strong> kontaktujte n\u00e1s telefonicky alebo prostredn\u00edctvom na\u0161ej webovej str\u00e1nky <a href=\"https:\/\/www.facebook.com\/madelinefashionbutik\" target=\"_blank\" rel=\"noopener\">Facebook<\/a> .<\/span><br \/>\n<span style=\"font-size: 10pt;\">N\u00e1\u0161 t\u00edm v\u00e1m pom\u00f4\u017ee <strong>Vyberte si ten spr\u00e1vny<\/strong> . <strong>Na \u017eelanie kupuj\u00faceho vyrob\u00edme ak\u00e9ko\u013evek \u0161aty\u00a0<\/strong><strong>opatrne mera\u0165.\u00a0<\/strong><\/span><\/p>\n<div class=\"additional-details\" style=\"text-align: center;\">\n<p style=\"text-align: center;\"><span style=\"font-size: 10pt;\">\u00a0<\/span><\/p>\n<\/div>","protected":false},"excerpt":{"rendered":"<p>Kr\u00e1tke tylov\u00e9 \u0161aty Ronia v tmavomodrej farbe. Kr\u00e1sne kr\u00e1tke ve\u010dern\u00e9 \u0161aty s tylovou suk\u0148ou a \u017eiv\u00f4tikom zdoben\u00fdm n\u00e1dhernou v\u00fd\u0161ivkou a ozdobami v podobe trblietav\u00fdch kry\u0161t\u00e1lov a trblietok. Kr\u00e1sne zv\u00fdraz\u0148uj\u00fa \u017eensk\u00e9 krivky. \u0160aty kr\u00e1sne zv\u00fdraz\u0148uj\u00fa chrb\u00e1t \u2013 v\u00fdstrih do V. Rozko\u0161n\u00e9 \u0161aty bez ramienok s odhalen\u00fdmi ramenami a zdoben\u00fdm \u017eiv\u00f4tikom. Pre\u0161\u00edvanie vytv\u00e1ra ohromuj\u00faci efekt.,<\/p>\n<div class=\"klb-readmore post-buttons\"><a class=\"button black outline size-sm\" href=\"https:\/\/madelinefashion.pl\/sk\/sukienka-krotka-tiulowa-granatowa-ronia\/\">\u010c\u00edta\u0165 \u010falej <i class=\"klbth-icon-right-arrow\"><\/i><\/a><\/div>","protected":false},"featured_media":584202,"template":"","meta":[],"product_brand":[],"product_cat":[124,395,561],"product_tag":[725,257,262],"class_list":{"0":"post-584205","1":"product","2":"type-product","3":"status-publish","4":"has-post-thumbnail","6":"product_cat-sukienki-okolicznosciowe","7":"product_cat-nowosci","8":"product_cat-sukienki-tiulowe","9":"product_tag-granatowe-sukienki","10":"product_tag-madelinefashion","11":"product_tag-sukienki-krotkie","13":"first","14":"instock","15":"sale","16":"purchasable","17":"product-type-variable"},"_links":{"self":[{"href":"https:\/\/madelinefashion.pl\/sk\/wp-json\/wp\/v2\/product\/584205","targetHints":{"allow":["GET"]}}],"collection":[{"href":"https:\/\/madelinefashion.pl\/sk\/wp-json\/wp\/v2\/product"}],"about":[{"href":"https:\/\/madelinefashion.pl\/sk\/wp-json\/wp\/v2\/types\/product"}],"wp:featuredmedia":[{"embeddable":true,"href":"https:\/\/madelinefashion.pl\/sk\/wp-json\/wp\/v2\/media\/584202"}],"wp:attachment":[{"href":"https:\/\/madelinefashion.pl\/sk\/wp-json\/wp\/v2\/media?parent=584205"}],"wp:term":[{"taxonomy":"product_brand","embeddable":true,"href":"https:\/\/madelinefashion.pl\/sk\/wp-json\/wp\/v2\/product_brand?post=584205"},{"taxonomy":"product_cat","embeddable":true,"href":"https:\/\/madelinefashion.pl\/sk\/wp-json\/wp\/v2\/product_cat?post=584205"},{"taxonomy":"product_tag","embeddable":true,"href":"https:\/\/madelinefashion.pl\/sk\/wp-json\/wp\/v2\/product_tag?post=584205"}],"curies":[{"name":"pracovn\u00fd list","href":"https:\/\/api.w.org\/{rel}","templated":true}]}}

Krátke tylové šaty Ronia v námorníckej modrej farbe

<h3 style="text-align: center;">Krátke tylové šaty Ronia v námorníckej modrej farbe</h3>
<p style="text-align: center;"> Krásne krátke večerné šaty s tylovou sukňou a živôtikom zdobeným nádhernou výšivkou a ozdobami v podobe trblietavých kryštálov a trblietok. Krásne zvýrazňujú ženské krivky. Šaty krásne zvýrazňujú chrbát výstrihom do V. . <strong>Šaty snov</strong>   ramienka a zdobený top. Šitie dáva úžasný efekt a kryštály sa na svetle nádherne lesknú.<strong> Výstrih do V</strong>. Zúžená v páse dokonale zvýrazní pás. <strong>Zadná strana je úžasne strihaná, v tvare písmena V</strong>. Diera <a href="https://madelinefashion.pl/sk/sukienki-i-kombinezony/sukienki-okolicznosciowe/">Šaty</a> Je vyrobený z niekoľkých vrstiev ľahkého tylu. Dostupné vo veľkostiach<strong> SML</strong>. Šaty <strong>od Madelinefashion </strong>je vynikajúcou voľbou na svadbu, ples, Silvestra a iné elegantné špeciálne udalosti. Ak sa neviete rozhodnúť, ktorý <strong>veľkosť</strong> je pre vás to najlepšie <strong>kontaktuj nás</strong> cez <a href="https://www.facebook.com/madelinefashionbutik" target="_blank" rel="noopener">Facebook</a> alebo <a href="https://madelinefashion.pl/sk/kontakt/">telefón</a>. Ak veľkosť nie je na stránke, kontaktujte nás.</p>
<h3 style="text-align: center;">ROZMERY šiat:</h3>
<table class="table table-bordered" style="height: 98px;" width="441">
<tbody>
<tr>
<td><strong>Veľkosť</strong></td>
<td><strong>S/36</strong></td>
<td><strong>M/38</strong></td>
<td><strong>L/40</strong></td>
</tr>
<tr>
<td>Šírka poprsia (cm)</td>
<td>44</td>
<td>46</td>
<td>48</td>
</tr>
<tr>
<td>Šírka pása (cm)</td>
<td>34</td>
<td>37</td>
<td>39</td>
</tr>
<tr>
<td>Celková dĺžka (cm)</td>
<td>91</td>
<td>92</td>
<td>93</td>
</tr>
</tbody>
</table>
<p style="text-align: center;"><span style="font-size: 13.3333px;">Šaty sú merané na plocho <strong>rozmer x2 </strong></span></p>
<p style="text-align: center;"><span style="font-size: 10pt;">Rozmery sa môžu mierne líšiť od uvedených +/- 2cm. </span></p>
<p style="text-align: center;"><span style="font-size: 10pt;"><strong> </strong> </span></p>
<table width="618">
<tbody>
<tr>
<td width="302">Meno modela</td>
<td width="302">Krátke tylové šaty v námorníckej modrej farbe</td>
</tr>
<tr>
<td width="302">Farba</td>
<td width="302">námorníctvo</td>
</tr>
<tr>
<td width="302">Marka</td>
<td width="302">Madeline Fashion</td>
</tr>
<tr>
<td width="302">veľkosti</td>
<td width="302"> 36 38 40</td>
</tr>
<tr>
<td width="302">Móda</td>
<td width="302">Zhoda</td>
</tr>
<tr>
<td width="302">Materiál</td>
<td width="302">Viskóza, polyester, bavlna</td>
</tr>
<tr>
<td width="302">Dĺžka</td>
<td width="302">Na zem</td>
</tr>
</tbody>
</table>
<p style="text-align: center;"><span style="font-size: 10pt;"> </span></p>
<p>&nbsp;</p>
<p style="text-align: center;"><span style="font-size: 10pt;">Aby ste si vybrali <strong>perfektné šaty</strong> kontaktujte nás telefonicky alebo prostredníctvom našej webovej stránky <a href="https://www.facebook.com/madelinefashionbutik" target="_blank" rel="noopener">Facebook</a> .</span><br />
<span style="font-size: 10pt;">Náš tím vám pomôže <strong>Vyberte si ten správny</strong> . <strong>Na želanie kupujúceho vyrobíme akékoľvek šaty </strong><strong>opatrne merať. </strong></span></p>
<div class="additional-details" style="text-align: center;">
<p style="text-align: center;"><span style="font-size: 10pt;"> </span></p>
</div>

<p>Krátke tylové šaty Ronia v tmavomodrej farbe. Krásne krátke večerné šaty s tylovou sukňou a živôtikom zdobeným nádhernou výšivkou a ozdobami v podobe trblietavých kryštálov a trblietok. Krásne zvýrazňujú ženské krivky. Šaty krásne zvýrazňujú chrbát – výstrih do V. Rozkošné šaty bez ramienok s odhalenými ramenami a zdobeným živôtikom. Prešívanie vytvára ohromujúci efekt.,</p>
<div class="klb-readmore post-buttons"><a class="button black outline size-sm" href="https://madelinefashion.pl/sk/sukienka-krotka-tiulowa-granatowa-ronia/">Čítať ďalej <i class="klbth-icon-right-arrow"></i></a></div>

pracovný list
