{"id":585192,"date":"2025-11-25T11:39:16","date_gmt":"2025-11-25T10:39:16","guid":{"rendered":"https:\/\/madelinefashion.pl\/?post_type=product&#038;p=585192"},"modified":"2026-03-19T14:23:11","modified_gmt":"2026-03-19T13:23:11","slug":"bolerko-futrzane-ecru-z-broszka","status":"publish","type":"product","link":"https:\/\/madelinefashion.pl\/sk\/bolerko-futrzane-ecru-z-broszka\/","title":{"rendered":"Ecru ko\u017eu\u0161inov\u00e9 bolero s bro\u0161\u0148ou"},"content":{"rendered":"<h3 style=\"text-align: center;\">Ecru ko\u017eu\u0161inov\u00e9 bolero s bro\u0161\u0148ou<\/h3>\n<p style=\"text-align: center;\">Bolerko to \u015bwietna propozycja dla Panny m\u0142odej, ale nie tylko. Jest zapinane pod szyj\u0105 broszk\u0105, kt\u00f3ra pi\u0119knie si\u0119 mieni, jednocze\u015bnie jest delikatna i gustowna. Bolerko si\u0119ga okolic bioder, dzi\u0119ki czemu nie kr\u0119puje ruch\u00f3w, ale zapewnia okrycie okolic, ramion, dekoltu oraz szyi. Wyst\u0119puje w neutralnym kolorze ecru, przez co pasuje r\u00f3wnie\u017c do innych odcieni bieli oraz be\u017cu, \u015blicznie prezentuje si\u0119 na ka\u017cdej sylwetce. Broszka w zestawie.<br \/>\n<strong>Sk\u0142ad: 49% poliester, 25% wiskoza, 15% akryl<\/strong><\/p>\n<h3 style=\"text-align: center;\">Rozmery:<\/h3>\n<p style=\"text-align: center;\">Od podpazu\u0161ia k podpazu\u0161iu 58 cm<br \/>\nCelkov\u00e1 d\u013a\u017eka 56 cm<br \/>\nD\u013a\u017eka ruk\u00e1va od podpazu\u0161ia 42 cm<br \/>\nD\u013a\u017eka ruk\u00e1va od ramena 59 cm<\/p>\n<p>&nbsp;<\/p>\n<p style=\"text-align: center;\"><span style=\"font-size: 10pt;\">Rozmery sa m\u00f4\u017eu mierne l\u00ed\u0161i\u0165 od uveden\u00fdch +\/- 2cm.\u00a0<\/span><\/p>\n<p style=\"text-align: center;\"><span style=\"font-size: 10pt;\"><strong>\u00a0<\/strong>\u00a0<\/span><\/p>\n<p style=\"text-align: center;\">\u00a0Model m\u00e1\u00a0<strong>169<\/strong>\u00a0cm vysok\u00fd, nos\u00ed ve\u013ekos\u0165 ka\u017ed\u00fd de\u0148\u00a0<strong>S<\/strong><\/p>\n<p style=\"text-align: center;\">\u0160\u00edrka hrudn\u00edka 91 cm<\/p>\n<p style=\"text-align: center;\">\u0160\u00edrka p\u00e1su 71 cm<\/p>\n<p style=\"text-align: center;\">\u0160\u00edrka bokov 96 cm<\/p>\n<p>&nbsp;<\/p>\n<p style=\"text-align: center;\">","protected":false},"excerpt":{"rendered":"<p>Bolerko Futrzane Ecru Z Broszk\u0105 Bolerko to \u015bwietna propozycja dla Panny m\u0142odej, ale nie tylko. Jest zapinane pod szyj\u0105 broszk\u0105, kt\u00f3ra pi\u0119knie si\u0119 mieni, jednocze\u015bnie jest delikatna i gustowna. Bolerko si\u0119ga okolic bioder, dzi\u0119ki czemu nie kr\u0119puje ruch\u00f3w, ale zapewnia okrycie okolic, ramion, dekoltu oraz szyi. Wyst\u0119puje w neutralnym kolorze ecru, przez co pasuje r\u00f3wnie\u017c<\/p>\n<div class=\"klb-readmore post-buttons\"><a class=\"button black outline size-sm\" href=\"https:\/\/madelinefashion.pl\/sk\/bolerko-futrzane-ecru-z-broszka\/\">\u010c\u00edta\u0165 \u010falej <i class=\"klbth-icon-right-arrow\"><\/i><\/a><\/div>","protected":false},"featured_media":585189,"template":"","meta":[],"product_brand":[],"product_cat":[116,395],"product_tag":[],"class_list":{"0":"post-585192","1":"product","2":"type-product","3":"status-publish","4":"has-post-thumbnail","6":"product_cat-bolerka","7":"product_cat-nowosci","9":"first","10":"instock","11":"purchasable","12":"product-type-simple"},"_links":{"self":[{"href":"https:\/\/madelinefashion.pl\/sk\/wp-json\/wp\/v2\/product\/585192","targetHints":{"allow":["GET"]}}],"collection":[{"href":"https:\/\/madelinefashion.pl\/sk\/wp-json\/wp\/v2\/product"}],"about":[{"href":"https:\/\/madelinefashion.pl\/sk\/wp-json\/wp\/v2\/types\/product"}],"wp:featuredmedia":[{"embeddable":true,"href":"https:\/\/madelinefashion.pl\/sk\/wp-json\/wp\/v2\/media\/585189"}],"wp:attachment":[{"href":"https:\/\/madelinefashion.pl\/sk\/wp-json\/wp\/v2\/media?parent=585192"}],"wp:term":[{"taxonomy":"product_brand","embeddable":true,"href":"https:\/\/madelinefashion.pl\/sk\/wp-json\/wp\/v2\/product_brand?post=585192"},{"taxonomy":"product_cat","embeddable":true,"href":"https:\/\/madelinefashion.pl\/sk\/wp-json\/wp\/v2\/product_cat?post=585192"},{"taxonomy":"product_tag","embeddable":true,"href":"https:\/\/madelinefashion.pl\/sk\/wp-json\/wp\/v2\/product_tag?post=585192"}],"curies":[{"name":"pracovn\u00fd list","href":"https:\/\/api.w.org\/{rel}","templated":true}]}}

Ecru kožušinové bolero s brošňou

<h3 style="text-align: center;">Ecru kožušinové bolero s brošňou</h3>
<p style="text-align: center;">Bolerko to świetna propozycja dla Panny młodej, ale nie tylko. Jest zapinane pod szyją broszką, która pięknie się mieni, jednocześnie jest delikatna i gustowna. Bolerko sięga okolic bioder, dzięki czemu nie krępuje ruchów, ale zapewnia okrycie okolic, ramion, dekoltu oraz szyi. Występuje w neutralnym kolorze ecru, przez co pasuje również do innych odcieni bieli oraz beżu, ślicznie prezentuje się na każdej sylwetce. Broszka w zestawie.<br />
<strong>Skład: 49% poliester, 25% wiskoza, 15% akryl</strong></p>
<h3 style="text-align: center;">Rozmery:</h3>
<p style="text-align: center;">Od podpazušia k podpazušiu 58 cm<br />
Celková dĺžka 56 cm<br />
Dĺžka rukáva od podpazušia 42 cm<br />
Dĺžka rukáva od ramena 59 cm</p>
<p>&nbsp;</p>
<p style="text-align: center;"><span style="font-size: 10pt;">Rozmery sa môžu mierne líšiť od uvedených +/- 2cm. </span></p>
<p style="text-align: center;"><span style="font-size: 10pt;"><strong> </strong> </span></p>
<p style="text-align: center;"> Model má <strong>169</strong> cm vysoký, nosí veľkosť každý deň <strong>S</strong></p>
<p style="text-align: center;">Šírka hrudníka 91 cm</p>
<p style="text-align: center;">Šírka pásu 71 cm</p>
<p style="text-align: center;">Šírka bokov 96 cm</p>
<p>&nbsp;</p>
<p style="text-align: center;">

<p>Bolerko Futrzane Ecru Z Broszką Bolerko to świetna propozycja dla Panny młodej, ale nie tylko. Jest zapinane pod szyją broszką, która pięknie się mieni, jednocześnie jest delikatna i gustowna. Bolerko sięga okolic bioder, dzięki czemu nie krępuje ruchów, ale zapewnia okrycie okolic, ramion, dekoltu oraz szyi. Występuje w neutralnym kolorze ecru, przez co pasuje również</p>
<div class="klb-readmore post-buttons"><a class="button black outline size-sm" href="https://madelinefashion.pl/sk/bolerko-futrzane-ecru-z-broszka/">Čítať ďalej <i class="klbth-icon-right-arrow"></i></a></div>

pracovný list
