{"id":585207,"date":"2025-11-25T11:43:46","date_gmt":"2025-11-25T10:43:46","guid":{"rendered":"https:\/\/madelinefashion.pl\/?post_type=product&#038;p=585207"},"modified":"2026-02-06T15:20:28","modified_gmt":"2026-02-06T14:20:28","slug":"bolerko-futrzane-dlugi-wlos-ecru","status":"publish","type":"product","link":"https:\/\/madelinefashion.pl\/sk\/bolerko-futrzane-dlugi-wlos-ecru\/","title":{"rendered":"Dlh\u00e9 vlasy s ko\u017eu\u0161inov\u00fdm bolerkom v ecru"},"content":{"rendered":"<h3 style=\"text-align: center;\">Dlh\u00e9 vlasy s ko\u017eu\u0161inov\u00fdm bolerkom v ecru<\/h3>\n<p style=\"text-align: center;\" data-start=\"198\" data-end=\"399\">Objavte neuverite\u013ene elegantn\u00e9 <strong data-start=\"226\" data-end=\"262\">dlhosrst\u00e9 ko\u017eu\u0161inov\u00e9 bolero<\/strong>, ktor\u00fd dod\u00e1 luxus ka\u017ed\u00e9mu outfitu. Tento jedine\u010dn\u00fd model bol vytvoren\u00fd pre \u017eeny, ktor\u00e9 si cenia \u0161ik, noblesu a jedine\u010dn\u00fd vzh\u013ead.<\/p>\n<p style=\"text-align: center;\" data-start=\"401\" data-end=\"648\">Toto bolero je vyroben\u00e9 z m\u00e4kkej, pr\u00edjemnej ko\u017eu\u0161iny s dlh\u0161\u00edm vlasom, ktor\u00e1 kr\u00e1sne spl\u00fdva a vyzer\u00e1 \u00fa\u017easne v pohybe aj na fotografi\u00e1ch. Ide\u00e1lne na ve\u010dern\u00e9 \u0161aty, svadby, plesy a \u0161peci\u00e1lne pr\u00edle\u017eitosti.<\/p>\n<p style=\"text-align: center;\" data-start=\"650\" data-end=\"673\"><strong data-start=\"652\" data-end=\"671\">Vlastnosti produktu:<\/strong><\/p>\n<ul style=\"text-align: center;\" data-start=\"674\" data-end=\"937\">\n<li data-start=\"674\" data-end=\"711\">\n<p data-start=\"676\" data-end=\"711\">luxusn\u00e1 srs\u0165 s dlh\u00fdmi vlasmi<\/p>\n<\/li>\n<li data-start=\"712\" data-end=\"761\">\n<p data-start=\"714\" data-end=\"761\">elegantn\u00e9 zap\u00ednanie s mal\u00fdm, diskr\u00e9tnym h\u00e1\u010dikom<\/p>\n<\/li>\n<li data-start=\"762\" data-end=\"817\">\n<p data-start=\"764\" data-end=\"817\">kr\u00e1sne zv\u00fdraz\u0148uje ramen\u00e1 a dod\u00e1va \u00fa\u010desu eleganciu<\/p>\n<\/li>\n<li data-start=\"818\" data-end=\"877\">\n<p data-start=\"820\" data-end=\"877\">skvel\u00e1 vo\u013eba na svadby, plesy, dovolenky a fotenia<\/p>\n<\/li>\n<li data-start=\"878\" data-end=\"937\">\n<p data-start=\"880\" data-end=\"937\">ide\u00e1lne na chladnej\u0161ie dni \u2013 poskytuje pohodlie a teplo<\/p>\n<\/li>\n<\/ul>\n<p style=\"text-align: center;\" data-start=\"939\" data-end=\"1030\">Dodajte svojmu \u0161t\u00fdlu n\u00e1dych p\u00f4vabu a c\u00ed\u0165te sa v\u00fdnimo\u010dne v na\u0161om ko\u017eu\u0161inovom bolerku.<\/p>\n<h3 style=\"text-align: center;\">Rozmery:<\/h3>\n<p style=\"text-align: center;\">Od podpazu\u0161ia k podpazu\u0161iu 58 cm<br \/>\nCelkov\u00e1 d\u013a\u017eka 56 cm<br \/>\nD\u013a\u017eka ruk\u00e1va od podpazu\u0161ia 42 cm<br \/>\nD\u013a\u017eka ruk\u00e1va od ramena 59 cm<\/p>\n<p>&nbsp;<\/p>\n<p style=\"text-align: center;\"><span style=\"font-size: 10pt;\">Rozmery sa m\u00f4\u017eu mierne l\u00ed\u0161i\u0165 od uveden\u00fdch +\/- 2cm.\u00a0<\/span><\/p>\n<p style=\"text-align: center;\"><span style=\"font-size: 10pt;\"><strong>\u00a0<\/strong>\u00a0<\/span><\/p>\n<p style=\"text-align: center;\">\u00a0Model m\u00e1\u00a0<strong>169<\/strong>\u00a0cm vysok\u00fd, nos\u00ed ve\u013ekos\u0165 ka\u017ed\u00fd de\u0148\u00a0<strong>S<\/strong><\/p>\n<p style=\"text-align: center;\">\u0160\u00edrka hrudn\u00edka 91 cm<\/p>\n<p style=\"text-align: center;\">\u0160\u00edrka p\u00e1su 71 cm<\/p>\n<p style=\"text-align: center;\">\u0160\u00edrka bokov 96 cm<\/p>\n<p>&nbsp;<\/p>\n<p style=\"text-align: center;\">","protected":false},"excerpt":{"rendered":"<p>Bolerko Futrzane D\u0142ugi W\u0142os Ecru Odkryj niezwykle eleganckie bolerko futrzane z d\u0142ugim w\u0142osem, kt\u00f3re doda luksusu ka\u017cdej stylizacji. To wyj\u0105tkowy model stworzony z my\u015bl\u0105 o kobietach ceni\u0105cych szyk, klas\u0119 i niepowtarzalny wygl\u0105d. Bolerko wykonane jest z mi\u0119kkiego, przyjemnego w dotyku futerka o d\u0142u\u017cszym w\u0142osiu, kt\u00f3re pi\u0119knie si\u0119 uk\u0142ada i prezentuje zjawiskowo zar\u00f3wno w ruchu, jak<\/p>\n<div class=\"klb-readmore post-buttons\"><a class=\"button black outline size-sm\" href=\"https:\/\/madelinefashion.pl\/sk\/bolerko-futrzane-dlugi-wlos-ecru\/\">\u010c\u00edta\u0165 \u010falej <i class=\"klbth-icon-right-arrow\"><\/i><\/a><\/div>","protected":false},"featured_media":585208,"template":"","meta":[],"product_brand":[],"product_cat":[116,395],"product_tag":[],"class_list":{"0":"post-585207","1":"product","2":"type-product","3":"status-publish","4":"has-post-thumbnail","6":"product_cat-bolerka","7":"product_cat-nowosci","9":"first","10":"instock","11":"purchasable","12":"product-type-simple"},"_links":{"self":[{"href":"https:\/\/madelinefashion.pl\/sk\/wp-json\/wp\/v2\/product\/585207","targetHints":{"allow":["GET"]}}],"collection":[{"href":"https:\/\/madelinefashion.pl\/sk\/wp-json\/wp\/v2\/product"}],"about":[{"href":"https:\/\/madelinefashion.pl\/sk\/wp-json\/wp\/v2\/types\/product"}],"wp:featuredmedia":[{"embeddable":true,"href":"https:\/\/madelinefashion.pl\/sk\/wp-json\/wp\/v2\/media\/585208"}],"wp:attachment":[{"href":"https:\/\/madelinefashion.pl\/sk\/wp-json\/wp\/v2\/media?parent=585207"}],"wp:term":[{"taxonomy":"product_brand","embeddable":true,"href":"https:\/\/madelinefashion.pl\/sk\/wp-json\/wp\/v2\/product_brand?post=585207"},{"taxonomy":"product_cat","embeddable":true,"href":"https:\/\/madelinefashion.pl\/sk\/wp-json\/wp\/v2\/product_cat?post=585207"},{"taxonomy":"product_tag","embeddable":true,"href":"https:\/\/madelinefashion.pl\/sk\/wp-json\/wp\/v2\/product_tag?post=585207"}],"curies":[{"name":"pracovn\u00fd list","href":"https:\/\/api.w.org\/{rel}","templated":true}]}}

Dlhé vlasy s kožušinovým bolerkom v ecru

<h3 style="text-align: center;">Dlhé vlasy s kožušinovým bolerkom v ecru</h3>
<p style="text-align: center;" data-start="198" data-end="399">Objavte neuveriteľne elegantné <strong data-start="226" data-end="262">dlhosrsté kožušinové bolero</strong>, ktorý dodá luxus každému outfitu. Tento jedinečný model bol vytvorený pre ženy, ktoré si cenia šik, noblesu a jedinečný vzhľad.</p>
<p style="text-align: center;" data-start="401" data-end="648">Toto bolero je vyrobené z mäkkej, príjemnej kožušiny s dlhším vlasom, ktorá krásne splýva a vyzerá úžasne v pohybe aj na fotografiách. Ideálne na večerné šaty, svadby, plesy a špeciálne príležitosti.</p>
<p style="text-align: center;" data-start="650" data-end="673"><strong data-start="652" data-end="671">Vlastnosti produktu:</strong></p>
<ul style="text-align: center;" data-start="674" data-end="937">
<li data-start="674" data-end="711">
<p data-start="676" data-end="711">luxusná srsť s dlhými vlasmi</p>
</li>
<li data-start="712" data-end="761">
<p data-start="714" data-end="761">elegantné zapínanie s malým, diskrétnym háčikom</p>
</li>
<li data-start="762" data-end="817">
<p data-start="764" data-end="817">krásne zvýrazňuje ramená a dodáva účesu eleganciu</p>
</li>
<li data-start="818" data-end="877">
<p data-start="820" data-end="877">skvelá voľba na svadby, plesy, dovolenky a fotenia</p>
</li>
<li data-start="878" data-end="937">
<p data-start="880" data-end="937">ideálne na chladnejšie dni – poskytuje pohodlie a teplo</p>
</li>
</ul>
<p style="text-align: center;" data-start="939" data-end="1030">Dodajte svojmu štýlu nádych pôvabu a cíťte sa výnimočne v našom kožušinovom bolerku.</p>
<h3 style="text-align: center;">Rozmery:</h3>
<p style="text-align: center;">Od podpazušia k podpazušiu 58 cm<br />
Celková dĺžka 56 cm<br />
Dĺžka rukáva od podpazušia 42 cm<br />
Dĺžka rukáva od ramena 59 cm</p>
<p>&nbsp;</p>
<p style="text-align: center;"><span style="font-size: 10pt;">Rozmery sa môžu mierne líšiť od uvedených +/- 2cm. </span></p>
<p style="text-align: center;"><span style="font-size: 10pt;"><strong> </strong> </span></p>
<p style="text-align: center;"> Model má <strong>169</strong> cm vysoký, nosí veľkosť každý deň <strong>S</strong></p>
<p style="text-align: center;">Šírka hrudníka 91 cm</p>
<p style="text-align: center;">Šírka pásu 71 cm</p>
<p style="text-align: center;">Šírka bokov 96 cm</p>
<p>&nbsp;</p>
<p style="text-align: center;">

<p>Bolerko Futrzane Długi Włos Ecru Odkryj niezwykle eleganckie bolerko futrzane z długim włosem, które doda luksusu każdej stylizacji. To wyjątkowy model stworzony z myślą o kobietach ceniących szyk, klasę i niepowtarzalny wygląd. Bolerko wykonane jest z miękkiego, przyjemnego w dotyku futerka o dłuższym włosiu, które pięknie się układa i prezentuje zjawiskowo zarówno w ruchu, jak</p>
<div class="klb-readmore post-buttons"><a class="button black outline size-sm" href="https://madelinefashion.pl/sk/bolerko-futrzane-dlugi-wlos-ecru/">Čítať ďalej <i class="klbth-icon-right-arrow"></i></a></div>

pracovný list
