{"id":58990,"date":"2022-09-21T16:18:05","date_gmt":"2022-09-21T14:18:05","guid":{"rendered":"https:\/\/madelinefashion.pl\/?post_type=product&#038;p=58990"},"modified":"2025-12-19T11:15:45","modified_gmt":"2025-12-19T10:15:45","slug":"kurtka-plaszcz-pikowany-z-nerka-bezowa","status":"publish","type":"product","link":"https:\/\/madelinefashion.pl\/sk\/kurtka-plaszcz-pikowany-z-nerka-bezowa\/","title":{"rendered":"Pre\u0161\u00edvan\u00e1 kab\u00e1tov\u00e1 bunda b\u00e9\u017eov\u00e1"},"content":{"rendered":"<h3 style=\"text-align: center;\">Pre\u0161\u00edvan\u00e1 kab\u00e1tov\u00e1 bunda b\u00e9\u017eov\u00e1<\/h3>\n<p style=\"text-align: center;\">B\u00e9\u017eov\u00e1 pre\u0161\u00edvan\u00e1 kab\u00e1tov\u00e1 bunda s obli\u010dkami B\u00e9\u017eov\u00e1 je n\u00e1\u0161 n\u00e1vrh na jese\u0148. Bunda m\u00e1 ozdobn\u00e9ho medved\u00edka. D\u00e1 sa pou\u017ei\u0165 v akomko\u013evek <strong>styling<\/strong>, oboje ku klasick\u00fdm d\u017e\u00ednsom, biele <a href=\"https:\/\/madelinefashion.pl\/sk\/bluzka-fashion-biala-gladka\/\">tri\u010dko<\/a> na ka\u017edodenn\u00e9 vych\u00e1dzky. Je to ist\u00e9 <strong>musie\u0165 ma\u0165<\/strong> v ka\u017edom \u0161atn\u00edku! Sako sa zap\u00edna na dva gomb\u00edky. jese\u0148<strong>\u00a0bunda<\/strong>ktor\u00fd dod\u00e1 ka\u017ed\u00e9mu \u0161t\u00fdlu charakter a umo\u017en\u00ed v\u00e1m vy\u010dnieva\u0165 z davu. Odpor\u00fa\u010dame to s na\u0161imi <a href=\"https:\/\/madelinefashion.pl\/sk\/casual-clothes\/t-shirty\/\">topy<\/a> a nohavice <a href=\"https:\/\/madelinefashion.pl\/sk\/spodnie-jeans-boyfriend-star\/\">boyfriend d\u017e\u00ednsy<\/a>. Prechodn\u00e1 bunda dostupn\u00e1 v dvoch verzi\u00e1ch <strong>farebn\u00e9 varianty<\/strong>. Tento model je perfektn\u00fd <strong>\u00a0na chladnej\u0161ie dni.<\/strong>\u00a0V\u010faka vhodne zvolen\u00fdm doplnkom \u013eahko vytvor\u00edte jedine\u010dn\u00e9 \u0161tyliz\u00e1cie na spolo\u010densk\u00e9 udalosti \u010di oslavy. Vyst\u00fapte z davu s na\u0161ou bundou. Bunda sa dod\u00e1va vo ve\u013e<strong> SM L\u00a0 <\/strong>V z\u00e1vislosti od sez\u00f3ny a aktu\u00e1lnych m\u00f3dnych trendov v ponuke <a href=\"https:\/\/madelinefashion.pl\/sk\/\"><strong>Madelinefashion<\/strong><\/a> n\u00e1jdete aj tepl\u00e9 <a href=\"https:\/\/madelinefashion.pl\/sk\/kurtki-i-plaszcze\/\">vrchn\u00e9 oble\u010denie<\/a> d\u00e1mske, \u0161t\u00fdlov\u00e9 <a href=\"https:\/\/madelinefashion.pl\/sk\/?s=ramoneska&amp;post_type=product\">Ramones<\/a>, elegantn\u00fd <a href=\"https:\/\/madelinefashion.pl\/sk\/kurtki-i-plaszcze\/plaszcze\/\">kab\u00e1ty <\/a>. Zozn\u00e1mte sa s ponukou a n\u00e1jdite si ide\u00e1lny model pre v\u00e1s. Jedna ve\u013ekos\u0165 pre v\u0161etk\u00fdch. Odpor\u00fa\u010da sa pre\u00a0<strong>SML\u00a0<\/strong><\/p>\n<p style=\"text-align: center;\">\u2013<\/p>\n<h3 style=\"text-align: center;\">Rozmery:<\/h3>\n<p style=\"text-align: center;\"><strong><br \/>\n<\/strong>\u0160\u00edrka od pazuchy po pazuchu: 49-54 cm<br \/>\n\u0160\u00edrka bokov: 50-56 cm<br \/>\nD\u013a\u017eka ruk\u00e1va od ramena: 52 cm<br \/>\nD\u013a\u017eka ruk\u00e1va od podpazu\u0161ia: 41 cm<br \/>\nCelkov\u00e1 d\u013a\u017eka: 97 cm<\/p>\n<p style=\"text-align: center;\">Rozmery sa m\u00f4\u017eu mierne l\u00ed\u0161i\u0165 od uveden\u00fdch +\/- 2cm. <strong>V\u0161etky uveden\u00e9 rozmery s\u00fa meran\u00e9 plo\u0161ne - rozmer x2\u00a0<\/strong><\/p>\n<p style=\"text-align: center;\"><strong><span style=\"font-size: 10pt;\">\u00a0<\/span><\/strong><\/p>\n<p style=\"text-align: center;\">Model m\u00e1\u00a0<strong>169<\/strong>\u00a0cm vysok\u00fd, nos\u00ed ve\u013ekos\u0165 ka\u017ed\u00fd de\u0148\u00a0<strong>S<\/strong><\/p>\n<p style=\"text-align: center;\">\u0160\u00edrka cez prsia 92 cm<\/p>\n<p style=\"text-align: center;\">\u0160\u00edrka v p\u00e1se 62 cm<\/p>\n<p style=\"text-align: center;\">\u0160\u00edrka v bokoch 94 cm<\/p>\n<p style=\"text-align: center;\"><span style=\"font-size: 10pt;\">\u00a0<\/span><\/p>\n<p style=\"text-align: center;\">","protected":false},"excerpt":{"rendered":"<p>Kurtka P\u0142aszcz Pikowany z Nerk\u0105 Be\u017cowa Kurtka P\u0142aszcz Pikowany z Nerk\u0105 Be\u017cowa to nasza propozycja na jesie\u0144. Kurtka posiada ozdobnego misia\u00a0 . Mo\u017cna j\u0105 wykorzysta\u0107 w ka\u017cdej stylizacji, zar\u00f3wno do klasycznych jeans\u00f3w, bia\u0142ego t-shirtu na codzienne wyj\u015bcia.\u00a0Jest to zdecydowany must have w ka\u017cdej garderobie! Kurtka zapinana jest na dwa guziczki . Jesienna\u00a0kurtka, kt\u00f3ra doda ka\u017cdej<\/p>\n<div class=\"klb-readmore post-buttons\"><a class=\"button black outline size-sm\" href=\"https:\/\/madelinefashion.pl\/sk\/kurtka-plaszcz-pikowany-z-nerka-bezowa\/\">\u010c\u00edta\u0165 \u010falej <i class=\"klbth-icon-right-arrow\"><\/i><\/a><\/div>","protected":false},"featured_media":58841,"template":"","meta":[],"product_brand":[],"product_cat":[117],"product_tag":[508],"class_list":{"0":"post-58990","1":"product","2":"type-product","3":"status-publish","4":"has-post-thumbnail","6":"product_cat-kurtki","7":"product_tag-kurtka-zimowa","8":"pa_rozmiar-s","9":"pa_rozmiar-m","10":"pa_rozmiar-l","12":"first","13":"outofstock","14":"sale","15":"purchasable","16":"product-type-simple"},"_links":{"self":[{"href":"https:\/\/madelinefashion.pl\/sk\/wp-json\/wp\/v2\/product\/58990","targetHints":{"allow":["GET"]}}],"collection":[{"href":"https:\/\/madelinefashion.pl\/sk\/wp-json\/wp\/v2\/product"}],"about":[{"href":"https:\/\/madelinefashion.pl\/sk\/wp-json\/wp\/v2\/types\/product"}],"wp:featuredmedia":[{"embeddable":true,"href":"https:\/\/madelinefashion.pl\/sk\/wp-json\/wp\/v2\/media\/58841"}],"wp:attachment":[{"href":"https:\/\/madelinefashion.pl\/sk\/wp-json\/wp\/v2\/media?parent=58990"}],"wp:term":[{"taxonomy":"product_brand","embeddable":true,"href":"https:\/\/madelinefashion.pl\/sk\/wp-json\/wp\/v2\/product_brand?post=58990"},{"taxonomy":"product_cat","embeddable":true,"href":"https:\/\/madelinefashion.pl\/sk\/wp-json\/wp\/v2\/product_cat?post=58990"},{"taxonomy":"product_tag","embeddable":true,"href":"https:\/\/madelinefashion.pl\/sk\/wp-json\/wp\/v2\/product_tag?post=58990"}],"curies":[{"name":"pracovn\u00fd list","href":"https:\/\/api.w.org\/{rel}","templated":true}]}}

Prešívaná kabátová bunda béžová

<h3 style="text-align: center;">Prešívaná kabátová bunda béžová</h3>
<p style="text-align: center;">Béžová prešívaná kabátová bunda s obličkami Béžová je náš návrh na jeseň. Bunda má ozdobného medvedíka. Dá sa použiť v akomkoľvek <strong>styling</strong>, oboje ku klasickým džínsom, biele <a href="https://madelinefashion.pl/sk/bluzka-fashion-biala-gladka/">tričko</a> na každodenné vychádzky. Je to isté <strong>musieť mať</strong> v každom šatníku! Sako sa zapína na dva gombíky. jeseň<strong> bunda</strong>ktorý dodá každému štýlu charakter a umožní vám vyčnievať z davu. Odporúčame to s našimi <a href="https://madelinefashion.pl/sk/casual-clothes/t-shirty/">topy</a> a nohavice <a href="https://madelinefashion.pl/sk/spodnie-jeans-boyfriend-star/">boyfriend džínsy</a>. Prechodná bunda dostupná v dvoch verziách <strong>farebné varianty</strong>. Tento model je perfektný <strong> na chladnejšie dni.</strong> Vďaka vhodne zvoleným doplnkom ľahko vytvoríte jedinečné štylizácie na spoločenské udalosti či oslavy. Vystúpte z davu s našou bundou. Bunda sa dodáva vo veľ<strong> SM L  </strong>V závislosti od sezóny a aktuálnych módnych trendov v ponuke <a href="https://madelinefashion.pl/sk/"><strong>Madelinefashion</strong></a> nájdete aj teplé <a href="https://madelinefashion.pl/sk/kurtki-i-plaszcze/">vrchné oblečenie</a> dámske, štýlové <a href="https://madelinefashion.pl/sk/?s=ramoneska&amp;post_type=product">Ramones</a>, elegantný <a href="https://madelinefashion.pl/sk/kurtki-i-plaszcze/plaszcze/">kabáty </a>. Zoznámte sa s ponukou a nájdite si ideálny model pre vás. Jedna veľkosť pre všetkých. Odporúča sa pre <strong>SML </strong></p>
<p style="text-align: center;">–</p>
<h3 style="text-align: center;">Rozmery:</h3>
<p style="text-align: center;"><strong><br />
</strong>Šírka od pazuchy po pazuchu: 49-54 cm<br />
Šírka bokov: 50-56 cm<br />
Dĺžka rukáva od ramena: 52 cm<br />
Dĺžka rukáva od podpazušia: 41 cm<br />
Celková dĺžka: 97 cm</p>
<p style="text-align: center;">Rozmery sa môžu mierne líšiť od uvedených +/- 2cm. <strong>Všetky uvedené rozmery sú merané plošne - rozmer x2 </strong></p>
<p style="text-align: center;"><strong><span style="font-size: 10pt;"> </span></strong></p>
<p style="text-align: center;">Model má <strong>169</strong> cm vysoký, nosí veľkosť každý deň <strong>S</strong></p>
<p style="text-align: center;">Šírka cez prsia 92 cm</p>
<p style="text-align: center;">Šírka v páse 62 cm</p>
<p style="text-align: center;">Šírka v bokoch 94 cm</p>
<p style="text-align: center;"><span style="font-size: 10pt;"> </span></p>
<p style="text-align: center;">

<p>Kurtka Płaszcz Pikowany z Nerką Beżowa Kurtka Płaszcz Pikowany z Nerką Beżowa to nasza propozycja na jesień. Kurtka posiada ozdobnego misia  . Można ją wykorzystać w każdej stylizacji, zarówno do klasycznych jeansów, białego t-shirtu na codzienne wyjścia. Jest to zdecydowany must have w każdej garderobie! Kurtka zapinana jest na dwa guziczki . Jesienna kurtka, która doda każdej</p>
<div class="klb-readmore post-buttons"><a class="button black outline size-sm" href="https://madelinefashion.pl/sk/kurtka-plaszcz-pikowany-z-nerka-bezowa/">Čítať ďalej <i class="klbth-icon-right-arrow"></i></a></div>

pracovný list
