{"id":58999,"date":"2022-09-21T16:59:29","date_gmt":"2022-09-21T14:59:29","guid":{"rendered":"https:\/\/madelinefashion.pl\/?post_type=product&#038;p=58999"},"modified":"2026-01-20T10:33:43","modified_gmt":"2026-01-20T09:33:43","slug":"koszula-w-krate-midi-tejsa-biala","status":"publish","type":"product","link":"https:\/\/madelinefashion.pl\/sk\/koszula-w-krate-midi-tejsa-biala\/","title":{"rendered":"Krate Midi Tejsa Shirt White"},"content":{"rendered":"<h3 style=\"text-align: center;\">Krate Midi Tejsa Shirt White<\/h3>\n<p style=\"text-align: center;\">Kockovan\u00e1 ko\u0161e\u013ea je dokonal\u00fdm z\u00e1kladom a z\u00e1kladom mnoh\u00fdch \u0161t\u00fdlov. Je tot\u00e1lne <strong>MUSIE\u0164 MA\u0164<\/strong> t\u00fato sez\u00f3nu. Ko\u0161e\u013ea s najm\u00f3dnej\u0161ou potla\u010dou <strong>skontrolovan\u00e9<\/strong>. Vpredu m\u00e1 vrecko a zap\u00edna sa na gomb\u00edky. Chcete sa c\u00edti\u0165 v\u010das? Pam\u00e4tajte na ko\u0161e\u013eu vo va\u0161om \u0161atn\u00edku. Jeho farba a vzor v\u00e1s urobia <strong>budete vy\u010dnieva\u0165 z davu<\/strong>. Najviac v\u00e1m pristane MIDI verzia ko\u0161ele <strong>ka\u017edodenn\u00fd vzh\u013ead<\/strong>. Model vybran\u00fd pre mnoho \u0161t\u00fdlov. M\u00f4\u017eete ich nosi\u0165 k \u0161ortk\u00e1m, d\u017e\u00ednsom, sukni a dokonca aj ko\u017een\u00fdm nohaviciam. Na\u0161u kockovan\u00fa ko\u0161e\u013eu m\u00f4\u017eete nosi\u0165 aj ako<strong> \u0161aty<\/strong>. Dokonale sa prisp\u00f4sob\u00ed postave. Ide\u00e1lne do \u0161koly, pr\u00e1ce, na rande alebo na stretnutie s priate\u013emi! <strong>Ide\u00e1lne pre ka\u017ed\u00fa pr\u00edle\u017eitos\u0165 a \u010das! <\/strong>Ve\u013ekos\u0165\u00a0<strong>odpor\u00fa\u010dan\u00e9 univerz\u00e1lne<\/strong>\u00a0pre d\u00e1my vo ve\u013ekosti od<strong> S a\u017e XL.<\/strong> Dostupn\u00e9 vo viacer\u00fdch farb\u00e1ch.<\/p>\n<h3 style=\"text-align: center;\">Rozmery tri\u010dka:<\/h3>\n<ul style=\"text-align: center;\">\n<li>Celkov\u00e1 predn\u00e1 d\u013a\u017eka: 97 cm<\/li>\n<li>\u0160\u00edrka od podpazu\u0161ia po: 52-56 cm<\/li>\n<li>\u0160\u00edrka v p\u00e1se: 54-58 cm<\/li>\n<li>\u0160\u00edrka bokov: 55-60 cm<\/li>\n<li>D\u013a\u017eka ruk\u00e1va od podpazu\u0161ia: 44 cm<\/li>\n<li>D\u013a\u017eka ruk\u00e1va od ramena: 62 cm<br \/>\n\u0160\u00edrka bicepsu: 20 cm x 2<\/li>\n<\/ul>\n<p>&nbsp;<\/p>\n<p style=\"text-align: center;\">Rozmery sa m\u00f4\u017eu mierne l\u00ed\u0161i\u0165 od uveden\u00fdch +\/- 2cm. V\u0161etky uveden\u00e9 rozmery s\u00fa meran\u00e9 plo\u0161ne.<\/p>\n<p style=\"text-align: center;\"><span style=\"font-size: 10pt;\">\u00a0<\/span><\/p>\n<p style=\"text-align: center;\"><span style=\"font-size: 10pt;\">\u00a0<\/span><\/p>\n<table width=\"608\">\n<tbody>\n<tr>\n<td width=\"302\">Meno modela<\/td>\n<td width=\"302\">Krate ko\u0161e\u013ea Midi Tejsa<\/td>\n<\/tr>\n<tr>\n<td width=\"302\">Farba<\/td>\n<td width=\"302\">biely \u010dierny<\/td>\n<\/tr>\n<tr>\n<td width=\"302\">ve\u013ekosti<\/td>\n<td width=\"302\">Univerz\u00e1lny<\/td>\n<\/tr>\n<tr>\n<td width=\"302\">M\u00f3da<\/td>\n<td width=\"302\">nadrozmern\u00e9<\/td>\n<\/tr>\n<tr>\n<td width=\"302\">Materi\u00e1l<\/td>\n<td width=\"302\">Zlo\u017eenie: 95 % bavlna 5%elasti\u00e1n<\/td>\n<\/tr>\n<\/tbody>\n<\/table>\n<p style=\"text-align: center;\"><span style=\"font-size: 10pt;\">\u00a0<\/span><\/p>\n<div class=\"tabs tabs-bb clear mb-80\">\n<div class=\"tab-content\">\n<div id=\"tab-description\" class=\"tab-pane fade in woocommerce-Tabs-panel--description active\">\n<div class=\"tabs tabs-bb clear mb-80\">\n<div class=\"tab-content\">\n<div id=\"tab-description\" class=\"tab-pane fade in woocommerce-Tabs-panel--description active\">\n<p style=\"text-align: center;\">Model m\u00e1\u00a0<strong>169<\/strong>\u00a0cm vysok\u00fd, nos\u00ed ve\u013ekos\u0165 ka\u017ed\u00fd de\u0148\u00a0<strong>S<\/strong><\/p>\n<p style=\"text-align: center;\">\u0160\u00edrka cez prsia 92 cm<\/p>\n<p style=\"text-align: center;\">\u0160\u00edrka v p\u00e1se 62 cm<\/p>\n<p style=\"text-align: center;\">\u0160\u00edrka v bokoch 94 cm<\/p>\n<\/div>\n<\/div>\n<\/div>\n<\/div>\n<\/div>\n<\/div>","protected":false},"excerpt":{"rendered":"<p>Koszula w Krate Midi Tejsa Bia\u0142a Koszula w krat\u0119 to idealna baza i podstawa do wielu stylizacji. Jest to totalny MUST HAVE tego sezonu. Koszula z najmodniejszym Printem w krate. Posiada\u00a0 kieszonk z przodu i zapinana jest na\u00a0 guziki. Chcesz si\u0119 poczu\u0107 na czasie? Pami\u0119taj o koszuli w swojej garderobie.\u00a0 Jej kolor i wz\u00f3r sprawi\u0105,<\/p>\n<div class=\"klb-readmore post-buttons\"><a class=\"button black outline size-sm\" href=\"https:\/\/madelinefashion.pl\/sk\/koszula-w-krate-midi-tejsa-biala\/\">\u010c\u00edta\u0165 \u010falej <i class=\"klbth-icon-right-arrow\"><\/i><\/a><\/div>","protected":false},"featured_media":58854,"template":"","meta":[],"product_brand":[],"product_cat":[92],"product_tag":[296],"class_list":{"0":"post-58999","1":"product","2":"type-product","3":"status-publish","4":"has-post-thumbnail","6":"product_cat-koszule","7":"product_tag-tuniki","9":"first","10":"instock","11":"sale","12":"purchasable","13":"product-type-simple"},"_links":{"self":[{"href":"https:\/\/madelinefashion.pl\/sk\/wp-json\/wp\/v2\/product\/58999","targetHints":{"allow":["GET"]}}],"collection":[{"href":"https:\/\/madelinefashion.pl\/sk\/wp-json\/wp\/v2\/product"}],"about":[{"href":"https:\/\/madelinefashion.pl\/sk\/wp-json\/wp\/v2\/types\/product"}],"wp:featuredmedia":[{"embeddable":true,"href":"https:\/\/madelinefashion.pl\/sk\/wp-json\/wp\/v2\/media\/58854"}],"wp:attachment":[{"href":"https:\/\/madelinefashion.pl\/sk\/wp-json\/wp\/v2\/media?parent=58999"}],"wp:term":[{"taxonomy":"product_brand","embeddable":true,"href":"https:\/\/madelinefashion.pl\/sk\/wp-json\/wp\/v2\/product_brand?post=58999"},{"taxonomy":"product_cat","embeddable":true,"href":"https:\/\/madelinefashion.pl\/sk\/wp-json\/wp\/v2\/product_cat?post=58999"},{"taxonomy":"product_tag","embeddable":true,"href":"https:\/\/madelinefashion.pl\/sk\/wp-json\/wp\/v2\/product_tag?post=58999"}],"curies":[{"name":"pracovn\u00fd list","href":"https:\/\/api.w.org\/{rel}","templated":true}]}}

<h3 style="text-align: center;">Krate Midi Tejsa Shirt White</h3>
<p style="text-align: center;">Kockovaná košeľa je dokonalým základom a základom mnohých štýlov. Je totálne <strong>MUSIEŤ MAŤ</strong> túto sezónu. Košeľa s najmódnejšou potlačou <strong>skontrolované</strong>. Vpredu má vrecko a zapína sa na gombíky. Chcete sa cítiť včas? Pamätajte na košeľu vo vašom šatníku. Jeho farba a vzor vás urobia <strong>budete vyčnievať z davu</strong>. Najviac vám pristane MIDI verzia košele <strong>každodenný vzhľad</strong>. Model vybraný pre mnoho štýlov. Môžete ich nosiť k šortkám, džínsom, sukni a dokonca aj koženým nohaviciam. Našu kockovanú košeľu môžete nosiť aj ako<strong> šaty</strong>. Dokonale sa prispôsobí postave. Ideálne do školy, práce, na rande alebo na stretnutie s priateľmi! <strong>Ideálne pre každú príležitosť a čas! </strong>Veľkosť <strong>odporúčané univerzálne</strong> pre dámy vo veľkosti od<strong> S až XL.</strong> Dostupné vo viacerých farbách.</p>
<h3 style="text-align: center;">Rozmery trička:</h3>
<ul style="text-align: center;">
<li>Celková predná dĺžka: 97 cm</li>
<li>Šírka od podpazušia po: 52-56 cm</li>
<li>Šírka v páse: 54-58 cm</li>
<li>Šírka bokov: 55-60 cm</li>
<li>Dĺžka rukáva od podpazušia: 44 cm</li>
<li>Dĺžka rukáva od ramena: 62 cm<br />
Šírka bicepsu: 20 cm x 2</li>
</ul>
<p>&nbsp;</p>
<p style="text-align: center;">Rozmery sa môžu mierne líšiť od uvedených +/- 2cm. Všetky uvedené rozmery sú merané plošne.</p>
<p style="text-align: center;"><span style="font-size: 10pt;"> </span></p>
<p style="text-align: center;"><span style="font-size: 10pt;"> </span></p>
<table width="608">
<tbody>
<tr>
<td width="302">Meno modela</td>
<td width="302">Krate košeľa Midi Tejsa</td>
</tr>
<tr>
<td width="302">Farba</td>
<td width="302">biely čierny</td>
</tr>
<tr>
<td width="302">veľkosti</td>
<td width="302">Univerzálny</td>
</tr>
<tr>
<td width="302">Móda</td>
<td width="302">nadrozmerné</td>
</tr>
<tr>
<td width="302">Materiál</td>
<td width="302">Zloženie: 95 % bavlna 5%elastián</td>
</tr>
</tbody>
</table>
<p style="text-align: center;"><span style="font-size: 10pt;"> </span></p>
<div class="tabs tabs-bb clear mb-80">
<div class="tab-content">
<div id="tab-description" class="tab-pane fade in woocommerce-Tabs-panel--description active">
<div class="tabs tabs-bb clear mb-80">
<div class="tab-content">
<div id="tab-description" class="tab-pane fade in woocommerce-Tabs-panel--description active">
<p style="text-align: center;">Model má <strong>169</strong> cm vysoký, nosí veľkosť každý deň <strong>S</strong></p>
<p style="text-align: center;">Šírka cez prsia 92 cm</p>
<p style="text-align: center;">Šírka v páse 62 cm</p>
<p style="text-align: center;">Šírka v bokoch 94 cm</p>
</div>
</div>
</div>
</div>
</div>
</div>

<p>Koszula w Krate Midi Tejsa Biała Koszula w kratę to idealna baza i podstawa do wielu stylizacji. Jest to totalny MUST HAVE tego sezonu. Koszula z najmodniejszym Printem w krate. Posiada  kieszonk z przodu i zapinana jest na  guziki. Chcesz się poczuć na czasie? Pamiętaj o koszuli w swojej garderobie.  Jej kolor i wzór sprawią,</p>
<div class="klb-readmore post-buttons"><a class="button black outline size-sm" href="https://madelinefashion.pl/sk/koszula-w-krate-midi-tejsa-biala/">Čítať ďalej <i class="klbth-icon-right-arrow"></i></a></div>

pracovný list
