{"id":59013,"date":"2022-09-21T17:33:45","date_gmt":"2022-09-21T15:33:45","guid":{"rendered":"https:\/\/madelinefashion.pl\/?post_type=product&#038;p=59013"},"modified":"2026-01-15T12:43:14","modified_gmt":"2026-01-15T11:43:14","slug":"narzutka-flanelowa-w-krate-niebieska","status":"publish","type":"product","link":"https:\/\/madelinefashion.pl\/sk\/narzutka-flanelowa-w-krate-niebieska\/","title":{"rendered":"Modr\u00e1 kockovan\u00e1 flanelov\u00e1 peler\u00edna"},"content":{"rendered":"<h3 style=\"text-align: center;\">Modr\u00e1 kockovan\u00e1 flanelov\u00e1 peler\u00edna<\/h3>\n<p style=\"text-align: center;\"><strong>Modr\u00e1 kockovan\u00e1 flanelov\u00e1 peler\u00edna <\/strong>zapnut\u00e9 je skuto\u010dn\u00e9 <strong>sez\u00f3nny hit<\/strong>.Vyroben\u00e9 z ve\u013emi m\u00f3dneho a mimoriadne pr\u00edjemn\u00e9ho materi\u00e1lu \u2013 \u201ealpaky\u201d. \u0160t\u00fdlov\u00fd d\u00e1msky kab\u00e1t starostlivo u\u0161it\u00fd z <strong>tepl\u00e9 a pr\u00edjemn\u00e9 na dotyk<\/strong> tkaniny. Tepl\u00e9, ide\u00e1lne na jese\u0148 a jar. Oversize, vo\u013en\u00fd strih, ktor\u00fd sa hod\u00ed k elegantn\u00e9mu, le\u017e\u00e9rnemu aj \u0161portov\u00e9mu \u0161t\u00fdlu.<br \/>\n<strong>Kab\u00e1t je ide\u00e1lny na ka\u017ed\u00fa pr\u00edle\u017eitos\u0165.<\/strong>\u00a0V na\u0161om internetovom obchode n\u00e1jdete ve\u013ek\u00fd v\u00fdber kab\u00e1tov za bezkonkuren\u010dn\u00e9 ceny <strong>n\u00edzka cena.<br \/>\n<\/strong>Hod\u00ed sa ku ka\u017ed\u00e9mu \u0161t\u00fdlu, na ka\u017edodenn\u00e9 nosenie, no v\u010faka spr\u00e1vnym doplnkom si vytvor\u00edte aj origin\u00e1lny ve\u010dern\u00fd outfit<strong>romantick\u00fa prech\u00e1dzku, ako aj pracovn\u00fd v\u00fdlet<\/strong>. Model vhodn\u00fd pre d\u00e1my nosiace ve\u013e <strong>SML XL<\/strong><strong>\u00a0 . Pridajte k svojej objedn\u00e1vke teraz m\u00f3dne vrchn\u00e9 oble\u010denie a vyst\u00fapte z davu origin\u00e1lnym vzh\u013eadom na sez\u00f3nu jese\u0148\/zima.<\/strong><\/p>\n<h2 style=\"text-align: center;\">rozmery kab\u00e1ta:<\/h2>\n<ul style=\"text-align: center;\">\n<li>Celkov\u00e1 d\u013a\u017eka: 95 cm<\/li>\n<li>\u0160\u00edrka od pazuchy po pazuchu: 56-60 cm<\/li>\n<li>Maxim\u00e1lny obvod hrudn\u00edka: 120 cm<\/li>\n<li>D\u013a\u017eka ruk\u00e1va od ramena 50 cm<\/li>\n<\/ul>\n<p style=\"text-align: center;\">Rozmery sa m\u00f4\u017eu mierne l\u00ed\u0161i\u0165 od uveden\u00fdch +\/- 2cm. V\u0161etky uveden\u00e9 rozmery s\u00fa meran\u00e9 plo\u0161ne.<\/p>\n<p style=\"text-align: center;\"><strong>\u00a0<\/strong><\/p>\n<table width=\"499\">\n<tbody>\n<tr>\n<td width=\"302\">Meno modela<\/td>\n<td width=\"302\">Kockovan\u00fd flanelov\u00fd kab\u00e1t<\/td>\n<\/tr>\n<tr>\n<td width=\"302\">Farba<\/td>\n<td width=\"302\">Modr\u00e1<\/td>\n<\/tr>\n<tr>\n<td width=\"302\">Zbierka<\/td>\n<td width=\"302\">jar\/jese\u0148\/zima<\/td>\n<\/tr>\n<tr>\n<td width=\"302\">ve\u013ekosti<\/td>\n<td width=\"302\">Univerz\u00e1lny<\/td>\n<\/tr>\n<tr>\n<td width=\"302\">M\u00f3da<\/td>\n<td width=\"302\">nadrozmern\u00e9<\/td>\n<\/tr>\n<tr>\n<td width=\"302\">Hood<\/td>\n<td width=\"302\">\u00c1no<\/td>\n<\/tr>\n<tr>\n<td width=\"302\">Zaspievanie<\/td>\n<td width=\"302\">Sn\u00edmky<\/td>\n<\/tr>\n<tr>\n<td width=\"302\">Materi\u00e1l<\/td>\n<td width=\"302\">38,4% vlna; 23,51 TP3T polyester; 15,31 TP3T angora; 22,81 TP3T visk\u00f3za<\/td>\n<\/tr>\n<\/tbody>\n<\/table>\n<p style=\"text-align: center;\">Model m\u00e1\u00a0<strong>169<\/strong>\u00a0cm vysok\u00fd, nos\u00ed ve\u013ekos\u0165 ka\u017ed\u00fd de\u0148\u00a0<strong>S<\/strong><\/p>\n<p style=\"text-align: center;\">\u0160\u00edrka cez prsia 92 cm<\/p>\n<p style=\"text-align: center;\">\u0160\u00edrka v p\u00e1se 62 cm<\/p>\n<p style=\"text-align: center;\">\u0160\u00edrka v bokoch 94 cm<\/p>\n<section class=\"related products mb-80\"><\/section>","protected":false},"excerpt":{"rendered":"<p>Narzutka Flanelowa W Krate Niebieska Narzutka Flanelowa W Krate Niebieska zapinany na guziki to prawdziwy hit sezonu.\u00a0Wykonany z bardzo modnego i niezwykle przyjemnego materia\u0142u &#8211; &#8222;alpaka&#8221; . Stylowy p\u0142aszcz damski starannie uszyty z ciep\u0142ej i przyjemnej w dotyku tkaniny. Ciep\u0142y, idealny na jesie\u0144 i wiosn\u0119. Oversizeowy, lu\u017any kr\u00f3j pasuj\u0105cy do eleganckiej, casualowej jak i sportowej<\/p>\n<div class=\"klb-readmore post-buttons\"><a class=\"button black outline size-sm\" href=\"https:\/\/madelinefashion.pl\/sk\/narzutka-flanelowa-w-krate-niebieska\/\">\u010c\u00edta\u0165 \u010falej <i class=\"klbth-icon-right-arrow\"><\/i><\/a><\/div>","protected":false},"featured_media":58904,"template":"","meta":[],"product_brand":[],"product_cat":[118,279],"product_tag":[],"class_list":{"0":"post-59013","1":"product","2":"type-product","3":"status-publish","4":"has-post-thumbnail","6":"product_cat-plaszcze","7":"product_cat-plaszcze-wiosenne","9":"first","10":"outofstock","11":"sale","12":"purchasable","13":"product-type-simple"},"_links":{"self":[{"href":"https:\/\/madelinefashion.pl\/sk\/wp-json\/wp\/v2\/product\/59013","targetHints":{"allow":["GET"]}}],"collection":[{"href":"https:\/\/madelinefashion.pl\/sk\/wp-json\/wp\/v2\/product"}],"about":[{"href":"https:\/\/madelinefashion.pl\/sk\/wp-json\/wp\/v2\/types\/product"}],"wp:featuredmedia":[{"embeddable":true,"href":"https:\/\/madelinefashion.pl\/sk\/wp-json\/wp\/v2\/media\/58904"}],"wp:attachment":[{"href":"https:\/\/madelinefashion.pl\/sk\/wp-json\/wp\/v2\/media?parent=59013"}],"wp:term":[{"taxonomy":"product_brand","embeddable":true,"href":"https:\/\/madelinefashion.pl\/sk\/wp-json\/wp\/v2\/product_brand?post=59013"},{"taxonomy":"product_cat","embeddable":true,"href":"https:\/\/madelinefashion.pl\/sk\/wp-json\/wp\/v2\/product_cat?post=59013"},{"taxonomy":"product_tag","embeddable":true,"href":"https:\/\/madelinefashion.pl\/sk\/wp-json\/wp\/v2\/product_tag?post=59013"}],"curies":[{"name":"pracovn\u00fd list","href":"https:\/\/api.w.org\/{rel}","templated":true}]}}

Modrá kockovaná flanelová pelerína

<h3 style="text-align: center;">Modrá kockovaná flanelová pelerína</h3>
<p style="text-align: center;"><strong>Modrá kockovaná flanelová pelerína </strong>zapnuté je skutočné <strong>sezónny hit</strong>.Vyrobené z veľmi módneho a mimoriadne príjemného materiálu – „alpaky”. Štýlový dámsky kabát starostlivo ušitý z <strong>teplé a príjemné na dotyk</strong> tkaniny. Teplé, ideálne na jeseň a jar. Oversize, voľný strih, ktorý sa hodí k elegantnému, ležérnemu aj športovému štýlu.<br />
<strong>Kabát je ideálny na každú príležitosť.</strong> V našom internetovom obchode nájdete veľký výber kabátov za bezkonkurenčné ceny <strong>nízka cena.<br />
</strong>Hodí sa ku každému štýlu, na každodenné nosenie, no vďaka správnym doplnkom si vytvoríte aj originálny večerný outfit<strong>romantickú prechádzku, ako aj pracovný výlet</strong>. Model vhodný pre dámy nosiace veľ <strong>SML XL</strong><strong>  . Pridajte k svojej objednávke teraz módne vrchné oblečenie a vystúpte z davu originálnym vzhľadom na sezónu jeseň/zima.</strong></p>
<h2 style="text-align: center;">rozmery kabáta:</h2>
<ul style="text-align: center;">
<li>Celková dĺžka: 95 cm</li>
<li>Šírka od pazuchy po pazuchu: 56-60 cm</li>
<li>Maximálny obvod hrudníka: 120 cm</li>
<li>Dĺžka rukáva od ramena 50 cm</li>
</ul>
<p style="text-align: center;">Rozmery sa môžu mierne líšiť od uvedených +/- 2cm. Všetky uvedené rozmery sú merané plošne.</p>
<p style="text-align: center;"><strong> </strong></p>
<table width="499">
<tbody>
<tr>
<td width="302">Meno modela</td>
<td width="302">Kockovaný flanelový kabát</td>
</tr>
<tr>
<td width="302">Farba</td>
<td width="302">Modrá</td>
</tr>
<tr>
<td width="302">Zbierka</td>
<td width="302">jar/jeseň/zima</td>
</tr>
<tr>
<td width="302">veľkosti</td>
<td width="302">Univerzálny</td>
</tr>
<tr>
<td width="302">Móda</td>
<td width="302">nadrozmerné</td>
</tr>
<tr>
<td width="302">Hood</td>
<td width="302">Áno</td>
</tr>
<tr>
<td width="302">Zaspievanie</td>
<td width="302">Snímky</td>
</tr>
<tr>
<td width="302">Materiál</td>
<td width="302">38,4% vlna; 23,51 TP3T polyester; 15,31 TP3T angora; 22,81 TP3T viskóza</td>
</tr>
</tbody>
</table>
<p style="text-align: center;">Model má <strong>169</strong> cm vysoký, nosí veľkosť každý deň <strong>S</strong></p>
<p style="text-align: center;">Šírka cez prsia 92 cm</p>
<p style="text-align: center;">Šírka v páse 62 cm</p>
<p style="text-align: center;">Šírka v bokoch 94 cm</p>
<section class="related products mb-80"></section>

<p>Narzutka Flanelowa W Krate Niebieska Narzutka Flanelowa W Krate Niebieska zapinany na guziki to prawdziwy hit sezonu. Wykonany z bardzo modnego i niezwykle przyjemnego materiału &#8211; &#8222;alpaka&#8221; . Stylowy płaszcz damski starannie uszyty z ciepłej i przyjemnej w dotyku tkaniny. Ciepły, idealny na jesień i wiosnę. Oversizeowy, luźny krój pasujący do eleganckiej, casualowej jak i sportowej</p>
<div class="klb-readmore post-buttons"><a class="button black outline size-sm" href="https://madelinefashion.pl/sk/narzutka-flanelowa-w-krate-niebieska/">Čítať ďalej <i class="klbth-icon-right-arrow"></i></a></div>

pracovný list
