{"id":590450,"date":"2026-01-09T15:20:20","date_gmt":"2026-01-09T14:20:20","guid":{"rendered":"https:\/\/madelinefashion.pl\/?post_type=product&#038;p=590450"},"modified":"2026-04-28T11:36:17","modified_gmt":"2026-04-28T09:36:17","slug":"sukienka-tiulowa-brokatowa-na-ramiaczkach-astra-czarna","status":"publish","type":"product","link":"https:\/\/madelinefashion.pl\/sk\/sukienka-tiulowa-brokatowa-na-ramiaczkach-astra-czarna\/","title":{"rendered":"\u010cierne trblietav\u00e9 tylov\u00e9 \u0161aty Astra s ramienkami"},"content":{"rendered":"<h3 style=\"text-align: center;\">\u010cierne trblietav\u00e9 tylov\u00e9 \u0161aty Astra s ramienkami<\/h3>\n<p style=\"text-align: center;\" data-start=\"204\" data-end=\"519\">Tieto jedine\u010dn\u00e9 \u0161aty s\u00fa stelesnen\u00edm elegancie, \u017eenskosti a luxusu. Vyroben\u00e9 z <strong data-start=\"284\" data-end=\"316\">jemn\u00fd, vzdu\u0161n\u00fd tyl<\/strong>, ktor\u00e1 v pohybe kr\u00e1sne spl\u00fdva a vytv\u00e1ra \u013eahk\u00fd, romantick\u00fd efekt. \u0160aty <strong data-start=\"395\" data-end=\"434\">dokonale zv\u00fdraz\u0148uje \u017eensk\u00e9 tvary<\/strong>, zd\u00f4raz\u0148uj\u00fac p\u00e1s a siluetu a z\u00e1rove\u0148 zais\u0165uj\u00fac pohodlie a jednoduchos\u0165 nosenia. Vrchn\u00e1 \u010das\u0165 \u0161iat je <strong data-start=\"545\" data-end=\"595\">priliehav\u00fd korzet s v\u00fdstu\u017en\u00fdmi ko\u0161\u00ed\u010dkami<\/strong>, v\u010faka \u010domu nie je potrebn\u00e1 \u010fal\u0161ia podprsenka. Korzet kr\u00e1sne tvaruje poprsie, zd\u00f4raz\u0148uje p\u00e1s a dod\u00e1va siluete harmonick\u00fd tvar. Dekor\u00e1cie v podobe <strong data-start=\"757\" data-end=\"799\">v\u00fd\u0161ivka a trblietav\u00e9 kry\u0161t\u00e1ly<\/strong> dodaj\u00fa \u0161at\u00e1m luxusn\u00fd charakter a jemn\u00fd lesk pri ka\u017edom pohybe. \u0160aty maj\u00fa <strong data-start=\"895\" data-end=\"927\">tenk\u00e9, jemn\u00e9 ramienka<\/strong>, a \u0161nurovanie vzadu umo\u017e\u0148uje dokonal\u00e9 prisp\u00f4sobenie, poskytuje pohodlie a zais\u0165uje, \u017ee ka\u017ed\u00fd detail dokonale sed\u00ed. Tylov\u00fd lem \u0161iat <strong data-start=\"1073\" data-end=\"1137\">vzdu\u0161ne pad\u00e1 a vytv\u00e1ra p\u00f4sobiv\u00fa, mierne roz\u0161\u00edren\u00fa l\u00edniu<\/strong>, ktor\u00e1 vyzer\u00e1 fenomen\u00e1lne v pohybe aj pri p\u00f3zovan\u00ed. Modelka je <strong data-start=\"1220\" data-end=\"1251\">ide\u00e1lne na \u0161peci\u00e1lne pr\u00edle\u017eitosti<\/strong> \u2014 svadby, plesy, bankety a in\u00e9 elegantn\u00e9 udalosti. <strong data-start=\"1309\" data-end=\"1341\">Vrchn\u00fd diel korzetu a tylov\u00fd spodn\u00fd diel<\/strong> Vytv\u00e1raj\u00fa kombin\u00e1ciu klasick\u00e9ho a modern\u00e9ho \u0161t\u00fdlu, v\u010faka \u010domu s\u00fa \u0161aty vhodn\u00e9 pre r\u00f4zne tvary postavy a ka\u017ed\u00e1 \u017eena sa v nich bude c\u00edti\u0165 v\u00fdnimo\u010dne. \u0160aty s\u00fa dostupn\u00e9 v... <strong data-start=\"1518\" data-end=\"1545\">ve\u013ekosti XS, S, M a L<\/strong>, a r\u00f4zne farby v\u00e1m umo\u017e\u0148uj\u00fa prisp\u00f4sobi\u0165 si ho va\u0161im individu\u00e1lnym preferenci\u00e1m. Ak sa neviete rozhodn\u00fa\u0165, ktor\u00e1 farba alebo ve\u013ekos\u0165 je pre v\u00e1s najvhodnej\u0161ia, kontaktujte n\u00e1s prostredn\u00edctvom <strong data-start=\"1727\" data-end=\"1752\">Facebook alebo telef\u00f3n<\/strong> \u2014 Na\u0161i poradcovia v\u00e1m radi pom\u00f4\u017eu vybra\u0165 t\u00fa spr\u00e1vnu mo\u017enos\u0165. Ak po\u017eadovan\u00fa ve\u013ekos\u0165 nem\u00e1te na webovej str\u00e1nke, kontaktujte n\u00e1s \u2014 \u010dasto ju vieme pre v\u00e1s objedna\u0165 alebo odporu\u010di\u0165 alternat\u00edvu. .<strong data-start=\"1950\" data-end=\"2085\">Tieto \u0161aty s\u00fa kombin\u00e1ciou elegancie, klasick\u00e9ho a modern\u00e9ho \u0161t\u00fdlu - vytvoren\u00e9 tak, aby sa ka\u017ed\u00e1 \u017eena c\u00edtila jedine\u010dn\u00e1 a oslniv\u00e1.<\/strong><\/p>\n<h3 style=\"text-align: center;\">ROZMERY \u0161iat:<\/h3>\n<p><img fetchpriority=\"high\" decoding=\"async\" class=\"size-medium wp-image-16801 aligncenter\" src=\"https:\/\/madelinefashion.pl\/wp-content\/uploads\/2021\/08\/wymiary-suknia-300x194.png\" alt=\"\" width=\"300\" height=\"194\" title=\"\"><\/p>\n<table width=\"500\">\n<tbody>\n<tr>\n<td><strong>VE\u013dKOS\u0164<\/strong><\/td>\n<td><strong>poprsia<\/strong><\/td>\n<td><strong>P\u00e1s<\/strong><\/td>\n<td width=\"73\"><strong>Boky<\/strong><\/td>\n<\/tr>\n<tr>\n<td><strong>34<\/strong><\/td>\n<td>84-86<\/td>\n<td>64<\/td>\n<td width=\"73\">\u00a0ak\u00fdko\u013evek<\/td>\n<\/tr>\n<tr>\n<td><strong>36<\/strong><\/td>\n<td>88-90<\/td>\n<td>68<\/td>\n<td width=\"73\">\u00a0ak\u00fdko\u013evek<\/td>\n<\/tr>\n<tr>\n<td><strong>38<\/strong><\/td>\n<td>\u00a092-94<\/td>\n<td>72<\/td>\n<td width=\"73\">\u00a0ak\u00fdko\u013evek<\/td>\n<\/tr>\n<tr>\n<td><strong>40<\/strong><\/td>\n<td>96-98<\/td>\n<td>76<\/td>\n<td width=\"73\">\u00a0ak\u00fdko\u013evek<\/td>\n<\/tr>\n<\/tbody>\n<\/table>\n<p style=\"text-align: center;\"><span style=\"font-size: 10pt;\">\u00a0<\/span><\/p>\n<p style=\"text-align: center;\"><span style=\"font-size: 10pt;\">celkov\u00e1 d\u013a\u017eka cca 157 cm\u00a0\u00a0<\/span><\/p>\n<p style=\"text-align: center;\"><span style=\"font-size: 10pt;\">\u0160aty dostupn\u00e9 aj v <strong>in\u00e9 farebn\u00e9 varianty<\/strong> \u2013 odpor\u00fa\u010dame v\u00e1m zozn\u00e1mi\u0165 sa s na\u0161imi \u010fal\u0161\u00edmi produktmi.\u00a0<\/span><\/p>\n<p style=\"text-align: center;\"><span style=\"font-size: 10pt;\">Rozmery sa m\u00f4\u017eu mierne l\u00ed\u0161i\u0165 od uveden\u00fdch +\/- 2cm.\u00a0<\/span><\/p>\n<p style=\"text-align: center;\"><span style=\"font-size: 10pt;\"><strong>\u00a0<\/strong>\u00a0<\/span><\/p>\n<table style=\"height: 239px;\" width=\"757\">\n<tbody>\n<tr>\n<td width=\"302\">Meno modela<\/td>\n<td width=\"302\">\u010cierne tylov\u00e9 \u0161aty s ramienkami Astra<\/td>\n<\/tr>\n<tr>\n<td width=\"302\">Farba<\/td>\n<td width=\"302\">\u010dierna<\/td>\n<\/tr>\n<tr>\n<td width=\"302\">Materi\u00e1l<\/td>\n<td width=\"302\">Tyl<\/td>\n<\/tr>\n<tr>\n<td width=\"302\">ve\u013ekosti<\/td>\n<td width=\"302\">\u00a034 36 38 40<\/td>\n<\/tr>\n<tr>\n<td width=\"302\">M\u00f3da<\/td>\n<td width=\"302\">Zhoda<\/td>\n<\/tr>\n<tr>\n<td width=\"302\">Materi\u00e1l<\/td>\n<td width=\"302\">Visk\u00f3za, polyester, bavlna<\/td>\n<\/tr>\n<tr>\n<td width=\"302\">D\u013a\u017eka<\/td>\n<td width=\"302\">Na zem<\/td>\n<\/tr>\n<\/tbody>\n<\/table>\n<p style=\"text-align: center;\"><span style=\"font-size: 10pt;\">* Pre v\u00e4\u010d\u0161ie ve\u013ekosti n\u00e1s pros\u00edm kontaktujte telefonicky\u00a0\u00a0<\/span><\/p>\n<p style=\"text-align: center;\"><span style=\"font-size: 10pt;\">Aby ste si vybrali <strong>perfektn\u00e9 \u0161aty<\/strong> kontaktujte n\u00e1s telefonicky alebo prostredn\u00edctvom na\u0161ej webovej str\u00e1nky <a href=\"https:\/\/www.facebook.com\/madelinefashionbutik\" target=\"_blank\" rel=\"noopener\">Facebook<\/a> .<\/span><br \/>\n<span style=\"font-size: 10pt;\">N\u00e1\u0161 t\u00edm v\u00e1m pom\u00f4\u017ee <strong>Vyberte si ten spr\u00e1vny<\/strong> . <strong>Na \u017eelanie kupuj\u00faceho vyrob\u00edme ak\u00e9ko\u013evek \u0161aty\u00a0<\/strong><strong>opatrne mera\u0165.\u00a0<\/strong><\/span><\/p>\n<div class=\"additional-details\" style=\"text-align: center;\">\n<p style=\"text-align: center;\"><span style=\"font-size: 10pt;\">\u00a0<\/span><\/p>\n<\/div>","protected":false},"excerpt":{"rendered":"<p>Sukienka Tiulowa Brokatowa Na Rami\u0105czkach Astra Czarna Ta wyj\u0105tkowa suknia to kwintesencja elegancji, kobieco\u015bci i luksusu. Wykonana z delikatnego, zwiewnego tiulu, kt\u00f3ry pi\u0119knie uk\u0142ada si\u0119 w ruchu, tworz\u0105c lekki, romantyczny efekt. Sukienka idealnie eksponuje kobiece kszta\u0142ty, podkre\u015blaj\u0105c tali\u0119 i sylwetk\u0119, a jednocze\u015bnie zapewnia wygod\u0119 i swobod\u0119 noszenia. G\u00f3rna cz\u0119\u015b\u0107 sukienki to dopasowany gorset z miseczkami<\/p>\n<div class=\"klb-readmore post-buttons\"><a class=\"button black outline size-sm\" href=\"https:\/\/madelinefashion.pl\/sk\/sukienka-tiulowa-brokatowa-na-ramiaczkach-astra-czarna\/\">\u010c\u00edta\u0165 \u010falej <i class=\"klbth-icon-right-arrow\"><\/i><\/a><\/div>","protected":false},"featured_media":592116,"template":"","meta":[],"product_brand":[],"product_cat":[124,395,692,561],"product_tag":[213,163],"class_list":{"0":"post-590450","1":"product","2":"type-product","3":"status-publish","4":"has-post-thumbnail","6":"product_cat-sukienki-okolicznosciowe","7":"product_cat-nowosci","8":"product_cat-sukienki-na-studniowke","9":"product_cat-sukienki-tiulowe","10":"product_tag-sukienka-czarna","11":"product_tag-sukienki-dlugie","13":"first","14":"instock","15":"sale","16":"purchasable","17":"product-type-variable"},"_links":{"self":[{"href":"https:\/\/madelinefashion.pl\/sk\/wp-json\/wp\/v2\/product\/590450","targetHints":{"allow":["GET"]}}],"collection":[{"href":"https:\/\/madelinefashion.pl\/sk\/wp-json\/wp\/v2\/product"}],"about":[{"href":"https:\/\/madelinefashion.pl\/sk\/wp-json\/wp\/v2\/types\/product"}],"wp:featuredmedia":[{"embeddable":true,"href":"https:\/\/madelinefashion.pl\/sk\/wp-json\/wp\/v2\/media\/592116"}],"wp:attachment":[{"href":"https:\/\/madelinefashion.pl\/sk\/wp-json\/wp\/v2\/media?parent=590450"}],"wp:term":[{"taxonomy":"product_brand","embeddable":true,"href":"https:\/\/madelinefashion.pl\/sk\/wp-json\/wp\/v2\/product_brand?post=590450"},{"taxonomy":"product_cat","embeddable":true,"href":"https:\/\/madelinefashion.pl\/sk\/wp-json\/wp\/v2\/product_cat?post=590450"},{"taxonomy":"product_tag","embeddable":true,"href":"https:\/\/madelinefashion.pl\/sk\/wp-json\/wp\/v2\/product_tag?post=590450"}],"curies":[{"name":"pracovn\u00fd list","href":"https:\/\/api.w.org\/{rel}","templated":true}]}}

Čierne trblietavé tylové šaty Astra s ramienkami

<h3 style="text-align: center;">Čierne trblietavé tylové šaty Astra s ramienkami</h3>
<p style="text-align: center;" data-start="204" data-end="519">Tieto jedinečné šaty sú stelesnením elegancie, ženskosti a luxusu. Vyrobené z <strong data-start="284" data-end="316">jemný, vzdušný tyl</strong>, ktorá v pohybe krásne splýva a vytvára ľahký, romantický efekt. Šaty <strong data-start="395" data-end="434">dokonale zvýrazňuje ženské tvary</strong>, zdôrazňujúc pás a siluetu a zároveň zaisťujúc pohodlie a jednoduchosť nosenia. Vrchná časť šiat je <strong data-start="545" data-end="595">priliehavý korzet s výstužnými košíčkami</strong>, vďaka čomu nie je potrebná ďalšia podprsenka. Korzet krásne tvaruje poprsie, zdôrazňuje pás a dodáva siluete harmonický tvar. Dekorácie v podobe <strong data-start="757" data-end="799">výšivka a trblietavé kryštály</strong> dodajú šatám luxusný charakter a jemný lesk pri každom pohybe. Šaty majú <strong data-start="895" data-end="927">tenké, jemné ramienka</strong>, a šnurovanie vzadu umožňuje dokonalé prispôsobenie, poskytuje pohodlie a zaisťuje, že každý detail dokonale sedí. Tylový lem šiat <strong data-start="1073" data-end="1137">vzdušne padá a vytvára pôsobivú, mierne rozšírenú líniu</strong>, ktorá vyzerá fenomenálne v pohybe aj pri pózovaní. Modelka je <strong data-start="1220" data-end="1251">ideálne na špeciálne príležitosti</strong> — svadby, plesy, bankety a iné elegantné udalosti. <strong data-start="1309" data-end="1341">Vrchný diel korzetu a tylový spodný diel</strong> Vytvárajú kombináciu klasického a moderného štýlu, vďaka čomu sú šaty vhodné pre rôzne tvary postavy a každá žena sa v nich bude cítiť výnimočne. Šaty sú dostupné v... <strong data-start="1518" data-end="1545">veľkosti XS, S, M a L</strong>, a rôzne farby vám umožňujú prispôsobiť si ho vašim individuálnym preferenciám. Ak sa neviete rozhodnúť, ktorá farba alebo veľkosť je pre vás najvhodnejšia, kontaktujte nás prostredníctvom <strong data-start="1727" data-end="1752">Facebook alebo telefón</strong> — Naši poradcovia vám radi pomôžu vybrať tú správnu možnosť. Ak požadovanú veľkosť nemáte na webovej stránke, kontaktujte nás — často ju vieme pre vás objednať alebo odporučiť alternatívu. .<strong data-start="1950" data-end="2085">Tieto šaty sú kombináciou elegancie, klasického a moderného štýlu - vytvorené tak, aby sa každá žena cítila jedinečná a oslnivá.</strong></p>
<h3 style="text-align: center;">ROZMERY šiat:</h3>
<p><img fetchpriority="high" decoding="async" class="size-medium wp-image-16801 aligncenter" src="https://madelinefashion.pl/wp-content/uploads/2021/08/wymiary-suknia-300x194.png" alt="" width="300" height="194" title=""></p>
<table width="500">
<tbody>
<tr>
<td><strong>VEĽKOSŤ</strong></td>
<td><strong>poprsia</strong></td>
<td><strong>Pás</strong></td>
<td width="73"><strong>Boky</strong></td>
</tr>
<tr>
<td><strong>34</strong></td>
<td>84-86</td>
<td>64</td>
<td width="73"> akýkoľvek</td>
</tr>
<tr>
<td><strong>36</strong></td>
<td>88-90</td>
<td>68</td>
<td width="73"> akýkoľvek</td>
</tr>
<tr>
<td><strong>38</strong></td>
<td> 92-94</td>
<td>72</td>
<td width="73"> akýkoľvek</td>
</tr>
<tr>
<td><strong>40</strong></td>
<td>96-98</td>
<td>76</td>
<td width="73"> akýkoľvek</td>
</tr>
</tbody>
</table>
<p style="text-align: center;"><span style="font-size: 10pt;"> </span></p>
<p style="text-align: center;"><span style="font-size: 10pt;">celková dĺžka cca 157 cm  </span></p>
<p style="text-align: center;"><span style="font-size: 10pt;">Šaty dostupné aj v <strong>iné farebné varianty</strong> – odporúčame vám zoznámiť sa s našimi ďalšími produktmi. </span></p>
<p style="text-align: center;"><span style="font-size: 10pt;">Rozmery sa môžu mierne líšiť od uvedených +/- 2cm. </span></p>
<p style="text-align: center;"><span style="font-size: 10pt;"><strong> </strong> </span></p>
<table style="height: 239px;" width="757">
<tbody>
<tr>
<td width="302">Meno modela</td>
<td width="302">Čierne tylové šaty s ramienkami Astra</td>
</tr>
<tr>
<td width="302">Farba</td>
<td width="302">čierna</td>
</tr>
<tr>
<td width="302">Materiál</td>
<td width="302">Tyl</td>
</tr>
<tr>
<td width="302">veľkosti</td>
<td width="302"> 34 36 38 40</td>
</tr>
<tr>
<td width="302">Móda</td>
<td width="302">Zhoda</td>
</tr>
<tr>
<td width="302">Materiál</td>
<td width="302">Viskóza, polyester, bavlna</td>
</tr>
<tr>
<td width="302">Dĺžka</td>
<td width="302">Na zem</td>
</tr>
</tbody>
</table>
<p style="text-align: center;"><span style="font-size: 10pt;">* Pre väčšie veľkosti nás prosím kontaktujte telefonicky  </span></p>
<p style="text-align: center;"><span style="font-size: 10pt;">Aby ste si vybrali <strong>perfektné šaty</strong> kontaktujte nás telefonicky alebo prostredníctvom našej webovej stránky <a href="https://www.facebook.com/madelinefashionbutik" target="_blank" rel="noopener">Facebook</a> .</span><br />
<span style="font-size: 10pt;">Náš tím vám pomôže <strong>Vyberte si ten správny</strong> . <strong>Na želanie kupujúceho vyrobíme akékoľvek šaty </strong><strong>opatrne merať. </strong></span></p>
<div class="additional-details" style="text-align: center;">
<p style="text-align: center;"><span style="font-size: 10pt;"> </span></p>
</div>

<p>Sukienka Tiulowa Brokatowa Na Ramiączkach Astra Czarna Ta wyjątkowa suknia to kwintesencja elegancji, kobiecości i luksusu. Wykonana z delikatnego, zwiewnego tiulu, który pięknie układa się w ruchu, tworząc lekki, romantyczny efekt. Sukienka idealnie eksponuje kobiece kształty, podkreślając talię i sylwetkę, a jednocześnie zapewnia wygodę i swobodę noszenia. Górna część sukienki to dopasowany gorset z miseczkami</p>
<div class="klb-readmore post-buttons"><a class="button black outline size-sm" href="https://madelinefashion.pl/sk/sukienka-tiulowa-brokatowa-na-ramiaczkach-astra-czarna/">Čítať ďalej <i class="klbth-icon-right-arrow"></i></a></div>

pracovný list
