{"id":591813,"date":"2026-01-19T17:14:54","date_gmt":"2026-01-19T16:14:54","guid":{"rendered":"https:\/\/madelinefashion.pl\/?post_type=product&#038;p=591813"},"modified":"2026-04-10T15:05:24","modified_gmt":"2026-04-10T13:05:24","slug":"suknia-maxi-tiulowa-raffaello-pudrowy-roz","status":"publish","type":"product","link":"https:\/\/madelinefashion.pl\/sk\/suknia-maxi-tiulowa-raffaello-pudrowy-roz\/","title":{"rendered":"Maxi \u0161aty Raffaello s p\u00fadrovou ru\u017eovou v\u00fd\u0161ivkou"},"content":{"rendered":"<h3 style=\"text-align: center;\">Maxi \u0161aty Raffaello s p\u00fadrovou ru\u017eovou v\u00fd\u0161ivkou<\/h3>\n<p style=\"text-align: center;\">Elegancia, \u0161ik a jemn\u00e9 detaily v jednom modeli. <strong>Ru\u017eov\u00e9 tylov\u00e9 maxi \u0161aty<\/strong> bol navrhnut\u00fd pre \u0161peci\u00e1lne pr\u00edle\u017eitosti \u2013 od ve\u010dern\u00fdch ve\u010dierkov, cez plesy a\u017e po elegantn\u00e9 oslavy. Tylov\u00fd materi\u00e1l dod\u00e1va \u0161at\u00e1m \u013eahkos\u0165 a jemn\u00fd pohyb, zatia\u013e \u010do ozdoby v hornej \u010dasti im dod\u00e1vaj\u00fa luxusn\u00fd n\u00e1dych. Maxi strih umo\u017e\u0148uje vo\u013en\u00fd pohyb, zatia\u013e \u010do jemn\u00e1 \u010dipka a lemy dokonale zv\u00fdraz\u0148uj\u00fa siluetu a zv\u00fdraz\u0148uj\u00fa p\u00e1s a v\u00fdstrih. \u0160aty...\u201e<strong>Raffaello\u201d<\/strong> je perfektnou vo\u013ebou pre \u017eeny, ktor\u00e9 si cenia kombin\u00e1ciu klasick\u00e9ho \u0161t\u00fdlu a modern\u00e9ho, elegantn\u00e9ho dizajnu. Dostupn\u00e9 vo ve\u013ekostiach \u00a0<strong>SML\u00a0 <\/strong>. Exkluz\u00edvna ru\u017eov\u00e1<strong data-start=\"175\" data-end=\"201\">\u00a0pr\u00e9miov\u00e9 \u0161aty<\/strong> Toto je n\u00e1vrh pre \u017eeny, ktor\u00e9 chc\u00fa oslni\u0165 eleganciou a luxusom pri t\u00fdch najd\u00f4le\u017eitej\u0161\u00edch pr\u00edle\u017eitostiach. Vzne\u0161en\u00fd odtie\u0148 zlata, dokonal\u00fd strih a najvy\u0161\u0161ia kvalita spracovania robia z tohto outfitu ide\u00e1lny outfit na \u0161peci\u00e1lne pr\u00edle\u017eitosti a ve\u010dern\u00e9 oslavy. V\u00fdnimo\u010dn\u00fd. <strong data-start=\"237\" data-end=\"285\">princeznovsk\u00e9 \u0161aty odpor\u00fa\u010dan\u00e9 na 18. narodeniny<\/strong> Toto je n\u00e1vrh pre diev\u010dat\u00e1, ktor\u00e9 sa chc\u00fa v tento jedine\u010dn\u00fd de\u0148 c\u00edti\u0165 skuto\u010dne v\u00fdnimo\u010dn\u00e9. Rozpr\u00e1vkov\u00fd dizajn, v\u00fdrazn\u00e1 suk\u0148a a elegantn\u00e9 detaily robia tento outfit podmaniv\u00fdm a fascinuj\u00facim od prv\u00e9ho okamihu. <strong>MadelineFashion<\/strong> je vynikaj\u00facou vo\u013ebou na svadbu, ples, Silvestra a in\u00e9 elegantn\u00e9 \u0161peci\u00e1lne udalosti. Ak sa neviete rozhodn\u00fa\u0165, ktor\u00fd <strong>ve\u013ekos\u0165<\/strong> je pre v\u00e1s to najlep\u0161ie <strong>kontaktuj n\u00e1s<\/strong> cez <a href=\"https:\/\/www.facebook.com\/madelinefashionbutik\" target=\"_blank\" rel=\"noopener\">Facebook<\/a> alebo <a href=\"https:\/\/madelinefashion.pl\/sk\/kontakt\/\">telef\u00f3n<\/a>. Ak ve\u013ekos\u0165 nie je na str\u00e1nke, kontaktujte n\u00e1s.<\/p>\n<p>&nbsp;<\/p>\n<table width=\"556\">\n<tbody>\n<tr>\n<td><strong>VE\u013dKOS\u0164<\/strong><\/td>\n<td><strong>poprsia<\/strong><\/td>\n<td><strong>P\u00e1s<\/strong><\/td>\n<td><strong>Boky<\/strong><\/td>\n<\/tr>\n<tr>\n<td><strong>34<\/strong><\/td>\n<td>84-86<\/td>\n<td>64<\/td>\n<td>\u00a0ak\u00fdko\u013evek<\/td>\n<\/tr>\n<tr>\n<td><strong>36<\/strong><\/td>\n<td>88-90<\/td>\n<td>68<\/td>\n<td>\u00a0ak\u00fdko\u013evek<\/td>\n<\/tr>\n<tr>\n<td><strong>38<\/strong><\/td>\n<td>\u00a092-94<\/td>\n<td>72<\/td>\n<td>\u00a0ak\u00fdko\u013evek<\/td>\n<\/tr>\n<tr>\n<td><strong>40<\/strong><\/td>\n<td>96-98<\/td>\n<td>76<\/td>\n<td>\u00a0ak\u00fdko\u013evek<\/td>\n<\/tr>\n<\/tbody>\n<\/table>\n<p style=\"text-align: center;\"><span style=\"font-size: 10pt;\"><span style=\"font-size: 10pt;\">\u0160aty dostupn\u00e9 aj v <\/span><strong style=\"font-size: 10pt;\">in\u00e9 farebn\u00e9 varianty<\/strong><span style=\"font-size: 10pt;\"> \u2013 odpor\u00fa\u010dame v\u00e1m zozn\u00e1mi\u0165 sa s na\u0161imi \u010fal\u0161\u00edmi produktmi.\u00a0<\/span>celkov\u00e1 d\u013a\u017eka cca 157 cm\u00a0\u00a0<\/span><\/p>\n<p style=\"text-align: center;\"><span style=\"font-size: 10pt;\">Rozmery sa m\u00f4\u017eu mierne l\u00ed\u0161i\u0165 od uveden\u00fdch +\/- 2cm.\u00a0<\/span><\/p>\n<p style=\"text-align: center;\"><span style=\"font-size: 10pt;\"><strong>\u00a0<\/strong>\u00a0<\/span><\/p>\n<table width=\"618\">\n<tbody>\n<tr>\n<td width=\"302\">Meno modela<\/td>\n<td width=\"302\">Tylov\u00e9 maxi \u0161aty Raffaello<\/td>\n<\/tr>\n<tr>\n<td width=\"302\">Farba<\/td>\n<td width=\"302\">Ru\u017eov\u00e1<\/td>\n<\/tr>\n<tr>\n<td width=\"302\">Marka<\/td>\n<td width=\"302\">Madeline Fashion<\/td>\n<\/tr>\n<tr>\n<td width=\"302\">ve\u013ekosti<\/td>\n<td width=\"302\">36 38 40<\/td>\n<\/tr>\n<tr>\n<td width=\"302\">M\u00f3da<\/td>\n<td width=\"302\">Zhoda<\/td>\n<\/tr>\n<tr>\n<td width=\"302\">Materi\u00e1l<\/td>\n<td width=\"302\">Visk\u00f3za, polyester, bavlna<\/td>\n<\/tr>\n<tr>\n<td width=\"302\">D\u013a\u017eka<\/td>\n<td width=\"302\">Na zem<\/td>\n<\/tr>\n<\/tbody>\n<\/table>\n<p style=\"text-align: center;\" align=\"center\">Poz\u00fdvame v\u00e1s do n\u00e1\u0161ho sal\u00f3nu svadobn\u00fdch \u0161iat, ktor\u00fd sa nach\u00e1dza na ulici Moniuszki 2 v srdci Konstantyn\u00f3wa v Lod\u017eskom. V na\u0161om profesion\u00e1lnom sal\u00f3ne n\u00e1jdete \u0161irok\u00fd v\u00fdber svadobn\u00fdch \u0161iat, ktor\u00e9 splnia va\u0161e najtajnej\u0161ie sny o dokonalom dni. T\u00edm sk\u00fasen\u00fdch konzultantov v\u00e1m pom\u00f4\u017ee vybra\u0165 si perfektn\u00e9 \u0161aty, prisp\u00f4soben\u00e9 va\u0161im o\u010dak\u00e1vaniam a postave. Srde\u010dne v\u00e1s poz\u00fdvame na n\u00e1v\u0161tevu \u2013 presved\u010dte sa, ak\u00fd v\u00fdnimo\u010dn\u00fd m\u00f4\u017ee by\u0165 v\u00e1\u0161 de\u0148!<\/p>\n<p>Ka\u017ed\u00e9 \u0161aty sa daj\u00fa v pr\u00edpade potreby upravi\u0165 pod\u013ea va\u0161ej v\u00fd\u0161ky a v\u00fd\u0161ky podp\u00e4tku. Ak s\u00fa pr\u00edli\u0161 dlh\u00e9, m\u00f4\u017eete si ich skr\u00e1ti\u0165 alebo necha\u0165 kraj\u010d\u00edrku urobi\u0165 drobn\u00e9 \u00fapravy. Takto si m\u00f4\u017eete vybran\u00e9 \u0161aty jednoducho prisp\u00f4sobi\u0165 svojim mieram a c\u00edti\u0165 sa v nich dokonale pohodlne.<\/p>\n<p style=\"text-align: center;\" align=\"center\">Aby ste si vybrali\u00a0<strong>perfektn\u00e9 \u0161aty<\/strong>\u00a0kontaktujte n\u00e1s telefonicky alebo prostredn\u00edctvom na\u0161ej webovej str\u00e1nky <a href=\"https:\/\/www.facebook.com\/madelinefashionbutik\" target=\"_blank\" rel=\"noopener\">Facebook<\/a> .<br \/>\nN\u00e1\u0161 t\u00edm v\u00e1m pom\u00f4\u017ee\u00a0<strong>Vyberte si ten spr\u00e1vny<\/strong>\u00a0.\u00a0<strong>Ka\u017ed\u00e9 \u0161aty vieme presne zmera\u0165 na po\u017eiadanie kupuj\u00facej.\u00a0<\/strong><\/p>\n<div class=\"additional-details\" style=\"text-align: center;\">\n<p style=\"text-align: center;\"><span style=\"font-size: 10pt;\">\u00a0<\/span><\/p>\n<\/div>","protected":false},"excerpt":{"rendered":"<p>Suknia Maxi Tiulowa Raffaello Pudrowy R\u00f3\u017c Elegancja, szyk i subtelne detale w jednym modelu. Ta r\u00f3\u017cowa suknia maxi z tiulu zosta\u0142a zaprojektowana z my\u015bl\u0105 o wyj\u0105tkowych okazjach \u2013 od wieczornych przyj\u0119\u0107, przez bale, a\u017c po eleganckie uroczysto\u015bci. Tiulowy materia\u0142 nadaje sukience lekko\u015bci i delikatnego ruchu, a zdobienia na g\u00f3rze dodaj\u0105 jej luksusowego charakteru. Fason maxi<\/p>\n<div class=\"klb-readmore post-buttons\"><a class=\"button black outline size-sm\" href=\"https:\/\/madelinefashion.pl\/sk\/suknia-maxi-tiulowa-raffaello-pudrowy-roz\/\">\u010c\u00edta\u0165 \u010falej <i class=\"klbth-icon-right-arrow\"><\/i><\/a><\/div>","protected":false},"featured_media":591810,"template":"","meta":[],"product_brand":[],"product_cat":[124,395,563,692,561],"product_tag":[257,163,215],"class_list":{"0":"post-591813","1":"product","2":"type-product","3":"status-publish","4":"has-post-thumbnail","6":"product_cat-sukienki-okolicznosciowe","7":"product_cat-nowosci","8":"product_cat-sukienki-gorsetowe","9":"product_cat-sukienki-na-studniowke","10":"product_cat-sukienki-tiulowe","11":"product_tag-madelinefashion","12":"product_tag-sukienki-dlugie","13":"product_tag-sukienki-rozowe","15":"first","16":"instock","17":"sale","18":"purchasable","19":"product-type-variable"},"_links":{"self":[{"href":"https:\/\/madelinefashion.pl\/sk\/wp-json\/wp\/v2\/product\/591813","targetHints":{"allow":["GET"]}}],"collection":[{"href":"https:\/\/madelinefashion.pl\/sk\/wp-json\/wp\/v2\/product"}],"about":[{"href":"https:\/\/madelinefashion.pl\/sk\/wp-json\/wp\/v2\/types\/product"}],"wp:featuredmedia":[{"embeddable":true,"href":"https:\/\/madelinefashion.pl\/sk\/wp-json\/wp\/v2\/media\/591810"}],"wp:attachment":[{"href":"https:\/\/madelinefashion.pl\/sk\/wp-json\/wp\/v2\/media?parent=591813"}],"wp:term":[{"taxonomy":"product_brand","embeddable":true,"href":"https:\/\/madelinefashion.pl\/sk\/wp-json\/wp\/v2\/product_brand?post=591813"},{"taxonomy":"product_cat","embeddable":true,"href":"https:\/\/madelinefashion.pl\/sk\/wp-json\/wp\/v2\/product_cat?post=591813"},{"taxonomy":"product_tag","embeddable":true,"href":"https:\/\/madelinefashion.pl\/sk\/wp-json\/wp\/v2\/product_tag?post=591813"}],"curies":[{"name":"pracovn\u00fd list","href":"https:\/\/api.w.org\/{rel}","templated":true}]}}

Maxi šaty Raffaello s púdrovou ružovou výšivkou

<h3 style="text-align: center;">Maxi šaty Raffaello s púdrovou ružovou výšivkou</h3>
<p style="text-align: center;">Elegancia, šik a jemné detaily v jednom modeli. <strong>Ružové tylové maxi šaty</strong> bol navrhnutý pre špeciálne príležitosti – od večerných večierkov, cez plesy až po elegantné oslavy. Tylový materiál dodáva šatám ľahkosť a jemný pohyb, zatiaľ čo ozdoby v hornej časti im dodávajú luxusný nádych. Maxi strih umožňuje voľný pohyb, zatiaľ čo jemná čipka a lemy dokonale zvýrazňujú siluetu a zvýrazňujú pás a výstrih. Šaty...„<strong>Raffaello”</strong> je perfektnou voľbou pre ženy, ktoré si cenia kombináciu klasického štýlu a moderného, elegantného dizajnu. Dostupné vo veľkostiach  <strong>SML  </strong>. Exkluzívna ružová<strong data-start="175" data-end="201"> prémiové šaty</strong> Toto je návrh pre ženy, ktoré chcú oslniť eleganciou a luxusom pri tých najdôležitejších príležitostiach. Vznešený odtieň zlata, dokonalý strih a najvyššia kvalita spracovania robia z tohto outfitu ideálny outfit na špeciálne príležitosti a večerné oslavy. Výnimočný. <strong data-start="237" data-end="285">princeznovské šaty odporúčané na 18. narodeniny</strong> Toto je návrh pre dievčatá, ktoré sa chcú v tento jedinečný deň cítiť skutočne výnimočné. Rozprávkový dizajn, výrazná sukňa a elegantné detaily robia tento outfit podmanivým a fascinujúcim od prvého okamihu. <strong>MadelineFashion</strong> je vynikajúcou voľbou na svadbu, ples, Silvestra a iné elegantné špeciálne udalosti. Ak sa neviete rozhodnúť, ktorý <strong>veľkosť</strong> je pre vás to najlepšie <strong>kontaktuj nás</strong> cez <a href="https://www.facebook.com/madelinefashionbutik" target="_blank" rel="noopener">Facebook</a> alebo <a href="https://madelinefashion.pl/sk/kontakt/">telefón</a>. Ak veľkosť nie je na stránke, kontaktujte nás.</p>
<p>&nbsp;</p>
<table width="556">
<tbody>
<tr>
<td><strong>VEĽKOSŤ</strong></td>
<td><strong>poprsia</strong></td>
<td><strong>Pás</strong></td>
<td><strong>Boky</strong></td>
</tr>
<tr>
<td><strong>34</strong></td>
<td>84-86</td>
<td>64</td>
<td> akýkoľvek</td>
</tr>
<tr>
<td><strong>36</strong></td>
<td>88-90</td>
<td>68</td>
<td> akýkoľvek</td>
</tr>
<tr>
<td><strong>38</strong></td>
<td> 92-94</td>
<td>72</td>
<td> akýkoľvek</td>
</tr>
<tr>
<td><strong>40</strong></td>
<td>96-98</td>
<td>76</td>
<td> akýkoľvek</td>
</tr>
</tbody>
</table>
<p style="text-align: center;"><span style="font-size: 10pt;"><span style="font-size: 10pt;">Šaty dostupné aj v </span><strong style="font-size: 10pt;">iné farebné varianty</strong><span style="font-size: 10pt;"> – odporúčame vám zoznámiť sa s našimi ďalšími produktmi. </span>celková dĺžka cca 157 cm  </span></p>
<p style="text-align: center;"><span style="font-size: 10pt;">Rozmery sa môžu mierne líšiť od uvedených +/- 2cm. </span></p>
<p style="text-align: center;"><span style="font-size: 10pt;"><strong> </strong> </span></p>
<table width="618">
<tbody>
<tr>
<td width="302">Meno modela</td>
<td width="302">Tylové maxi šaty Raffaello</td>
</tr>
<tr>
<td width="302">Farba</td>
<td width="302">Ružová</td>
</tr>
<tr>
<td width="302">Marka</td>
<td width="302">Madeline Fashion</td>
</tr>
<tr>
<td width="302">veľkosti</td>
<td width="302">36 38 40</td>
</tr>
<tr>
<td width="302">Móda</td>
<td width="302">Zhoda</td>
</tr>
<tr>
<td width="302">Materiál</td>
<td width="302">Viskóza, polyester, bavlna</td>
</tr>
<tr>
<td width="302">Dĺžka</td>
<td width="302">Na zem</td>
</tr>
</tbody>
</table>
<p style="text-align: center;" align="center">Pozývame vás do nášho salónu svadobných šiat, ktorý sa nachádza na ulici Moniuszki 2 v srdci Konstantynówa v Lodžskom. V našom profesionálnom salóne nájdete široký výber svadobných šiat, ktoré splnia vaše najtajnejšie sny o dokonalom dni. Tím skúsených konzultantov vám pomôže vybrať si perfektné šaty, prispôsobené vašim očakávaniam a postave. Srdečne vás pozývame na návštevu – presvedčte sa, aký výnimočný môže byť váš deň!</p>
<p>Každé šaty sa dajú v prípade potreby upraviť podľa vašej výšky a výšky podpätku. Ak sú príliš dlhé, môžete si ich skrátiť alebo nechať krajčírku urobiť drobné úpravy. Takto si môžete vybrané šaty jednoducho prispôsobiť svojim mieram a cítiť sa v nich dokonale pohodlne.</p>
<p style="text-align: center;" align="center">Aby ste si vybrali <strong>perfektné šaty</strong> kontaktujte nás telefonicky alebo prostredníctvom našej webovej stránky <a href="https://www.facebook.com/madelinefashionbutik" target="_blank" rel="noopener">Facebook</a> .<br />
Náš tím vám pomôže <strong>Vyberte si ten správny</strong> . <strong>Každé šaty vieme presne zmerať na požiadanie kupujúcej. </strong></p>
<div class="additional-details" style="text-align: center;">
<p style="text-align: center;"><span style="font-size: 10pt;"> </span></p>
</div>

<p>Suknia Maxi Tiulowa Raffaello Pudrowy Róż Elegancja, szyk i subtelne detale w jednym modelu. Ta różowa suknia maxi z tiulu została zaprojektowana z myślą o wyjątkowych okazjach – od wieczornych przyjęć, przez bale, aż po eleganckie uroczystości. Tiulowy materiał nadaje sukience lekkości i delikatnego ruchu, a zdobienia na górze dodają jej luksusowego charakteru. Fason maxi</p>
<div class="klb-readmore post-buttons"><a class="button black outline size-sm" href="https://madelinefashion.pl/sk/suknia-maxi-tiulowa-raffaello-pudrowy-roz/">Čítať ďalej <i class="klbth-icon-right-arrow"></i></a></div>

pracovný list
