{"id":593689,"date":"2026-02-04T13:26:01","date_gmt":"2026-02-04T12:26:01","guid":{"rendered":"https:\/\/madelinefashion.pl\/?post_type=product&#038;p=593689"},"modified":"2026-04-24T22:37:47","modified_gmt":"2026-04-24T20:37:47","slug":"sukienka-dopasowana-francesca-blekitna","status":"publish","type":"product","link":"https:\/\/madelinefashion.pl\/sk\/sukienka-dopasowana-francesca-blekitna\/","title":{"rendered":"Modr\u00e9 priliehav\u00e9 \u0161aty Francesca"},"content":{"rendered":"<h3 style=\"text-align: center;\">Modr\u00e9 priliehav\u00e9 \u0161aty Francesca<\/h3>\n<div class=\"additional-details\" style=\"text-align: center;\">\n<p>\u00a0\u00da\u017easn\u00e9 dlh\u00e9, priliehav\u00e9 \u0161aty s rozparkom odha\u013euj\u00facim nohu. Vrch na jedno rameno je zdoben\u00fd jemn\u00fdm kvietkom na ramene. Zap\u00ednaj\u00fa sa na zips vzadu. \u0160aty s\u00fa vyroben\u00e9 z mierne elastick\u00e9ho materi\u00e1lu, v\u010faka \u010domu s\u00fa ide\u00e1lne na... <strong>prisp\u00f4sob\u00ed sa telu<\/strong>.\u0160aty s\u00fa na jedno rameno s rozdelen\u00fdm v\u00fdstrihom. Vpredu maj\u00fa v\u0161it\u00e9 ko\u0161\u00ed\u010dky, tak\u017ee nemus\u00edte nosi\u0165 podprsenku.<strong> Ide\u00e1lne na banket, svadbu alebo afterp\u00e1rty. <\/strong>Dostupn\u00e9 vo ve\u013ekostiach XS SML XL. \u0160aty vo farbe <strong>Modr\u00e1<\/strong> je to hit roka <strong>2026\u00a0<\/strong> \u2013 model s jedn\u00fdm ramenom je synonymom romantizmu a noblesy. <strong>\u0160aty Francesca <\/strong>\u00a0zd\u00f4raz\u0148uje v\u00fdhody siluety, v\u010faka \u010domu je ka\u017ed\u00e1 <strong>d\u00e1m<\/strong>\u00a0p\u00f4sob\u00ed v\u00fdnimo\u010dne. V\u010faka starostlivo vybran\u00fdm materi\u00e1lom a dokonal\u00e9mu spracovaniu toto dielo vy\u017earuje <strong>luxus a jemnos\u0165.\u00a0 <\/strong>\u0160aty z\u00a0<strong>madelinefashion<\/strong> je vynikaj\u00facou vo\u013ebou na svadbu, ples, Silvestra a in\u00e9 elegantn\u00e9 \u0161peci\u00e1lne udalosti. <strong data-start=\"117\" data-end=\"172\">Modr\u00e9 \u0161aty \u2013 hit svadobnej sez\u00f3ny!<\/strong> \ud83c\udf3f<br data-start=\"175\" data-end=\"178\" \/>Fenomen\u00e1lne, prisp\u00f4soben\u00e9 a pln\u00e9 \u0161armu \u2013 Delikate <strong>odtie\u0148 modrej<\/strong> Zv\u00fdraz\u0148uje kr\u00e1su a dod\u00e1va \u013eahkos\u0165 a univerz\u00e1lny dizajn je ide\u00e1lny na obrad, recepciu a svadobn\u00fa hostinu, ktor\u00e1 trv\u00e1 a\u017e do r\u00e1na. \u0160aty s\u00fa vyroben\u00e9 z vysoko kvalitn\u00fdch materi\u00e1lov, ktor\u00e9 kr\u00e1sne spl\u00fdvaj\u00fa a poskytuj\u00fa pohodlie po\u010das cel\u00e9ho d\u0148a aj ve\u010dera. Svetlomodr\u00e1 farba je perfektnou vo\u013ebou pre... <strong>dru\u017ei\u010dky<\/strong>! Jemn\u00e1 modr\u00e1 farba kr\u00e1sne zv\u00fdraz\u0148uje op\u00e1lenie a hod\u00ed sa ku ka\u017edej pleti. V na\u0161om internetovom obchode je dostupn\u00e1 vo viacer\u00fdch farb\u00e1ch, tak\u017ee nev\u00e1hajte a vyberte si t\u00fa, ktor\u00e1 je pre v\u00e1s ide\u00e1lna. Ak sa neviete rozhodn\u00fa\u0165, ktor\u00e1 farba je pre v\u00e1s..., <strong>ve\u013ekos\u0165<\/strong> je pre v\u00e1s to najlep\u0161ie <strong>kontaktuj n\u00e1s<\/strong> cez <a href=\"https:\/\/www.facebook.com\/madelinefashionbutik\" target=\"_blank\" rel=\"noopener\">Facebook<\/a> alebo <a href=\"https:\/\/madelinefashion.pl\/sk\/kontakt\/\">telef\u00f3n<\/a>. Ak ve\u013ekos\u0165 nie je na str\u00e1nke, kontaktujte n\u00e1s.<\/p>\n<\/div>\n<h3 style=\"text-align: center;\">ROZMERY \u0161iat:<\/h3>\n<table class=\"table\" width=\"556\">\n<tbody>\n<tr>\n<td><strong>VE\u013dKOS\u0164<\/strong><\/td>\n<td><strong>poprsia<\/strong><\/td>\n<td><strong>P\u00e1s<\/strong><\/td>\n<td><strong>Boky<\/strong><\/td>\n<\/tr>\n<tr>\n<td><strong>34<\/strong><\/td>\n<td>84-86<\/td>\n<td>64-68<\/td>\n<td>\u00a082-90<\/td>\n<\/tr>\n<tr>\n<td><strong>36<\/strong><\/td>\n<td>88-90<\/td>\n<td>68-72<\/td>\n<td>\u00a086-92<\/td>\n<\/tr>\n<tr>\n<td><strong>38<\/strong><\/td>\n<td>92-94<\/td>\n<td>72-76<\/td>\n<td>\u00a090-96<\/td>\n<\/tr>\n<tr>\n<td><strong>40<\/strong><\/td>\n<td>96-98<\/td>\n<td>76-80<\/td>\n<td>\u00a094-106<\/td>\n<\/tr>\n<tr>\n<td><strong>42<\/strong><\/td>\n<td>100-104<\/td>\n<td>80-84<\/td>\n<td>\u00a098-108<\/td>\n<\/tr>\n<tr>\n<td><strong>44<\/strong><\/td>\n<td>102-106<\/td>\n<td>84-88<\/td>\n<td>\u00a0102-112<\/td>\n<\/tr>\n<\/tbody>\n<\/table>\n<p style=\"text-align: center;\"><span style=\"font-size: 10pt;\">celkov\u00e1 d\u013a\u017eka cca 157 cm\u00a0<\/span><\/p>\n<p style=\"text-align: center;\"><span style=\"font-size: 10pt;\">\u0160aty s\u00fa dostupn\u00e9 aj v in\u00fdch farb\u00e1ch - odpor\u00fa\u010dame v\u00e1m zozn\u00e1mi\u0165 sa s na\u0161imi \u010fal\u0161\u00edmi produktmi.<\/span><\/p>\n<p style=\"text-align: center;\"><span style=\"font-size: 10pt;\">Rozmery sa m\u00f4\u017eu mierne l\u00ed\u0161i\u0165 od uveden\u00fdch +\/- 2cm.\u00a0<\/span><\/p>\n<p style=\"text-align: center;\"><span style=\"font-size: 10pt;\"><strong>\u00a0<\/strong>\u00a0<\/span><\/p>\n<table width=\"620\">\n<tbody>\n<tr>\n<td width=\"302\">Meno modela<\/td>\n<td width=\"302\">Priliehav\u00e9 \u0161aty Francesca<\/td>\n<\/tr>\n<tr>\n<td width=\"302\">Farba<\/td>\n<td width=\"302\">Nebesk\u00e1 modr\u00e1, Modr\u00e1<\/td>\n<\/tr>\n<tr>\n<td width=\"302\">Marka<\/td>\n<td width=\"302\">Madelinefashion<\/td>\n<\/tr>\n<tr>\n<td width=\"302\">ve\u013ekosti<\/td>\n<td width=\"302\">34 36 38 40 42<\/td>\n<\/tr>\n<tr>\n<td width=\"302\">M\u00f3da<\/td>\n<td width=\"302\">Zhoda<\/td>\n<\/tr>\n<tr>\n<td width=\"302\">Materi\u00e1l<\/td>\n<td width=\"302\">Visk\u00f3za, Polyester<\/td>\n<\/tr>\n<tr>\n<td width=\"302\">D\u013a\u017eka<\/td>\n<td width=\"302\">Na zem<\/td>\n<\/tr>\n<\/tbody>\n<\/table>\n<p style=\"text-align: center;\" align=\"center\">Poz\u00fdvame v\u00e1s do n\u00e1\u0161ho sal\u00f3nu svadobn\u00fdch \u0161iat, ktor\u00fd sa nach\u00e1dza na ulici Moniuszki 2 v srdci Konstantyn\u00f3wa v Lod\u017eskom. V na\u0161om profesion\u00e1lnom sal\u00f3ne n\u00e1jdete \u0161irok\u00fd v\u00fdber svadobn\u00fdch \u0161iat, ktor\u00e9 splnia va\u0161e najtajnej\u0161ie sny o dokonalom dni. T\u00edm sk\u00fasen\u00fdch konzultantov v\u00e1m pom\u00f4\u017ee vybra\u0165 si perfektn\u00e9 \u0161aty, prisp\u00f4soben\u00e9 va\u0161im o\u010dak\u00e1vaniam a postave. Srde\u010dne v\u00e1s poz\u00fdvame na n\u00e1v\u0161tevu \u2013 presved\u010dte sa, ak\u00fd v\u00fdnimo\u010dn\u00fd m\u00f4\u017ee by\u0165 v\u00e1\u0161 de\u0148!<\/p>\n<p>Ka\u017ed\u00e9 \u0161aty sa daj\u00fa v pr\u00edpade potreby upravi\u0165 pod\u013ea va\u0161ej v\u00fd\u0161ky a v\u00fd\u0161ky podp\u00e4tku. Ak s\u00fa pr\u00edli\u0161 dlh\u00e9, m\u00f4\u017eete si ich skr\u00e1ti\u0165 alebo necha\u0165 kraj\u010d\u00edrku urobi\u0165 drobn\u00e9 \u00fapravy. Takto si m\u00f4\u017eete vybran\u00e9 \u0161aty jednoducho prisp\u00f4sobi\u0165 svojim mieram a c\u00edti\u0165 sa v nich dokonale pohodlne.<\/p>\n<p style=\"text-align: center;\" align=\"center\">Aby ste si vybrali\u00a0<strong>perfektn\u00e9 \u0161aty<\/strong>\u00a0kontaktujte n\u00e1s telefonicky alebo prostredn\u00edctvom na\u0161ej webovej str\u00e1nky <a href=\"https:\/\/www.facebook.com\/madelinefashionbutik\" target=\"_blank\" rel=\"noopener\">Facebook<\/a> .<br \/>\nN\u00e1\u0161 t\u00edm v\u00e1m pom\u00f4\u017ee\u00a0<strong>Vyberte si ten spr\u00e1vny<\/strong>\u00a0.\u00a0<strong>Ka\u017ed\u00e9 \u0161aty vieme presne zmera\u0165 na po\u017eiadanie kupuj\u00facej.\u00a0<\/strong><\/p>\n<div class=\"additional-details\" style=\"text-align: center;\">\n<p style=\"text-align: center;\"><span style=\"font-size: 10pt;\">\u00a0<\/span><\/p>\n<\/div>","protected":false},"excerpt":{"rendered":"<p>Priliehav\u00e9 \u0161aty Francesca v modrej farbe. Ohromuj\u00face, dlh\u00e9, priliehav\u00e9 \u0161aty s rozparkom, ktor\u00fd odha\u013euje nohy. \u017div\u00f4tik na jedno rameno je zdoben\u00fd jemn\u00fdm kvietkom na ramene. Zap\u00ednanie na zips vzadu. \u0160aty s\u00fa vyroben\u00e9 z mierne elastick\u00e9ho materi\u00e1lu, ktor\u00fd zais\u0165uje dokonal\u00e9 strihanie. \u0160aty s\u00fa na jedno rameno s rozparkom pri v\u00fdstrihu. \u0160aty maj\u00fa vpredu v\u0161it\u00e9 ko\u0161\u00ed\u010dky.,<\/p>\n<div class=\"klb-readmore post-buttons\"><a class=\"button black outline size-sm\" href=\"https:\/\/madelinefashion.pl\/sk\/sukienka-dopasowana-francesca-blekitna\/\">\u010c\u00edta\u0165 \u010falej <i class=\"klbth-icon-right-arrow\"><\/i><\/a><\/div>","protected":false},"featured_media":593700,"template":"","meta":[],"product_brand":[],"product_cat":[124,395,569],"product_tag":[257,730,163],"class_list":{"0":"post-593689","1":"product","2":"type-product","3":"status-publish","4":"has-post-thumbnail","6":"product_cat-sukienki-okolicznosciowe","7":"product_cat-nowosci","8":"product_cat-sukienki-dopasowane","9":"product_tag-madelinefashion","10":"product_tag-sukienki-blekitne","11":"product_tag-sukienki-dlugie","13":"first","14":"instock","15":"purchasable","16":"product-type-variable"},"_links":{"self":[{"href":"https:\/\/madelinefashion.pl\/sk\/wp-json\/wp\/v2\/product\/593689","targetHints":{"allow":["GET"]}}],"collection":[{"href":"https:\/\/madelinefashion.pl\/sk\/wp-json\/wp\/v2\/product"}],"about":[{"href":"https:\/\/madelinefashion.pl\/sk\/wp-json\/wp\/v2\/types\/product"}],"wp:featuredmedia":[{"embeddable":true,"href":"https:\/\/madelinefashion.pl\/sk\/wp-json\/wp\/v2\/media\/593700"}],"wp:attachment":[{"href":"https:\/\/madelinefashion.pl\/sk\/wp-json\/wp\/v2\/media?parent=593689"}],"wp:term":[{"taxonomy":"product_brand","embeddable":true,"href":"https:\/\/madelinefashion.pl\/sk\/wp-json\/wp\/v2\/product_brand?post=593689"},{"taxonomy":"product_cat","embeddable":true,"href":"https:\/\/madelinefashion.pl\/sk\/wp-json\/wp\/v2\/product_cat?post=593689"},{"taxonomy":"product_tag","embeddable":true,"href":"https:\/\/madelinefashion.pl\/sk\/wp-json\/wp\/v2\/product_tag?post=593689"}],"curies":[{"name":"pracovn\u00fd list","href":"https:\/\/api.w.org\/{rel}","templated":true}]}}

Modré priliehavé šaty Francesca

<h3 style="text-align: center;">Modré priliehavé šaty Francesca</h3>
<div class="additional-details" style="text-align: center;">
<p> Úžasné dlhé, priliehavé šaty s rozparkom odhaľujúcim nohu. Vrch na jedno rameno je zdobený jemným kvietkom na ramene. Zapínajú sa na zips vzadu. Šaty sú vyrobené z mierne elastického materiálu, vďaka čomu sú ideálne na... <strong>prispôsobí sa telu</strong>.Šaty sú na jedno rameno s rozdeleným výstrihom. Vpredu majú všité košíčky, takže nemusíte nosiť podprsenku.<strong> Ideálne na banket, svadbu alebo afterpárty. </strong>Dostupné vo veľkostiach XS SML XL. Šaty vo farbe <strong>Modrá</strong> je to hit roka <strong>2026 </strong> – model s jedným ramenom je synonymom romantizmu a noblesy. <strong>Šaty Francesca </strong> zdôrazňuje výhody siluety, vďaka čomu je každá <strong>dám</strong> pôsobí výnimočne. Vďaka starostlivo vybraným materiálom a dokonalému spracovaniu toto dielo vyžaruje <strong>luxus a jemnosť.  </strong>Šaty z <strong>madelinefashion</strong> je vynikajúcou voľbou na svadbu, ples, Silvestra a iné elegantné špeciálne udalosti. <strong data-start="117" data-end="172">Modré šaty – hit svadobnej sezóny!</strong> 🌿<br data-start="175" data-end="178" />Fenomenálne, prispôsobené a plné šarmu – Delikate <strong>odtieň modrej</strong> Zvýrazňuje krásu a dodáva ľahkosť a univerzálny dizajn je ideálny na obrad, recepciu a svadobnú hostinu, ktorá trvá až do rána. Šaty sú vyrobené z vysoko kvalitných materiálov, ktoré krásne splývajú a poskytujú pohodlie počas celého dňa aj večera. Svetlomodrá farba je perfektnou voľbou pre... <strong>družičky</strong>! Jemná modrá farba krásne zvýrazňuje opálenie a hodí sa ku každej pleti. V našom internetovom obchode je dostupná vo viacerých farbách, takže neváhajte a vyberte si tú, ktorá je pre vás ideálna. Ak sa neviete rozhodnúť, ktorá farba je pre vás..., <strong>veľkosť</strong> je pre vás to najlepšie <strong>kontaktuj nás</strong> cez <a href="https://www.facebook.com/madelinefashionbutik" target="_blank" rel="noopener">Facebook</a> alebo <a href="https://madelinefashion.pl/sk/kontakt/">telefón</a>. Ak veľkosť nie je na stránke, kontaktujte nás.</p>
</div>
<h3 style="text-align: center;">ROZMERY šiat:</h3>
<table class="table" width="556">
<tbody>
<tr>
<td><strong>VEĽKOSŤ</strong></td>
<td><strong>poprsia</strong></td>
<td><strong>Pás</strong></td>
<td><strong>Boky</strong></td>
</tr>
<tr>
<td><strong>34</strong></td>
<td>84-86</td>
<td>64-68</td>
<td> 82-90</td>
</tr>
<tr>
<td><strong>36</strong></td>
<td>88-90</td>
<td>68-72</td>
<td> 86-92</td>
</tr>
<tr>
<td><strong>38</strong></td>
<td>92-94</td>
<td>72-76</td>
<td> 90-96</td>
</tr>
<tr>
<td><strong>40</strong></td>
<td>96-98</td>
<td>76-80</td>
<td> 94-106</td>
</tr>
<tr>
<td><strong>42</strong></td>
<td>100-104</td>
<td>80-84</td>
<td> 98-108</td>
</tr>
<tr>
<td><strong>44</strong></td>
<td>102-106</td>
<td>84-88</td>
<td> 102-112</td>
</tr>
</tbody>
</table>
<p style="text-align: center;"><span style="font-size: 10pt;">celková dĺžka cca 157 cm </span></p>
<p style="text-align: center;"><span style="font-size: 10pt;">Šaty sú dostupné aj v iných farbách - odporúčame vám zoznámiť sa s našimi ďalšími produktmi.</span></p>
<p style="text-align: center;"><span style="font-size: 10pt;">Rozmery sa môžu mierne líšiť od uvedených +/- 2cm. </span></p>
<p style="text-align: center;"><span style="font-size: 10pt;"><strong> </strong> </span></p>
<table width="620">
<tbody>
<tr>
<td width="302">Meno modela</td>
<td width="302">Priliehavé šaty Francesca</td>
</tr>
<tr>
<td width="302">Farba</td>
<td width="302">Nebeská modrá, Modrá</td>
</tr>
<tr>
<td width="302">Marka</td>
<td width="302">Madelinefashion</td>
</tr>
<tr>
<td width="302">veľkosti</td>
<td width="302">34 36 38 40 42</td>
</tr>
<tr>
<td width="302">Móda</td>
<td width="302">Zhoda</td>
</tr>
<tr>
<td width="302">Materiál</td>
<td width="302">Viskóza, Polyester</td>
</tr>
<tr>
<td width="302">Dĺžka</td>
<td width="302">Na zem</td>
</tr>
</tbody>
</table>
<p style="text-align: center;" align="center">Pozývame vás do nášho salónu svadobných šiat, ktorý sa nachádza na ulici Moniuszki 2 v srdci Konstantynówa v Lodžskom. V našom profesionálnom salóne nájdete široký výber svadobných šiat, ktoré splnia vaše najtajnejšie sny o dokonalom dni. Tím skúsených konzultantov vám pomôže vybrať si perfektné šaty, prispôsobené vašim očakávaniam a postave. Srdečne vás pozývame na návštevu – presvedčte sa, aký výnimočný môže byť váš deň!</p>
<p>Každé šaty sa dajú v prípade potreby upraviť podľa vašej výšky a výšky podpätku. Ak sú príliš dlhé, môžete si ich skrátiť alebo nechať krajčírku urobiť drobné úpravy. Takto si môžete vybrané šaty jednoducho prispôsobiť svojim mieram a cítiť sa v nich dokonale pohodlne.</p>
<p style="text-align: center;" align="center">Aby ste si vybrali <strong>perfektné šaty</strong> kontaktujte nás telefonicky alebo prostredníctvom našej webovej stránky <a href="https://www.facebook.com/madelinefashionbutik" target="_blank" rel="noopener">Facebook</a> .<br />
Náš tím vám pomôže <strong>Vyberte si ten správny</strong> . <strong>Každé šaty vieme presne zmerať na požiadanie kupujúcej. </strong></p>
<div class="additional-details" style="text-align: center;">
<p style="text-align: center;"><span style="font-size: 10pt;"> </span></p>
</div>

<p>Priliehavé šaty Francesca v modrej farbe. Ohromujúce, dlhé, priliehavé šaty s rozparkom, ktorý odhaľuje nohy. Živôtik na jedno rameno je zdobený jemným kvietkom na ramene. Zapínanie na zips vzadu. Šaty sú vyrobené z mierne elastického materiálu, ktorý zaisťuje dokonalé strihanie. Šaty sú na jedno rameno s rozparkom pri výstrihu. Šaty majú vpredu všité košíčky.,</p>
<div class="klb-readmore post-buttons"><a class="button black outline size-sm" href="https://madelinefashion.pl/sk/sukienka-dopasowana-francesca-blekitna/">Čítať ďalej <i class="klbth-icon-right-arrow"></i></a></div>

pracovný list
