{"id":5938,"date":"2021-03-21T13:29:55","date_gmt":"2021-03-21T12:29:55","guid":{"rendered":"https:\/\/madelinefashion.pl\/?post_type=product&#038;p=5938"},"modified":"2026-01-20T10:34:42","modified_gmt":"2026-01-20T09:34:42","slug":"top-koronkowy-bialy-tamsen","status":"publish","type":"product","link":"https:\/\/madelinefashion.pl\/sk\/top-koronkowy-bialy-tamsen\/","title":{"rendered":"Biely \u010dipkovan\u00fd top Tamsen"},"content":{"rendered":"<h2 style=\"text-align: center;\">Biely \u010dipkovan\u00fd top Tamsen<\/h2>\n<p>&nbsp;<\/p>\n<p><strong>\u010cipkovan\u00fd top <\/strong>v bielom<strong>,\u00a0<\/strong>toto <strong>nezvy\u010dajn\u00fd model<\/strong>v ktorej sa budete c\u00edti\u0165 ve\u013emi \u017eensky. Vyzer\u00e1 skvele s na\u0161imi modelmi\u00a0 <a href=\"https:\/\/madelinefashion.pl\/sk\/spodnie\/\">nohavice<\/a> s vysok\u00fdm postaven\u00edm. Cel\u00e1 bl\u00fazka je u\u0161it\u00e1 z kvalitnej svetlej \u010dipky, navy\u0161e m\u00e1 bl\u00fazka spevnenie poprsia. Vzadu m\u00e1 bl\u00fazka zmyseln\u00fd strih, ktor\u00fd zv\u00fdrazn\u00ed chrb\u00e1t. Pod prsiami a na chrbte je elastick\u00e1 guma, ktor\u00e1 perfektne sed\u00ed na tele. \u010cipkovan\u00fd top <em>\u00a0<\/em>vyzer\u00e1 skvele s\u00a0<a href=\"https:\/\/madelinefashion.pl\/sk\/spodnie\/\">\u0161ortky<\/a>,\u00a0<a href=\"https:\/\/madelinefashion.pl\/sk\/spodnie\/\">d\u017e\u00ednsy<\/a> alebo suk\u0148a - modely, ktor\u00e9 n\u00e1jdete aj u n\u00e1s. Top ide\u00e1lny pre \u017eeny vo ve\u013ekosti <strong>XS SM L.<\/strong><\/p>\n<h2 style=\"text-align: center;\">\u00a0 \u00a0 \u00a0Rozmery:<\/h2>\n<ul style=\"text-align: center;\">\n<li>celkov\u00e1 d\u013a\u017eka: 54 cm<\/li>\n<li>\u0161\u00edrka od pazuchy po pazuchu: 38-48 cm<\/li>\n<li><\/li>\n<li><\/li>\n<\/ul>\n<p style=\"text-align: center;\">Rozmery sa m\u00f4\u017eu mierne l\u00ed\u0161i\u0165 od uveden\u00fdch +\/- 2cm. V\u0161etky uveden\u00e9 rozmery s\u00fa meran\u00e9 plo\u0161ne.<\/p>\n<table>\n<tbody>\n<tr>\n<td width=\"302\">Meno modela<\/td>\n<td width=\"302\">\u010cipkovan\u00fd top Tamsen<\/td>\n<\/tr>\n<tr>\n<td width=\"302\">Farba<\/td>\n<td width=\"302\">biely<\/td>\n<\/tr>\n<tr>\n<td width=\"302\">ve\u013ekosti<\/td>\n<td width=\"302\">Univerz\u00e1lny<\/td>\n<\/tr>\n<tr>\n<td width=\"302\">M\u00f3da<\/td>\n<td width=\"302\">Na mieru<\/td>\n<\/tr>\n<tr>\n<td width=\"302\">Materi\u00e1l<\/td>\n<td width=\"302\">95 % Polyester 5% Elastan<\/td>\n<\/tr>\n<\/tbody>\n<\/table>\n<p>&nbsp;<\/p>\n<p>&nbsp;<\/p>\n<p style=\"text-align: center;\">Model m\u00e1\u00a0<strong>166<\/strong>\u00a0cm vysok\u00fd, nos\u00ed ho ka\u017ed\u00fd de\u0148\u00a0<strong>ve\u013ekos\u0165 S<\/strong><\/p>\n<p style=\"text-align: center;\">","protected":false},"excerpt":{"rendered":"<p>Top Koronkowy Bia\u0142y Tamsen &nbsp; Top koronkowy w kolorze bia\u0142ym,\u00a0to niezwyk\u0142y model, w kt\u00f3rym poczujesz si\u0119 bardzo kobieco. \u015awietnie prezentuje si\u0119 z naszymi modelami\u00a0 spodni z wysokim stanem. Ca\u0142o\u015b\u0107 bluzki wykonana jest z wysokiej jako\u015bci lekkiej koronki, dodatkowo bluzeczka posiada usztywnienia ba biust.\u00a0 Z ty\u0142u bluzka ma zmys\u0142owe wyci\u0119cie, kt\u00f3re podkre\u015bli plecy. Pod biustem oraz<\/p>\n<div class=\"klb-readmore post-buttons\"><a class=\"button black outline size-sm\" href=\"https:\/\/madelinefashion.pl\/sk\/top-koronkowy-bialy-tamsen\/\">\u010c\u00edta\u0165 \u010falej <i class=\"klbth-icon-right-arrow\"><\/i><\/a><\/div>","protected":false},"featured_media":5937,"template":"","meta":[],"product_brand":[],"product_cat":[77],"product_tag":[292],"class_list":{"0":"post-5938","1":"product","2":"type-product","3":"status-publish","4":"has-post-thumbnail","6":"product_cat-bluzki","7":"product_tag-topy","9":"first","10":"instock","11":"sale","12":"purchasable","13":"product-type-simple"},"_links":{"self":[{"href":"https:\/\/madelinefashion.pl\/sk\/wp-json\/wp\/v2\/product\/5938","targetHints":{"allow":["GET"]}}],"collection":[{"href":"https:\/\/madelinefashion.pl\/sk\/wp-json\/wp\/v2\/product"}],"about":[{"href":"https:\/\/madelinefashion.pl\/sk\/wp-json\/wp\/v2\/types\/product"}],"wp:featuredmedia":[{"embeddable":true,"href":"https:\/\/madelinefashion.pl\/sk\/wp-json\/wp\/v2\/media\/5937"}],"wp:attachment":[{"href":"https:\/\/madelinefashion.pl\/sk\/wp-json\/wp\/v2\/media?parent=5938"}],"wp:term":[{"taxonomy":"product_brand","embeddable":true,"href":"https:\/\/madelinefashion.pl\/sk\/wp-json\/wp\/v2\/product_brand?post=5938"},{"taxonomy":"product_cat","embeddable":true,"href":"https:\/\/madelinefashion.pl\/sk\/wp-json\/wp\/v2\/product_cat?post=5938"},{"taxonomy":"product_tag","embeddable":true,"href":"https:\/\/madelinefashion.pl\/sk\/wp-json\/wp\/v2\/product_tag?post=5938"}],"curies":[{"name":"pracovn\u00fd list","href":"https:\/\/api.w.org\/{rel}","templated":true}]}}

Biely čipkovaný top Tamsen

<h2 style="text-align: center;">Biely čipkovaný top Tamsen</h2>
<p>&nbsp;</p>
<p><strong>Čipkovaný top </strong>v bielom<strong>, </strong>toto <strong>nezvyčajný model</strong>v ktorej sa budete cítiť veľmi žensky. Vyzerá skvele s našimi modelmi  <a href="https://madelinefashion.pl/sk/spodnie/">nohavice</a> s vysokým postavením. Celá blúzka je ušitá z kvalitnej svetlej čipky, navyše má blúzka spevnenie poprsia. Vzadu má blúzka zmyselný strih, ktorý zvýrazní chrbát. Pod prsiami a na chrbte je elastická guma, ktorá perfektne sedí na tele. Čipkovaný top <em> </em>vyzerá skvele s <a href="https://madelinefashion.pl/sk/spodnie/">šortky</a>, <a href="https://madelinefashion.pl/sk/spodnie/">džínsy</a> alebo sukňa - modely, ktoré nájdete aj u nás. Top ideálny pre ženy vo veľkosti <strong>XS SM L.</strong></p>
<h2 style="text-align: center;">     Rozmery:</h2>
<ul style="text-align: center;">
<li>celková dĺžka: 54 cm</li>
<li>šírka od pazuchy po pazuchu: 38-48 cm</li>
<li></li>
<li></li>
</ul>
<p style="text-align: center;">Rozmery sa môžu mierne líšiť od uvedených +/- 2cm. Všetky uvedené rozmery sú merané plošne.</p>
<table>
<tbody>
<tr>
<td width="302">Meno modela</td>
<td width="302">Čipkovaný top Tamsen</td>
</tr>
<tr>
<td width="302">Farba</td>
<td width="302">biely</td>
</tr>
<tr>
<td width="302">veľkosti</td>
<td width="302">Univerzálny</td>
</tr>
<tr>
<td width="302">Móda</td>
<td width="302">Na mieru</td>
</tr>
<tr>
<td width="302">Materiál</td>
<td width="302">95 % Polyester 5% Elastan</td>
</tr>
</tbody>
</table>
<p>&nbsp;</p>
<p>&nbsp;</p>
<p style="text-align: center;">Model má <strong>166</strong> cm vysoký, nosí ho každý deň <strong>veľkosť S</strong></p>
<p style="text-align: center;">

<p>Top Koronkowy Biały Tamsen &nbsp; Top koronkowy w kolorze białym, to niezwykły model, w którym poczujesz się bardzo kobieco. Świetnie prezentuje się z naszymi modelami  spodni z wysokim stanem. Całość bluzki wykonana jest z wysokiej jakości lekkiej koronki, dodatkowo bluzeczka posiada usztywnienia ba biust.  Z tyłu bluzka ma zmysłowe wycięcie, które podkreśli plecy. Pod biustem oraz</p>
<div class="klb-readmore post-buttons"><a class="button black outline size-sm" href="https://madelinefashion.pl/sk/top-koronkowy-bialy-tamsen/">Čítať ďalej <i class="klbth-icon-right-arrow"></i></a></div>

pracovný list
