{"id":593803,"date":"2026-02-04T15:32:24","date_gmt":"2026-02-04T14:32:24","guid":{"rendered":"https:\/\/madelinefashion.pl\/?post_type=product&#038;p=593803"},"modified":"2026-04-10T15:05:16","modified_gmt":"2026-04-10T13:05:16","slug":"suknia-maxi-tiulowa-mirage-blekitna","status":"publish","type":"product","link":"https:\/\/madelinefashion.pl\/sk\/suknia-maxi-tiulowa-mirage-blekitna\/","title":{"rendered":"Modr\u00e9 tylov\u00e9 maxi \u0161aty Mirage"},"content":{"rendered":"<h3 style=\"text-align: center;\">Modr\u00e9 tylov\u00e9 maxi \u0161aty Mirage<\/h3>\n<p style=\"text-align: center;\"><strong>\u00a0Kr\u00e1sne dlh\u00e9 \u0161aty <\/strong>\u00a0s tylom a kr\u00e1snym vrchn\u00fdm dielom ozdoben\u00fdm n\u00e1dhern\u00fdmi kry\u0161t\u00e1lmi. Kr\u00e1sne zv\u00fdraz\u0148uj\u00fa \u017eensk\u00e9 krivky \u2013 spodn\u00e1 \u010das\u0165 \u0161iat je cel\u00e1 z tylu. \u0160aty maj\u00fa vpredu v\u0161it\u00e9 ko\u0161\u00ed\u010dky, tak\u017ee nemus\u00edte nosi\u0165 podprsenku. <a href=\"https:\/\/madelinefashion.pl\/sk\/sukienki-i-kombinezony\/sukienki-okolicznosciowe\/\">\u0160aty<\/a> Bol vyroben\u00fd z nieko\u013ek\u00fdch vrstiev \u013eahk\u00e9ho tylu. Kr\u00e1sne jemn\u00fd.\u00a0<strong>\u0161aty<\/strong>.M\u00e1\u00a0<strong>odhalen\u00e9 ramen\u00e1<\/strong>, perfektne sa prisp\u00f4sob\u00ed siluete. \u00a0<strong>Priliehav\u00fd strih<\/strong> \u0161aty zv\u00fdraz\u0148uj\u00fa \u017eensk\u00e9 \u010drty. S\u00fa perfektnou vo\u013ebou pre v\u0161etky druhy \u0161peci\u00e1lnych pr\u00edle\u017eitost\u00ed. Dostupn\u00e9 vo ve\u013ekostiach <strong>SML\u00a0 <\/strong>. \u0160aty <strong>Madeline Fashion<\/strong> je perfektnou vo\u013ebou na svadby, stu\u017ekov\u00e9, Silvestra a in\u00e9 elegantn\u00e9 \u0161peci\u00e1lne udalosti. <strong data-start=\"225\" data-end=\"247\">tylov\u00fd maxi model<\/strong> s\u00fa perfektnou vo\u013ebou na ve\u010dern\u00e9 vych\u00e1dzky, plesy alebo \u0161peci\u00e1lne pr\u00edle\u017eitosti. \u010cierna farba a jemn\u00e9 detaily dod\u00e1vaj\u00fa \u0161at\u00e1m neuverite\u013ene elegantn\u00fd a \u017eensk\u00fd vzh\u013ead. Ak sa neviete rozhodn\u00fa\u0165, ktor\u00e9 si vybra\u0165, <strong>ve\u013ekos\u0165<\/strong> je pre v\u00e1s to najlep\u0161ie <strong>kontaktuj n\u00e1s<\/strong> cez <a href=\"https:\/\/www.facebook.com\/madelinefashionbutik\" target=\"_blank\" rel=\"noopener\">Facebook<\/a> alebo <a href=\"https:\/\/madelinefashion.pl\/sk\/kontakt\/\">telef\u00f3n<\/a>. Ak ve\u013ekos\u0165 nie je na str\u00e1nke, kontaktujte n\u00e1s.<\/p>\n<h3 style=\"text-align: center;\">ROZMERY \u0161iat:<\/h3>\n<p>&nbsp;<\/p>\n<table width=\"556\">\n<tbody>\n<tr>\n<td><strong>VE\u013dKOS\u0164<\/strong><\/td>\n<td><strong>poprsia<\/strong><\/td>\n<td><strong>P\u00e1s<\/strong><\/td>\n<td><strong>Boky<\/strong><\/td>\n<\/tr>\n<tr>\n<td><strong>34<\/strong><\/td>\n<td>84-86<\/td>\n<td>66<\/td>\n<td>\u00a0ak\u00fdko\u013evek<\/td>\n<\/tr>\n<tr>\n<td><strong>36<\/strong><\/td>\n<td>88-90<\/td>\n<td>70<\/td>\n<td>\u00a0ak\u00fdko\u013evek<\/td>\n<\/tr>\n<tr>\n<td><strong>38<\/strong><\/td>\n<td>\u00a092-94<\/td>\n<td>74<\/td>\n<td>\u00a0ak\u00fdko\u013evek<\/td>\n<\/tr>\n<tr>\n<td><strong>40<\/strong><\/td>\n<td>96-98<\/td>\n<td>78<\/td>\n<td>\u00a0ak\u00fdko\u013evek<\/td>\n<\/tr>\n<\/tbody>\n<\/table>\n<p style=\"text-align: center;\"><span style=\"font-size: 10pt;\"><span style=\"font-size: 10pt;\">\u0160aty dostupn\u00e9 aj v <\/span><strong style=\"font-size: 10pt;\">in\u00e9 farebn\u00e9 varianty<\/strong><span style=\"font-size: 10pt;\"> \u2013 odpor\u00fa\u010dame v\u00e1m zozn\u00e1mi\u0165 sa s na\u0161imi \u010fal\u0161\u00edmi produktmi.\u00a0<\/span>celkov\u00e1 d\u013a\u017eka cca 157 cm\u00a0\u00a0<\/span><\/p>\n<p style=\"text-align: center;\"><span style=\"font-size: 10pt;\">Rozmery sa m\u00f4\u017eu mierne l\u00ed\u0161i\u0165 od uveden\u00fdch +\/- 2cm.\u00a0<\/span><\/p>\n<p style=\"text-align: center;\"><span style=\"font-size: 10pt;\"><strong>\u00a0<\/strong>\u00a0<\/span><\/p>\n<table width=\"618\">\n<tbody>\n<tr>\n<td width=\"302\">Meno modela<\/td>\n<td width=\"302\">Maxi \u0161aty Mirage z tylu<\/td>\n<\/tr>\n<tr>\n<td width=\"302\">Farba<\/td>\n<td width=\"302\">Modr\u00e1<\/td>\n<\/tr>\n<tr>\n<td width=\"302\">Marka<\/td>\n<td width=\"302\">Madelin Fashion<\/td>\n<\/tr>\n<tr>\n<td width=\"302\">ve\u013ekosti<\/td>\n<td width=\"302\">36 38 40<\/td>\n<\/tr>\n<tr>\n<td width=\"302\">M\u00f3da<\/td>\n<td width=\"302\">Zhoda<\/td>\n<\/tr>\n<tr>\n<td width=\"302\">Materi\u00e1l<\/td>\n<td width=\"302\">Visk\u00f3za, Polyester<\/td>\n<\/tr>\n<tr>\n<td width=\"302\">D\u013a\u017eka<\/td>\n<td width=\"302\">Na zem<\/td>\n<\/tr>\n<\/tbody>\n<\/table>\n<p style=\"text-align: center;\" align=\"center\">Poz\u00fdvame v\u00e1s do n\u00e1\u0161ho sal\u00f3nu svadobn\u00fdch \u0161iat, ktor\u00fd sa nach\u00e1dza na ulici Moniuszki 2 v srdci Konstantyn\u00f3wa v Lod\u017eskom. V na\u0161om profesion\u00e1lnom sal\u00f3ne n\u00e1jdete \u0161irok\u00fd v\u00fdber svadobn\u00fdch \u0161iat, ktor\u00e9 splnia va\u0161e najtajnej\u0161ie sny o dokonalom dni. T\u00edm sk\u00fasen\u00fdch konzultantov v\u00e1m pom\u00f4\u017ee vybra\u0165 si perfektn\u00e9 \u0161aty, prisp\u00f4soben\u00e9 va\u0161im o\u010dak\u00e1vaniam a postave. Srde\u010dne v\u00e1s poz\u00fdvame na n\u00e1v\u0161tevu \u2013 presved\u010dte sa, ak\u00fd v\u00fdnimo\u010dn\u00fd m\u00f4\u017ee by\u0165 v\u00e1\u0161 de\u0148!<\/p>\n<p>Ka\u017ed\u00e9 \u0161aty sa daj\u00fa v pr\u00edpade potreby upravi\u0165 pod\u013ea va\u0161ej v\u00fd\u0161ky a v\u00fd\u0161ky podp\u00e4tku. Ak s\u00fa pr\u00edli\u0161 dlh\u00e9, m\u00f4\u017eete si ich skr\u00e1ti\u0165 alebo necha\u0165 kraj\u010d\u00edrku urobi\u0165 drobn\u00e9 \u00fapravy. Takto si m\u00f4\u017eete vybran\u00e9 \u0161aty jednoducho prisp\u00f4sobi\u0165 svojim mieram a c\u00edti\u0165 sa v nich dokonale pohodlne.<\/p>\n<p style=\"text-align: center;\" align=\"center\">Aby ste si vybrali\u00a0<strong>perfektn\u00e9 \u0161aty<\/strong>\u00a0kontaktujte n\u00e1s telefonicky alebo prostredn\u00edctvom na\u0161ej webovej str\u00e1nky <a href=\"https:\/\/www.facebook.com\/madelinefashionbutik\" target=\"_blank\" rel=\"noopener\">Facebook<\/a> .<br \/>\nN\u00e1\u0161 t\u00edm v\u00e1m pom\u00f4\u017ee\u00a0<strong>Vyberte si ten spr\u00e1vny<\/strong>\u00a0.\u00a0<strong>Ka\u017ed\u00e9 \u0161aty vieme presne zmera\u0165 na po\u017eiadanie kupuj\u00facej.\u00a0<\/strong><\/p>\n<div class=\"additional-details\" style=\"text-align: center;\">\n<p style=\"text-align: center;\"><span style=\"font-size: 10pt;\">\u00a0<\/span><\/p>\n<\/div>","protected":false},"excerpt":{"rendered":"<p>Maxi \u0161aty Mirage Blue z tylu. Kr\u00e1sne dlh\u00e9 \u0161aty s tylom a kr\u00e1snym \u017eiv\u00f4tikom zdoben\u00fdm n\u00e1dhern\u00fdmi kry\u0161t\u00e1lmi. Kr\u00e1sne zv\u00fdraz\u0148uj\u00fa \u017eensk\u00e9 tvary \u2013 suk\u0148a je cel\u00e1 vyroben\u00e1 z tylu. \u0160aty maj\u00fa vpredu v\u0161it\u00e9 ko\u0161\u00ed\u010dky, v\u010faka \u010domu nie je potrebn\u00e9 nosi\u0165 podprsenku. Suk\u0148a je vyroben\u00e1 z nieko\u013ek\u00fdch vrstiev \u013eahk\u00e9ho tylu. Kr\u00e1sne, jemn\u00e9 \u0161aty. Maj\u00fa odhalen\u00e9 ramen\u00e1 a perfektn\u00fd strih.<\/p>\n<div class=\"klb-readmore post-buttons\"><a class=\"button black outline size-sm\" href=\"https:\/\/madelinefashion.pl\/sk\/suknia-maxi-tiulowa-mirage-blekitna\/\">\u010c\u00edta\u0165 \u010falej <i class=\"klbth-icon-right-arrow\"><\/i><\/a><\/div>","protected":false},"featured_media":593671,"template":"","meta":[],"product_brand":[],"product_cat":[124,395,563,692,561],"product_tag":[257,730,163],"class_list":{"0":"post-593803","1":"product","2":"type-product","3":"status-publish","4":"has-post-thumbnail","6":"product_cat-sukienki-okolicznosciowe","7":"product_cat-nowosci","8":"product_cat-sukienki-gorsetowe","9":"product_cat-sukienki-na-studniowke","10":"product_cat-sukienki-tiulowe","11":"product_tag-madelinefashion","12":"product_tag-sukienki-blekitne","13":"product_tag-sukienki-dlugie","15":"first","16":"instock","17":"sale","18":"purchasable","19":"product-type-variable"},"_links":{"self":[{"href":"https:\/\/madelinefashion.pl\/sk\/wp-json\/wp\/v2\/product\/593803","targetHints":{"allow":["GET"]}}],"collection":[{"href":"https:\/\/madelinefashion.pl\/sk\/wp-json\/wp\/v2\/product"}],"about":[{"href":"https:\/\/madelinefashion.pl\/sk\/wp-json\/wp\/v2\/types\/product"}],"wp:featuredmedia":[{"embeddable":true,"href":"https:\/\/madelinefashion.pl\/sk\/wp-json\/wp\/v2\/media\/593671"}],"wp:attachment":[{"href":"https:\/\/madelinefashion.pl\/sk\/wp-json\/wp\/v2\/media?parent=593803"}],"wp:term":[{"taxonomy":"product_brand","embeddable":true,"href":"https:\/\/madelinefashion.pl\/sk\/wp-json\/wp\/v2\/product_brand?post=593803"},{"taxonomy":"product_cat","embeddable":true,"href":"https:\/\/madelinefashion.pl\/sk\/wp-json\/wp\/v2\/product_cat?post=593803"},{"taxonomy":"product_tag","embeddable":true,"href":"https:\/\/madelinefashion.pl\/sk\/wp-json\/wp\/v2\/product_tag?post=593803"}],"curies":[{"name":"pracovn\u00fd list","href":"https:\/\/api.w.org\/{rel}","templated":true}]}}

Modré tylové maxi šaty Mirage

<h3 style="text-align: center;">Modré tylové maxi šaty Mirage</h3>
<p style="text-align: center;"><strong> Krásne dlhé šaty </strong> s tylom a krásnym vrchným dielom ozdobeným nádhernými kryštálmi. Krásne zvýrazňujú ženské krivky – spodná časť šiat je celá z tylu. Šaty majú vpredu všité košíčky, takže nemusíte nosiť podprsenku. <a href="https://madelinefashion.pl/sk/sukienki-i-kombinezony/sukienki-okolicznosciowe/">Šaty</a> Bol vyrobený z niekoľkých vrstiev ľahkého tylu. Krásne jemný. <strong>šaty</strong>.Má <strong>odhalené ramená</strong>, perfektne sa prispôsobí siluete.  <strong>Priliehavý strih</strong> šaty zvýrazňujú ženské črty. Sú perfektnou voľbou pre všetky druhy špeciálnych príležitostí. Dostupné vo veľkostiach <strong>SML  </strong>. Šaty <strong>Madeline Fashion</strong> je perfektnou voľbou na svadby, stužkové, Silvestra a iné elegantné špeciálne udalosti. <strong data-start="225" data-end="247">tylový maxi model</strong> sú perfektnou voľbou na večerné vychádzky, plesy alebo špeciálne príležitosti. Čierna farba a jemné detaily dodávajú šatám neuveriteľne elegantný a ženský vzhľad. Ak sa neviete rozhodnúť, ktoré si vybrať, <strong>veľkosť</strong> je pre vás to najlepšie <strong>kontaktuj nás</strong> cez <a href="https://www.facebook.com/madelinefashionbutik" target="_blank" rel="noopener">Facebook</a> alebo <a href="https://madelinefashion.pl/sk/kontakt/">telefón</a>. Ak veľkosť nie je na stránke, kontaktujte nás.</p>
<h3 style="text-align: center;">ROZMERY šiat:</h3>
<p>&nbsp;</p>
<table width="556">
<tbody>
<tr>
<td><strong>VEĽKOSŤ</strong></td>
<td><strong>poprsia</strong></td>
<td><strong>Pás</strong></td>
<td><strong>Boky</strong></td>
</tr>
<tr>
<td><strong>34</strong></td>
<td>84-86</td>
<td>66</td>
<td> akýkoľvek</td>
</tr>
<tr>
<td><strong>36</strong></td>
<td>88-90</td>
<td>70</td>
<td> akýkoľvek</td>
</tr>
<tr>
<td><strong>38</strong></td>
<td> 92-94</td>
<td>74</td>
<td> akýkoľvek</td>
</tr>
<tr>
<td><strong>40</strong></td>
<td>96-98</td>
<td>78</td>
<td> akýkoľvek</td>
</tr>
</tbody>
</table>
<p style="text-align: center;"><span style="font-size: 10pt;"><span style="font-size: 10pt;">Šaty dostupné aj v </span><strong style="font-size: 10pt;">iné farebné varianty</strong><span style="font-size: 10pt;"> – odporúčame vám zoznámiť sa s našimi ďalšími produktmi. </span>celková dĺžka cca 157 cm  </span></p>
<p style="text-align: center;"><span style="font-size: 10pt;">Rozmery sa môžu mierne líšiť od uvedených +/- 2cm. </span></p>
<p style="text-align: center;"><span style="font-size: 10pt;"><strong> </strong> </span></p>
<table width="618">
<tbody>
<tr>
<td width="302">Meno modela</td>
<td width="302">Maxi šaty Mirage z tylu</td>
</tr>
<tr>
<td width="302">Farba</td>
<td width="302">Modrá</td>
</tr>
<tr>
<td width="302">Marka</td>
<td width="302">Madelin Fashion</td>
</tr>
<tr>
<td width="302">veľkosti</td>
<td width="302">36 38 40</td>
</tr>
<tr>
<td width="302">Móda</td>
<td width="302">Zhoda</td>
</tr>
<tr>
<td width="302">Materiál</td>
<td width="302">Viskóza, Polyester</td>
</tr>
<tr>
<td width="302">Dĺžka</td>
<td width="302">Na zem</td>
</tr>
</tbody>
</table>
<p style="text-align: center;" align="center">Pozývame vás do nášho salónu svadobných šiat, ktorý sa nachádza na ulici Moniuszki 2 v srdci Konstantynówa v Lodžskom. V našom profesionálnom salóne nájdete široký výber svadobných šiat, ktoré splnia vaše najtajnejšie sny o dokonalom dni. Tím skúsených konzultantov vám pomôže vybrať si perfektné šaty, prispôsobené vašim očakávaniam a postave. Srdečne vás pozývame na návštevu – presvedčte sa, aký výnimočný môže byť váš deň!</p>
<p>Každé šaty sa dajú v prípade potreby upraviť podľa vašej výšky a výšky podpätku. Ak sú príliš dlhé, môžete si ich skrátiť alebo nechať krajčírku urobiť drobné úpravy. Takto si môžete vybrané šaty jednoducho prispôsobiť svojim mieram a cítiť sa v nich dokonale pohodlne.</p>
<p style="text-align: center;" align="center">Aby ste si vybrali <strong>perfektné šaty</strong> kontaktujte nás telefonicky alebo prostredníctvom našej webovej stránky <a href="https://www.facebook.com/madelinefashionbutik" target="_blank" rel="noopener">Facebook</a> .<br />
Náš tím vám pomôže <strong>Vyberte si ten správny</strong> . <strong>Každé šaty vieme presne zmerať na požiadanie kupujúcej. </strong></p>
<div class="additional-details" style="text-align: center;">
<p style="text-align: center;"><span style="font-size: 10pt;"> </span></p>
</div>

<p>Maxi šaty Mirage Blue z tylu. Krásne dlhé šaty s tylom a krásnym živôtikom zdobeným nádhernými kryštálmi. Krásne zvýrazňujú ženské tvary – sukňa je celá vyrobená z tylu. Šaty majú vpredu všité košíčky, vďaka čomu nie je potrebné nosiť podprsenku. Sukňa je vyrobená z niekoľkých vrstiev ľahkého tylu. Krásne, jemné šaty. Majú odhalené ramená a perfektný strih.</p>
<div class="klb-readmore post-buttons"><a class="button black outline size-sm" href="https://madelinefashion.pl/sk/suknia-maxi-tiulowa-mirage-blekitna/">Čítať ďalej <i class="klbth-icon-right-arrow"></i></a></div>

pracovný list
