{"id":593808,"date":"2026-02-04T15:55:32","date_gmt":"2026-02-04T14:55:32","guid":{"rendered":"https:\/\/madelinefashion.pl\/?post_type=product&#038;p=593808"},"modified":"2026-02-04T17:40:05","modified_gmt":"2026-02-04T16:40:05","slug":"ramoneska-skye-yellow-skorzana","status":"publish","type":"product","link":"https:\/\/madelinefashion.pl\/sk\/ramoneska-skye-yellow-skorzana\/","title":{"rendered":"\u017dlt\u00e1 ko\u017een\u00e1 motork\u00e1rska bunda Skye"},"content":{"rendered":"<h3 style=\"text-align: center;\">\u017dlt\u00e1 ko\u017een\u00e1 motork\u00e1rska bunda Skye<\/h3>\n<p style=\"text-align: center;\">Elegantn\u00fd <strong data-start=\"155\" data-end=\"181\">d\u00e1mska ko\u017een\u00e1 bunda<\/strong> V \u017eiarivo \u017eltom odtieni je dokonalou zmesou modern\u00e9ho \u0161t\u00fdlu a nad\u010dasovej elegancie. Je vyroben\u00e1 z vysoko kvalitnej ekoko\u017ee a zaujme svojou hladkou text\u00farou a dokonal\u00fdm strihom. <strong data-start=\"387\" data-end=\"413\">Kr\u00e1tka ko\u017een\u00e1 bunda<\/strong> Zd\u00f4raz\u0148uje p\u00e1s a dobre sa hod\u00ed k d\u017e\u00ednsom aj \u0161at\u00e1m, \u010d\u00edm sp\u00e1ja eleganciu s praktickos\u0165ou. Krat\u0161\u00ed strih je ide\u00e1lny na teplej\u0161ie dni, ke\u010f potrebujete ochranu pred vetrom a miernym chladom, ale nechcete sa vzda\u0165 m\u00f3dneho vzh\u013eadu. Funk\u010dn\u00fd zips vpredu a s\u0165ahovacie \u0161n\u00farky v p\u00e1se v\u00e1m umo\u017e\u0148uj\u00fa prisp\u00f4sobi\u0165 strih va\u0161ej postave a jemne ju zd\u00f4razni\u0165.<\/p>\n<p style=\"text-align: center;\"><strong>VE\u013dKOS\u0164 S<\/strong><\/p>\n<p style=\"text-align: center;\">Celkov\u00e1 d\u013a\u017eka vpredu \u2013 48 cm<br \/>\nCelkov\u00e1 d\u013a\u017eka vzadu \u2013 46 cm<br \/>\n\u0160\u00edrka od podpazu\u0161ia k podpazu\u0161iu \u2013 49 cm x 2<br \/>\n\u0160\u00edrka v spodnej \u010dasti \u2013 49 cm x 2<br \/>\nD\u013a\u017eka ruk\u00e1va od ramena \u2013 60 cm<br \/>\nD\u013a\u017eka ruk\u00e1va od podpazu\u0161ia \u2013 46 cm<br \/>\n\u0160\u00edrka bicepsu \u2013 17 cm x 2<\/p>\n<p style=\"text-align: center;\"><strong>VE\u013dKOS\u0164 M<\/strong><\/p>\n<p style=\"text-align: center;\">Celkov\u00e1 d\u013a\u017eka vpredu \u2013 49 cm<br \/>\nCelkov\u00e1 d\u013a\u017eka vzadu \u2013 47 cm<br \/>\n\u0160\u00edrka od podpazu\u0161ia k podpazu\u0161iu \u2013 50 cm x 2<br \/>\n\u0160\u00edrka v spodnej \u010dasti \u2013 50 cm x 2<br \/>\nD\u013a\u017eka ruk\u00e1va od ramena \u2013 61 cm<br \/>\nD\u013a\u017eka ruk\u00e1va od podpazu\u0161ia - 47 cm<br \/>\n\u0160\u00edrka bicepsu \u2013 18 cm x 2<\/p>\n<p style=\"text-align: center;\"><strong>VE\u013dKOS\u0164 L<br \/>\n<\/strong><\/p>\n<p style=\"text-align: center;\">Celkov\u00e1 d\u013a\u017eka vpredu \u2013 50 cm<br \/>\nCelkov\u00e1 d\u013a\u017eka vzadu \u2013 48 cm<br \/>\n\u0160\u00edrka od podpazu\u0161ia k podpazu\u0161iu \u2013 52 cm x 2<br \/>\n\u0160\u00edrka v spodnej \u010dasti \u2013 52 cm x 2<br \/>\nD\u013a\u017eka ruk\u00e1va od ramena \u2013 62 cm<br \/>\nD\u013a\u017eka ruk\u00e1va od podpazu\u0161ia \u2013 48 cm<br \/>\n\u0160\u00edrka bicepsu \u2013 19 cm x 2<\/p>\n<p style=\"text-align: center;\">ZLO\u017dENIE: 100 % Polyester<\/p>\n<p style=\"text-align: center;\">Odevy meran\u00e9 v plochom stave! Jednotliv\u00e9 rozmery sa m\u00f4\u017eu l\u00ed\u0161i\u0165 o +\/- 2 cm.<\/p>\n<p style=\"text-align: center;\"><span style=\"font-size: 10pt;\">\u00a0<\/span><\/p>\n<p style=\"text-align: center;\">","protected":false},"excerpt":{"rendered":"<p>\u017dlt\u00e1 ko\u017een\u00e1 motork\u00e1rska bunda Skye. T\u00e1to elegantn\u00e1 d\u00e1mska ko\u017een\u00e1 bunda v \u017eiarivo \u017eltom odtieni je dokonalou zmesou modern\u00e9ho \u0161t\u00fdlu a nad\u010dasovej elegancie. Vyroben\u00e1 z vysoko kvalitnej ekoko\u017ee, zaujme svojou hladkou text\u00farou a dokonal\u00fdm strihom. Kr\u00e1tka ko\u017een\u00e1 bunda zv\u00fdraz\u0148uje p\u00e1s a dobre sa hod\u00ed k d\u017e\u00ednsom aj \u0161at\u00e1m, \u010d\u00edm sp\u00e1ja eleganciu s praktickos\u0165ou. Krat\u0161\u00ed strih je ide\u00e1lny pre...<\/p>\n<div class=\"klb-readmore post-buttons\"><a class=\"button black outline size-sm\" href=\"https:\/\/madelinefashion.pl\/sk\/ramoneska-skye-yellow-skorzana\/\">\u010c\u00edta\u0165 \u010falej <i class=\"klbth-icon-right-arrow\"><\/i><\/a><\/div>","protected":false},"featured_media":593812,"template":"","meta":[],"product_brand":[],"product_cat":[117,395],"product_tag":[269],"class_list":{"0":"post-593808","1":"product","2":"type-product","3":"status-publish","4":"has-post-thumbnail","6":"product_cat-kurtki","7":"product_cat-nowosci","8":"product_tag-bomberka","9":"pa_rozmiar-s","10":"pa_rozmiar-m","11":"pa_rozmiar-l","13":"first","14":"instock","15":"sale","16":"purchasable","17":"product-type-variable"},"_links":{"self":[{"href":"https:\/\/madelinefashion.pl\/sk\/wp-json\/wp\/v2\/product\/593808","targetHints":{"allow":["GET"]}}],"collection":[{"href":"https:\/\/madelinefashion.pl\/sk\/wp-json\/wp\/v2\/product"}],"about":[{"href":"https:\/\/madelinefashion.pl\/sk\/wp-json\/wp\/v2\/types\/product"}],"wp:featuredmedia":[{"embeddable":true,"href":"https:\/\/madelinefashion.pl\/sk\/wp-json\/wp\/v2\/media\/593812"}],"wp:attachment":[{"href":"https:\/\/madelinefashion.pl\/sk\/wp-json\/wp\/v2\/media?parent=593808"}],"wp:term":[{"taxonomy":"product_brand","embeddable":true,"href":"https:\/\/madelinefashion.pl\/sk\/wp-json\/wp\/v2\/product_brand?post=593808"},{"taxonomy":"product_cat","embeddable":true,"href":"https:\/\/madelinefashion.pl\/sk\/wp-json\/wp\/v2\/product_cat?post=593808"},{"taxonomy":"product_tag","embeddable":true,"href":"https:\/\/madelinefashion.pl\/sk\/wp-json\/wp\/v2\/product_tag?post=593808"}],"curies":[{"name":"pracovn\u00fd list","href":"https:\/\/api.w.org\/{rel}","templated":true}]}}

Žltá kožená motorkárska bunda Skye

<h3 style="text-align: center;">Žltá kožená motorkárska bunda Skye</h3>
<p style="text-align: center;">Elegantný <strong data-start="155" data-end="181">dámska kožená bunda</strong> V žiarivo žltom odtieni je dokonalou zmesou moderného štýlu a nadčasovej elegancie. Je vyrobená z vysoko kvalitnej ekokože a zaujme svojou hladkou textúrou a dokonalým strihom. <strong data-start="387" data-end="413">Krátka kožená bunda</strong> Zdôrazňuje pás a dobre sa hodí k džínsom aj šatám, čím spája eleganciu s praktickosťou. Kratší strih je ideálny na teplejšie dni, keď potrebujete ochranu pred vetrom a miernym chladom, ale nechcete sa vzdať módneho vzhľadu. Funkčný zips vpredu a sťahovacie šnúrky v páse vám umožňujú prispôsobiť strih vašej postave a jemne ju zdôrazniť.</p>
<p style="text-align: center;"><strong>VEĽKOSŤ S</strong></p>
<p style="text-align: center;">Celková dĺžka vpredu – 48 cm<br />
Celková dĺžka vzadu – 46 cm<br />
Šírka od podpazušia k podpazušiu – 49 cm x 2<br />
Šírka v spodnej časti – 49 cm x 2<br />
Dĺžka rukáva od ramena – 60 cm<br />
Dĺžka rukáva od podpazušia – 46 cm<br />
Šírka bicepsu – 17 cm x 2</p>
<p style="text-align: center;"><strong>VEĽKOSŤ M</strong></p>
<p style="text-align: center;">Celková dĺžka vpredu – 49 cm<br />
Celková dĺžka vzadu – 47 cm<br />
Šírka od podpazušia k podpazušiu – 50 cm x 2<br />
Šírka v spodnej časti – 50 cm x 2<br />
Dĺžka rukáva od ramena – 61 cm<br />
Dĺžka rukáva od podpazušia - 47 cm<br />
Šírka bicepsu – 18 cm x 2</p>
<p style="text-align: center;"><strong>VEĽKOSŤ L<br />
</strong></p>
<p style="text-align: center;">Celková dĺžka vpredu – 50 cm<br />
Celková dĺžka vzadu – 48 cm<br />
Šírka od podpazušia k podpazušiu – 52 cm x 2<br />
Šírka v spodnej časti – 52 cm x 2<br />
Dĺžka rukáva od ramena – 62 cm<br />
Dĺžka rukáva od podpazušia – 48 cm<br />
Šírka bicepsu – 19 cm x 2</p>
<p style="text-align: center;">ZLOŽENIE: 100 % Polyester</p>
<p style="text-align: center;">Odevy merané v plochom stave! Jednotlivé rozmery sa môžu líšiť o +/- 2 cm.</p>
<p style="text-align: center;"><span style="font-size: 10pt;"> </span></p>
<p style="text-align: center;">

<p>Žltá kožená motorkárska bunda Skye. Táto elegantná dámska kožená bunda v žiarivo žltom odtieni je dokonalou zmesou moderného štýlu a nadčasovej elegancie. Vyrobená z vysoko kvalitnej ekokože, zaujme svojou hladkou textúrou a dokonalým strihom. Krátka kožená bunda zvýrazňuje pás a dobre sa hodí k džínsom aj šatám, čím spája eleganciu s praktickosťou. Kratší strih je ideálny pre...</p>
<div class="klb-readmore post-buttons"><a class="button black outline size-sm" href="https://madelinefashion.pl/sk/ramoneska-skye-yellow-skorzana/">Čítať ďalej <i class="klbth-icon-right-arrow"></i></a></div>

pracovný list
