{"id":59391,"date":"2022-09-23T11:58:52","date_gmt":"2022-09-23T09:58:52","guid":{"rendered":"https:\/\/madelinefashion.pl\/?post_type=product&#038;p=59391"},"modified":"2026-02-20T14:57:49","modified_gmt":"2026-02-20T13:57:49","slug":"sweter-z-alpaki-z-kokardkami-na-rekawie-bialy","status":"publish","type":"product","link":"https:\/\/madelinefashion.pl\/sk\/sweter-z-alpaki-z-kokardkami-na-rekawie-bialy\/","title":{"rendered":"Sweter z Alpaki z Kokardkami na R\u0119kawie Bia\u0142y"},"content":{"rendered":"<h3 style=\"text-align: center;\">Sweter z Alpaki z Kokardkami na R\u0119kawie Bia\u0142y<\/h3>\n<p style=\"text-align: center;\"><strong>Pohodln\u00fd, pohodln\u00fd sveter <\/strong>zdoben\u00e9 jednoduch\u00fdm dizajnom<strong> ma\u0161li\u010dky na ruk\u00e1voch.\u00a0<\/strong> Svetr\u00edk je vyroben\u00fd z ve\u013emi pr\u00edjemnej alpaky \u00a0<strong>prisp\u00f4sob\u00ed sa siluete<\/strong> a dopln\u00ed ka\u017ed\u00fd outfit. Skvele sa hod\u00ed k leg\u00ednam, d\u017e\u00ednsom alebo ko\u017een\u00fdm nohaviciam. Sveter je vhodn\u00fd na ka\u017ed\u00e9 ro\u010dn\u00e9 obdobie. ve\u013ekos\u0165 je\u00a0<strong>univerz\u00e1lny<\/strong> , perfektne sed\u00ed na nosenie \u017eien\u00a0 <strong>S, M, L<\/strong>,<strong>XL\u00a0<\/strong> ak nos\u00edte v\u00e4\u010d\u0161iu ve\u013ekos\u0165, odpor\u00fa\u010dame v\u00e1m pozrie\u0165 si tabu\u013eku ve\u013ekost\u00ed ni\u017e\u0161ie. Dostupn\u00e9 v na\u0161om e-shope vo viacer\u00fdch variantoch <strong>farby<\/strong>tak nev\u00e1hajte a vyberte si ten, ktor\u00fd je pre v\u00e1s ide\u00e1lny. Ak sa neviete rozhodn\u00fa\u0165, ktor\u00e1 farba je pre v\u00e1s najlep\u0161ia, kontaktujte n\u00e1s na Facebooku alebo telefonicky.<\/p>\n<h2 style=\"text-align: center;\">Rozmery:<\/h2>\n<ul style=\"text-align: center;\">\n<li><span style=\"font-size: 10pt;\">\u0161\u00edrka od pazuchy po pazuchu 40-50 cm<\/span><\/li>\n<li><span style=\"font-size: 10pt;\">celkov\u00e1 d\u013a\u017eka: 77 cm\u00a0<\/span><\/li>\n<li><span style=\"font-size: 10pt;\">odpor\u00fa\u010dan\u00fd maxim\u00e1lny obvod poprsia: 108 cm<\/span><\/li>\n<\/ul>\n<p style=\"text-align: center;\"><span style=\"font-size: 10pt;\">\u00a0Rozmery sa m\u00f4\u017eu mierne l\u00ed\u0161i\u0165 od uveden\u00fdch +\/- 2cm. V\u0161etky uveden\u00e9 rozmery s\u00fa meran\u00e9 plo\u0161ne.<\/span><\/p>\n<table width=\"617\">\n<tbody>\n<tr>\n<td width=\"302\">Meno modela<\/td>\n<td width=\"302\">Sveter z alpaky s ma\u0161\u013eami na ruk\u00e1ve<\/td>\n<\/tr>\n<tr>\n<td width=\"302\">Farba<\/td>\n<td width=\"302\">biely<\/td>\n<\/tr>\n<tr>\n<td width=\"302\">ve\u013ekosti<\/td>\n<td width=\"302\">Univerz\u00e1lny<\/td>\n<\/tr>\n<tr>\n<td width=\"302\">M\u00f3da<\/td>\n<td width=\"302\">nadrozmern\u00e9<\/td>\n<\/tr>\n<tr>\n<td width=\"302\">izolovan\u00e9<\/td>\n<td width=\"302\">jednopl\u00e1\u0161\u0165ov\u00e9<\/td>\n<\/tr>\n<tr>\n<td width=\"302\">Materi\u00e1l<\/td>\n<td width=\"302\">Alpaka<\/td>\n<\/tr>\n<\/tbody>\n<\/table>\n<p style=\"text-align: center;\"><span style=\"font-size: 10pt;\">\u00a0<\/span><\/p>\n<p style=\"text-align: center;\">Model m\u00e1\u00a0<strong>169<\/strong>\u00a0cm vysok\u00fd, nos\u00ed ve\u013ekos\u0165 ka\u017ed\u00fd de\u0148\u00a0<strong>S<\/strong><\/p>\n<p style=\"text-align: center;\">\u0160\u00edrka cez prsia 92 cm<\/p>\n<p style=\"text-align: center;\">\u0160\u00edrka v p\u00e1se 62 cm<\/p>\n<p style=\"text-align: center;\">\u0160\u00edrka v bokoch 94 cm<\/p>","protected":false},"excerpt":{"rendered":"<p>Sweter z Alpaki z Kokardkami na R\u0119kawie Bia\u0142y Wygodny, komfortowy sweterek o prostym fasonie ozdobiony kokardkami na r\u0119kawkach.\u00a0 Sweterek wykonany jest bardzo przyjemnej alpaki \u00a0dopasowuje si\u0119 do sylwetki i uzupe\u0142nia ka\u017cd\u0105 stylizacj\u0119.\u00a0 Idealnie komponuje si\u0119 z legginsami, jeansami czy sk\u00f3rzanymi spodniami .\u00a0Sweter nadaje si\u0119 na ka\u017cd\u0105 por\u0119 roku. Rozmiar jest\u00a0uniwersalny , idealnie pasuje na Panie<\/p>\n<div class=\"klb-readmore post-buttons\"><a class=\"button black outline size-sm\" href=\"https:\/\/madelinefashion.pl\/sk\/sweter-z-alpaki-z-kokardkami-na-rekawie-bialy\/\">\u010c\u00edta\u0165 \u010falej <i class=\"klbth-icon-right-arrow\"><\/i><\/a><\/div>","protected":false},"featured_media":59206,"template":"","meta":[],"product_brand":[],"product_cat":[78],"product_tag":[222],"class_list":{"0":"post-59391","1":"product","2":"type-product","3":"status-publish","4":"has-post-thumbnail","6":"product_cat-swetry-damskie","7":"product_tag-swetry-biale","9":"first","10":"outofstock","11":"purchasable","12":"product-type-simple"},"_links":{"self":[{"href":"https:\/\/madelinefashion.pl\/sk\/wp-json\/wp\/v2\/product\/59391","targetHints":{"allow":["GET"]}}],"collection":[{"href":"https:\/\/madelinefashion.pl\/sk\/wp-json\/wp\/v2\/product"}],"about":[{"href":"https:\/\/madelinefashion.pl\/sk\/wp-json\/wp\/v2\/types\/product"}],"wp:featuredmedia":[{"embeddable":true,"href":"https:\/\/madelinefashion.pl\/sk\/wp-json\/wp\/v2\/media\/59206"}],"wp:attachment":[{"href":"https:\/\/madelinefashion.pl\/sk\/wp-json\/wp\/v2\/media?parent=59391"}],"wp:term":[{"taxonomy":"product_brand","embeddable":true,"href":"https:\/\/madelinefashion.pl\/sk\/wp-json\/wp\/v2\/product_brand?post=59391"},{"taxonomy":"product_cat","embeddable":true,"href":"https:\/\/madelinefashion.pl\/sk\/wp-json\/wp\/v2\/product_cat?post=59391"},{"taxonomy":"product_tag","embeddable":true,"href":"https:\/\/madelinefashion.pl\/sk\/wp-json\/wp\/v2\/product_tag?post=59391"}],"curies":[{"name":"pracovn\u00fd list","href":"https:\/\/api.w.org\/{rel}","templated":true}]}}

Sweter z Alpaki z Kokardkami na Rękawie Biały

<h3 style="text-align: center;">Sweter z Alpaki z Kokardkami na Rękawie Biały</h3>
<p style="text-align: center;"><strong>Pohodlný, pohodlný sveter </strong>zdobené jednoduchým dizajnom<strong> mašličky na rukávoch. </strong> Svetrík je vyrobený z veľmi príjemnej alpaky  <strong>prispôsobí sa siluete</strong> a doplní každý outfit. Skvele sa hodí k legínam, džínsom alebo koženým nohaviciam. Sveter je vhodný na každé ročné obdobie. veľkosť je <strong>univerzálny</strong> , perfektne sedí na nosenie žien  <strong>S, M, L</strong>,<strong>XL </strong> ak nosíte väčšiu veľkosť, odporúčame vám pozrieť si tabuľku veľkostí nižšie. Dostupné v našom e-shope vo viacerých variantoch <strong>farby</strong>tak neváhajte a vyberte si ten, ktorý je pre vás ideálny. Ak sa neviete rozhodnúť, ktorá farba je pre vás najlepšia, kontaktujte nás na Facebooku alebo telefonicky.</p>
<h2 style="text-align: center;">Rozmery:</h2>
<ul style="text-align: center;">
<li><span style="font-size: 10pt;">šírka od pazuchy po pazuchu 40-50 cm</span></li>
<li><span style="font-size: 10pt;">celková dĺžka: 77 cm </span></li>
<li><span style="font-size: 10pt;">odporúčaný maximálny obvod poprsia: 108 cm</span></li>
</ul>
<p style="text-align: center;"><span style="font-size: 10pt;"> Rozmery sa môžu mierne líšiť od uvedených +/- 2cm. Všetky uvedené rozmery sú merané plošne.</span></p>
<table width="617">
<tbody>
<tr>
<td width="302">Meno modela</td>
<td width="302">Sveter z alpaky s mašľami na rukáve</td>
</tr>
<tr>
<td width="302">Farba</td>
<td width="302">biely</td>
</tr>
<tr>
<td width="302">veľkosti</td>
<td width="302">Univerzálny</td>
</tr>
<tr>
<td width="302">Móda</td>
<td width="302">nadrozmerné</td>
</tr>
<tr>
<td width="302">izolované</td>
<td width="302">jednoplášťové</td>
</tr>
<tr>
<td width="302">Materiál</td>
<td width="302">Alpaka</td>
</tr>
</tbody>
</table>
<p style="text-align: center;"><span style="font-size: 10pt;"> </span></p>
<p style="text-align: center;">Model má <strong>169</strong> cm vysoký, nosí veľkosť každý deň <strong>S</strong></p>
<p style="text-align: center;">Šírka cez prsia 92 cm</p>
<p style="text-align: center;">Šírka v páse 62 cm</p>
<p style="text-align: center;">Šírka v bokoch 94 cm</p>

<p>Sweter z Alpaki z Kokardkami na Rękawie Biały Wygodny, komfortowy sweterek o prostym fasonie ozdobiony kokardkami na rękawkach.  Sweterek wykonany jest bardzo przyjemnej alpaki  dopasowuje się do sylwetki i uzupełnia każdą stylizację.  Idealnie komponuje się z legginsami, jeansami czy skórzanymi spodniami . Sweter nadaje się na każdą porę roku. Rozmiar jest uniwersalny , idealnie pasuje na Panie</p>
<div class="klb-readmore post-buttons"><a class="button black outline size-sm" href="https://madelinefashion.pl/sk/sweter-z-alpaki-z-kokardkami-na-rekawie-bialy/">Čítať ďalej <i class="klbth-icon-right-arrow"></i></a></div>

pracovný list
