{"id":594038,"date":"2026-02-06T13:33:49","date_gmt":"2026-02-06T12:33:49","guid":{"rendered":"https:\/\/madelinefashion.pl\/?post_type=product&#038;p=594038"},"modified":"2026-04-10T12:04:40","modified_gmt":"2026-04-10T10:04:40","slug":"spodnie-jeans-ciemny-luiza","status":"publish","type":"product","link":"https:\/\/madelinefashion.pl\/sk\/spodnie-jeans-ciemny-luiza\/","title":{"rendered":"Tmav\u00e9 d\u017e\u00ednsy Luiza"},"content":{"rendered":"<h3 style=\"text-align: center;\">Tmav\u00e9 d\u017e\u00ednsy Luiza<\/h3>\n<p style=\"text-align: center;\"><span style=\"vertical-align: inherit;\"><span style=\"vertical-align: inherit;\"><strong>Tmav\u00e9 d\u017e\u00ednsy<\/strong>\u00a0vo svetlo\u0161edej farbe je m\u00f3dnym prvkom, ktor\u00fd nesmie ch\u00fdba\u0165 <strong>v\u00e1\u0161 \u0161atn\u00edk<\/strong>. <\/span><span style=\"vertical-align: inherit;\">Nohavice vyroben\u00e9 z <\/span><\/span><strong><span style=\"vertical-align: inherit;\"><span style=\"vertical-align: inherit;\">kvalitn\u00fd materi\u00e1l s vysok\u00fdm p\u00e1som,<\/span><\/span><\/strong><span style=\"vertical-align: inherit;\"><span style=\"vertical-align: inherit;\"> \u00a0ktor\u00e9 dokonale modeluj\u00fa postavu. <\/span><span style=\"vertical-align: inherit;\">S\u00fa ve\u013emi pohodln\u00e9 a \u013eahko sa kombinuj\u00fa, \u013eahko ich skombinujete s na\u0161imi <a href=\"https:\/\/madelinefashion.pl\/sk\/bluzki-2\/bluzki\/\">bl\u00fazky<\/a>, <a href=\"https:\/\/madelinefashion.pl\/sk\/product-tag\/ramoneski\/\">Ramones<\/a>, <a href=\"https:\/\/madelinefashion.pl\/sk\/swetry\/kardigany-damskie\/\">vesty<\/a>. Nohavice klasick\u00e9ho strihu vytv\u00e1raj\u00fa skvel\u00fd z\u00e1klad pre jarn\u00e9 a letn\u00e9 \u0161tyliz\u00e1cie. Ak m\u00e1te radi origin\u00e1lny, \u0161t\u00fdlov\u00fd vzh\u013ead, v \u0161atn\u00edku v\u00e1m nesm\u00fa ch\u00fdba\u0165. Zo\u0161\u00edvanie <strong>kliky<\/strong> Skvel\u00e9 <strong>bude zd\u00f4raz\u0148ova\u0165 zadok<\/strong>. <strong>Pru\u017en\u00fd materi\u00e1l<\/strong> poskytuje pohodlie a dokonal\u00e9 prisp\u00f4sobenie postave.<br \/>\nVyzeraj\u00fa perfektne s vysok\u00fdmi podp\u00e4tkami alebo teniskami.<\/span><span style=\"vertical-align: inherit;\">\u00a0<\/span><span style=\"vertical-align: inherit;\">Pon\u00fakame ich vo ve\u013ekostiach <strong>XS, S, M, L, XL<\/strong><\/span><\/span><span style=\"vertical-align: inherit;\"><span style=\"vertical-align: inherit;\"> ,-odpor\u00fa\u010dame\u00a0\u00a0<\/span><\/span><span style=\"vertical-align: inherit;\"><span style=\"vertical-align: inherit;\"><b>presne tak\u00a0<\/b><\/span><\/span><strong><span style=\"vertical-align: inherit;\"><span style=\"vertical-align: inherit;\">mera\u0165<\/span><\/span><\/strong><span style=\"vertical-align: inherit;\"><span style=\"vertical-align: inherit;\"> pod\u013ea tabu\u013eky rozmerov ni\u017e\u0161ie. <\/span><span style=\"vertical-align: inherit;\">Dopl\u0148te svoj \u0161atn\u00edk o tento model nohav\u00edc z\u00a0<\/span><\/span><strong><a href=\"https:\/\/madelinefashion.pl\/sk\/\"><span style=\"vertical-align: inherit;\"><span style=\"vertical-align: inherit;\">Madelinefashion<\/span><\/span><\/a><span style=\"vertical-align: inherit;\"><span style=\"vertical-align: inherit;\"> .\u00a0<\/span><\/span><\/strong><span style=\"vertical-align: inherit;\"><span style=\"vertical-align: inherit;\">V inform\u00e1ci\u00e1ch po k\u00fape m\u00f4\u017eete uvies\u0165 aj va\u0161e rozmery - vyberieme pre v\u00e1s ten ide\u00e1lny.\u00a0<\/span><\/span><\/p>\n<h3 style=\"text-align: center;\"><span style=\"vertical-align: inherit;\"><span style=\"vertical-align: inherit;\">Rozmery nohav\u00edc:<\/span><\/span><\/h3>\n<p style=\"text-align: center;\"><strong><span style=\"vertical-align: inherit;\"><span style=\"vertical-align: inherit;\">VE\u013dKOS\u0164 XS 34\u00a0<\/span><\/span><\/strong><\/p>\n<ul style=\"text-align: center;\">\n<li><span style=\"vertical-align: inherit;\"><span style=\"vertical-align: inherit;\">Celkov\u00e1 d\u013a\u017eka: 90 cm<\/span><\/span><\/li>\n<li><span style=\"vertical-align: inherit;\"><span style=\"vertical-align: inherit;\">Vn\u00fatorn\u00e1 d\u013a\u017eka nohav\u00edc: 68 cm<\/span><\/span><\/li>\n<li><span style=\"vertical-align: inherit;\"><span style=\"vertical-align: inherit;\">\u0160\u00edrka v p\u00e1se: 32-43 cm<\/span><\/span><\/li>\n<li><span style=\"vertical-align: inherit;\"><span style=\"vertical-align: inherit;\">V\u00fd\u0161ka: 29 cm<\/span><\/span><\/li>\n<li><span style=\"vertical-align: inherit;\"><span style=\"vertical-align: inherit;\">\u0160\u00edrka bokov: 40-56 cm<\/span><\/span><\/li>\n<\/ul>\n<p style=\"text-align: center;\"><strong><span style=\"vertical-align: inherit;\"><span style=\"vertical-align: inherit;\">VE\u013dKOS\u0164 S 36\u00a0<\/span><\/span><\/strong><\/p>\n<ul style=\"text-align: center;\">\n<li><span style=\"vertical-align: inherit;\"><span style=\"vertical-align: inherit;\">Celkov\u00e1 d\u013a\u017eka: 90 cm<\/span><\/span><\/li>\n<li><span style=\"vertical-align: inherit;\"><span style=\"vertical-align: inherit;\">Vn\u00fatorn\u00e1 d\u013a\u017eka nohav\u00edc: 68 cm<\/span><\/span><\/li>\n<li><span style=\"vertical-align: inherit;\"><span style=\"vertical-align: inherit;\">\u0160\u00edrka v p\u00e1se: 33-43 cm<\/span><\/span><\/li>\n<li><span style=\"vertical-align: inherit;\"><span style=\"vertical-align: inherit;\">V\u00fd\u0161ka: 30 cm<\/span><\/span><\/li>\n<li><span style=\"vertical-align: inherit;\"><span style=\"vertical-align: inherit;\">\u0160\u00edrka bokov: 41-57 cm<\/span><\/span><\/li>\n<\/ul>\n<p style=\"text-align: center;\"><strong><span style=\"vertical-align: inherit;\"><span style=\"vertical-align: inherit;\">VE\u013dKOS\u0164 M 38\u00a0<\/span><\/span><\/strong><\/p>\n<ul style=\"text-align: center;\">\n<li><span style=\"vertical-align: inherit;\"><span style=\"vertical-align: inherit;\">Celkov\u00e1 d\u013a\u017eka: 91 cm<\/span><\/span><\/li>\n<li><span style=\"vertical-align: inherit;\"><span style=\"vertical-align: inherit;\">Vn\u00fatorn\u00e1 d\u013a\u017eka nohav\u00edc: 69 cm<\/span><\/span><\/li>\n<li><span style=\"vertical-align: inherit;\"><span style=\"vertical-align: inherit;\">\u0160\u00edrka v p\u00e1se: 35-46 cm<\/span><\/span><\/li>\n<li><span style=\"vertical-align: inherit;\"><span style=\"vertical-align: inherit;\">V\u00fd\u0161ka: 30 cm<\/span><\/span><\/li>\n<li><span style=\"vertical-align: inherit;\"><span style=\"vertical-align: inherit;\">\u0160\u00edrka bokov: 43-60 cm<\/span><\/span><\/li>\n<\/ul>\n<p style=\"text-align: center;\"><strong><span style=\"vertical-align: inherit;\"><span style=\"vertical-align: inherit;\">VE\u013dKOS\u0164 L 40\u00a0<\/span><\/span><\/strong><\/p>\n<ul style=\"text-align: center;\">\n<li><span style=\"vertical-align: inherit;\"><span style=\"vertical-align: inherit;\">Celkov\u00e1 d\u013a\u017eka: 93 cm<\/span><\/span><\/li>\n<li><span style=\"vertical-align: inherit;\"><span style=\"vertical-align: inherit;\">Vn\u00fatorn\u00e1 d\u013a\u017eka nohav\u00edc: 69 cm<\/span><\/span><\/li>\n<li><span style=\"vertical-align: inherit;\"><span style=\"vertical-align: inherit;\">\u0160\u00edrka v p\u00e1se: 37-49 cm<\/span><\/span><\/li>\n<li><span style=\"vertical-align: inherit;\"><span style=\"vertical-align: inherit;\">V\u00fd\u0161ka: 31 cm<\/span><\/span><\/li>\n<li><span style=\"vertical-align: inherit;\"><span style=\"vertical-align: inherit;\">\u0160\u00edrka bokov: 46-61 cm<\/span><\/span><\/li>\n<\/ul>\n<p style=\"text-align: center;\"><strong><span style=\"vertical-align: inherit;\"><span style=\"vertical-align: inherit;\">Ve\u013ekos\u0165 XL 42\u00a0<\/span><\/span><\/strong><\/p>\n<ul style=\"text-align: center;\">\n<li><span style=\"vertical-align: inherit;\"><span style=\"vertical-align: inherit;\">Celkov\u00e1 d\u013a\u017eka: 93 cm<\/span><\/span><\/li>\n<li><span style=\"vertical-align: inherit;\"><span style=\"vertical-align: inherit;\">Vn\u00fatorn\u00e1 d\u013a\u017eka nohav\u00edc: 69 cm<\/span><\/span><\/li>\n<li><span style=\"vertical-align: inherit;\"><span style=\"vertical-align: inherit;\">\u0160\u00edrka v p\u00e1se: 48-52 cm<\/span><\/span><\/li>\n<li><span style=\"vertical-align: inherit;\"><span style=\"vertical-align: inherit;\">V\u00fd\u0161ka: 31 cm<\/span><\/span><\/li>\n<li><span style=\"vertical-align: inherit;\"><span style=\"vertical-align: inherit;\">\u0160\u00edrka bokov: 47-63 cm<\/span><\/span><\/li>\n<\/ul>\n<p style=\"text-align: center;\"><span style=\"vertical-align: inherit;\"><span style=\"vertical-align: inherit;\">Rozmery sa m\u00f4\u017eu l\u00ed\u0161i\u0165 od uveden\u00fdch +\/- 2cm. <\/span><span style=\"vertical-align: inherit;\">V\u0161etko dan\u00e9 <strong>rozmery s\u00fa meran\u00e9 plo\u0161ne. Rozmer X2<\/strong><\/span><\/span><\/p>\n<p>&nbsp;<\/p>\n<div class=\"tabs tabs-bb clear mb-80\">\n<div class=\"tab-content\">\n<div id=\"tab-description\" class=\"tab-pane fade in woocommerce-Tabs-panel--description active\">\n<div class=\"additional-details\">\n<p style=\"text-align: center;\">\u00a0Model m\u00e1\u00a0<strong>165<\/strong>\u00a0cm vysok\u00fd, nos\u00ed ve\u013ekos\u0165 ka\u017ed\u00fd de\u0148\u00a0<strong>S<\/strong><\/p>\n<\/div>\n<\/div>\n<\/div>\n<\/div>","protected":false},"excerpt":{"rendered":"<p>D\u017e\u00ednsy Dark Jeans Luiza vo svetlosivej farbe s\u00fa m\u00f3dnym k\u00faskom, ktor\u00fd mus\u00ed ma\u0165 v\u00e1\u0161 \u0161atn\u00edk. Tieto nohavice s vysok\u00fdm p\u00e1som s\u00fa vyroben\u00e9 z vysoko kvalitn\u00e9ho materi\u00e1lu a dokonale tvaruj\u00fa va\u0161u postavu. S\u00fa ve\u013emi pohodln\u00e9 a \u013eahko sa kombinuj\u00fa s na\u0161imi bl\u00fazkami, motork\u00e1rskymi bundami a kardiganmi. Tieto nohavice klasick\u00e9ho strihu vytv\u00e1raj\u00fa...<\/p>\n<div class=\"klb-readmore post-buttons\"><a class=\"button black outline size-sm\" href=\"https:\/\/madelinefashion.pl\/sk\/spodnie-jeans-ciemny-luiza\/\">\u010c\u00edta\u0165 \u010falej <i class=\"klbth-icon-right-arrow\"><\/i><\/a><\/div>","protected":false},"featured_media":596470,"template":"","meta":[],"product_brand":[],"product_cat":[83],"product_tag":[475],"class_list":{"0":"post-594038","1":"product","2":"type-product","3":"status-publish","4":"has-post-thumbnail","6":"product_cat-spodnie","7":"product_tag-spodnie-dlugie","8":"pa_rozmiar-l-40","9":"pa_rozmiar-xs-34","10":"pa_rozmiar-s-36","11":"pa_rozmiar-m-38","13":"first","14":"instock","15":"purchasable","16":"product-type-variable"},"_links":{"self":[{"href":"https:\/\/madelinefashion.pl\/sk\/wp-json\/wp\/v2\/product\/594038","targetHints":{"allow":["GET"]}}],"collection":[{"href":"https:\/\/madelinefashion.pl\/sk\/wp-json\/wp\/v2\/product"}],"about":[{"href":"https:\/\/madelinefashion.pl\/sk\/wp-json\/wp\/v2\/types\/product"}],"wp:featuredmedia":[{"embeddable":true,"href":"https:\/\/madelinefashion.pl\/sk\/wp-json\/wp\/v2\/media\/596470"}],"wp:attachment":[{"href":"https:\/\/madelinefashion.pl\/sk\/wp-json\/wp\/v2\/media?parent=594038"}],"wp:term":[{"taxonomy":"product_brand","embeddable":true,"href":"https:\/\/madelinefashion.pl\/sk\/wp-json\/wp\/v2\/product_brand?post=594038"},{"taxonomy":"product_cat","embeddable":true,"href":"https:\/\/madelinefashion.pl\/sk\/wp-json\/wp\/v2\/product_cat?post=594038"},{"taxonomy":"product_tag","embeddable":true,"href":"https:\/\/madelinefashion.pl\/sk\/wp-json\/wp\/v2\/product_tag?post=594038"}],"curies":[{"name":"pracovn\u00fd list","href":"https:\/\/api.w.org\/{rel}","templated":true}]}}

Tmavé džínsy Luiza

<h3 style="text-align: center;">Tmavé džínsy Luiza</h3>
<p style="text-align: center;"><span style="vertical-align: inherit;"><span style="vertical-align: inherit;"><strong>Tmavé džínsy</strong> vo svetlošedej farbe je módnym prvkom, ktorý nesmie chýbať <strong>váš šatník</strong>. </span><span style="vertical-align: inherit;">Nohavice vyrobené z </span></span><strong><span style="vertical-align: inherit;"><span style="vertical-align: inherit;">kvalitný materiál s vysokým pásom,</span></span></strong><span style="vertical-align: inherit;"><span style="vertical-align: inherit;">  ktoré dokonale modelujú postavu. </span><span style="vertical-align: inherit;">Sú veľmi pohodlné a ľahko sa kombinujú, ľahko ich skombinujete s našimi <a href="https://madelinefashion.pl/sk/bluzki-2/bluzki/">blúzky</a>, <a href="https://madelinefashion.pl/sk/product-tag/ramoneski/">Ramones</a>, <a href="https://madelinefashion.pl/sk/swetry/kardigany-damskie/">vesty</a>. Nohavice klasického strihu vytvárajú skvelý základ pre jarné a letné štylizácie. Ak máte radi originálny, štýlový vzhľad, v šatníku vám nesmú chýbať. Zošívanie <strong>kliky</strong> Skvelé <strong>bude zdôrazňovať zadok</strong>. <strong>Pružný materiál</strong> poskytuje pohodlie a dokonalé prispôsobenie postave.<br />
Vyzerajú perfektne s vysokými podpätkami alebo teniskami.</span><span style="vertical-align: inherit;"> </span><span style="vertical-align: inherit;">Ponúkame ich vo veľkostiach <strong>XS, S, M, L, XL</strong></span></span><span style="vertical-align: inherit;"><span style="vertical-align: inherit;"> ,-odporúčame  </span></span><span style="vertical-align: inherit;"><span style="vertical-align: inherit;"><b>presne tak </b></span></span><strong><span style="vertical-align: inherit;"><span style="vertical-align: inherit;">merať</span></span></strong><span style="vertical-align: inherit;"><span style="vertical-align: inherit;"> podľa tabuľky rozmerov nižšie. </span><span style="vertical-align: inherit;">Doplňte svoj šatník o tento model nohavíc z </span></span><strong><a href="https://madelinefashion.pl/sk/"><span style="vertical-align: inherit;"><span style="vertical-align: inherit;">Madelinefashion</span></span></a><span style="vertical-align: inherit;"><span style="vertical-align: inherit;"> . </span></span></strong><span style="vertical-align: inherit;"><span style="vertical-align: inherit;">V informáciách po kúpe môžete uviesť aj vaše rozmery - vyberieme pre vás ten ideálny. </span></span></p>
<h3 style="text-align: center;"><span style="vertical-align: inherit;"><span style="vertical-align: inherit;">Rozmery nohavíc:</span></span></h3>
<p style="text-align: center;"><strong><span style="vertical-align: inherit;"><span style="vertical-align: inherit;">VEĽKOSŤ XS 34 </span></span></strong></p>
<ul style="text-align: center;">
<li><span style="vertical-align: inherit;"><span style="vertical-align: inherit;">Celková dĺžka: 90 cm</span></span></li>
<li><span style="vertical-align: inherit;"><span style="vertical-align: inherit;">Vnútorná dĺžka nohavíc: 68 cm</span></span></li>
<li><span style="vertical-align: inherit;"><span style="vertical-align: inherit;">Šírka v páse: 32-43 cm</span></span></li>
<li><span style="vertical-align: inherit;"><span style="vertical-align: inherit;">Výška: 29 cm</span></span></li>
<li><span style="vertical-align: inherit;"><span style="vertical-align: inherit;">Šírka bokov: 40-56 cm</span></span></li>
</ul>
<p style="text-align: center;"><strong><span style="vertical-align: inherit;"><span style="vertical-align: inherit;">VEĽKOSŤ S 36 </span></span></strong></p>
<ul style="text-align: center;">
<li><span style="vertical-align: inherit;"><span style="vertical-align: inherit;">Celková dĺžka: 90 cm</span></span></li>
<li><span style="vertical-align: inherit;"><span style="vertical-align: inherit;">Vnútorná dĺžka nohavíc: 68 cm</span></span></li>
<li><span style="vertical-align: inherit;"><span style="vertical-align: inherit;">Šírka v páse: 33-43 cm</span></span></li>
<li><span style="vertical-align: inherit;"><span style="vertical-align: inherit;">Výška: 30 cm</span></span></li>
<li><span style="vertical-align: inherit;"><span style="vertical-align: inherit;">Šírka bokov: 41-57 cm</span></span></li>
</ul>
<p style="text-align: center;"><strong><span style="vertical-align: inherit;"><span style="vertical-align: inherit;">VEĽKOSŤ M 38 </span></span></strong></p>
<ul style="text-align: center;">
<li><span style="vertical-align: inherit;"><span style="vertical-align: inherit;">Celková dĺžka: 91 cm</span></span></li>
<li><span style="vertical-align: inherit;"><span style="vertical-align: inherit;">Vnútorná dĺžka nohavíc: 69 cm</span></span></li>
<li><span style="vertical-align: inherit;"><span style="vertical-align: inherit;">Šírka v páse: 35-46 cm</span></span></li>
<li><span style="vertical-align: inherit;"><span style="vertical-align: inherit;">Výška: 30 cm</span></span></li>
<li><span style="vertical-align: inherit;"><span style="vertical-align: inherit;">Šírka bokov: 43-60 cm</span></span></li>
</ul>
<p style="text-align: center;"><strong><span style="vertical-align: inherit;"><span style="vertical-align: inherit;">VEĽKOSŤ L 40 </span></span></strong></p>
<ul style="text-align: center;">
<li><span style="vertical-align: inherit;"><span style="vertical-align: inherit;">Celková dĺžka: 93 cm</span></span></li>
<li><span style="vertical-align: inherit;"><span style="vertical-align: inherit;">Vnútorná dĺžka nohavíc: 69 cm</span></span></li>
<li><span style="vertical-align: inherit;"><span style="vertical-align: inherit;">Šírka v páse: 37-49 cm</span></span></li>
<li><span style="vertical-align: inherit;"><span style="vertical-align: inherit;">Výška: 31 cm</span></span></li>
<li><span style="vertical-align: inherit;"><span style="vertical-align: inherit;">Šírka bokov: 46-61 cm</span></span></li>
</ul>
<p style="text-align: center;"><strong><span style="vertical-align: inherit;"><span style="vertical-align: inherit;">Veľkosť XL 42 </span></span></strong></p>
<ul style="text-align: center;">
<li><span style="vertical-align: inherit;"><span style="vertical-align: inherit;">Celková dĺžka: 93 cm</span></span></li>
<li><span style="vertical-align: inherit;"><span style="vertical-align: inherit;">Vnútorná dĺžka nohavíc: 69 cm</span></span></li>
<li><span style="vertical-align: inherit;"><span style="vertical-align: inherit;">Šírka v páse: 48-52 cm</span></span></li>
<li><span style="vertical-align: inherit;"><span style="vertical-align: inherit;">Výška: 31 cm</span></span></li>
<li><span style="vertical-align: inherit;"><span style="vertical-align: inherit;">Šírka bokov: 47-63 cm</span></span></li>
</ul>
<p style="text-align: center;"><span style="vertical-align: inherit;"><span style="vertical-align: inherit;">Rozmery sa môžu líšiť od uvedených +/- 2cm. </span><span style="vertical-align: inherit;">Všetko dané <strong>rozmery sú merané plošne. Rozmer X2</strong></span></span></p>
<p>&nbsp;</p>
<div class="tabs tabs-bb clear mb-80">
<div class="tab-content">
<div id="tab-description" class="tab-pane fade in woocommerce-Tabs-panel--description active">
<div class="additional-details">
<p style="text-align: center;"> Model má <strong>165</strong> cm vysoký, nosí veľkosť každý deň <strong>S</strong></p>
</div>
</div>
</div>
</div>

<p>Džínsy Dark Jeans Luiza vo svetlosivej farbe sú módnym kúskom, ktorý musí mať váš šatník. Tieto nohavice s vysokým pásom sú vyrobené z vysoko kvalitného materiálu a dokonale tvarujú vašu postavu. Sú veľmi pohodlné a ľahko sa kombinujú s našimi blúzkami, motorkárskymi bundami a kardiganmi. Tieto nohavice klasického strihu vytvárajú...</p>
<div class="klb-readmore post-buttons"><a class="button black outline size-sm" href="https://madelinefashion.pl/sk/spodnie-jeans-ciemny-luiza/">Čítať ďalej <i class="klbth-icon-right-arrow"></i></a></div>

pracovný list
