{"id":594544,"date":"2026-02-13T14:53:32","date_gmt":"2026-02-13T13:53:32","guid":{"rendered":"https:\/\/madelinefashion.pl\/?post_type=product&#038;p=594544"},"modified":"2026-04-20T17:51:44","modified_gmt":"2026-04-20T15:51:44","slug":"sukienka-cekinowa-z-rozcieciem-astreya-pudrowy-roz","status":"publish","type":"product","link":"https:\/\/madelinefashion.pl\/sk\/sukienka-cekinowa-z-rozcieciem-astreya-pudrowy-roz\/","title":{"rendered":"Ru\u017eov\u00e9 flitrovan\u00e9 \u0161aty Astrey s rozparkom"},"content":{"rendered":"<h3 style=\"text-align: center;\">Ru\u017eov\u00e9 flitrovan\u00e9 \u0161aty Astrey s rozparkom<\/h3>\n<p style=\"text-align: center;\"><strong>Astreya<\/strong> Strieborn\u00e9 \u0161aty s\u00fa kr\u00e1sne s tenk\u00fdmi ramienkami a kor\u00e1lkov\u00fdmi detailmi. \u017div\u00f4tik je korzetov\u00fd. Do poprsia je v\u0161it\u00fd silik\u00f3nov\u00fd p\u00e1s, ktor\u00fd \u0161aty dr\u017e\u00ed na mieste.\u00a0<b> \u0160aty so zipsom<\/b> Maj\u00fa rozparok na nohavici, ktor\u00fd ich kr\u00e1sne zv\u00fdraz\u0148uje. Napriek svojej jednoduchosti \u0161aty ur\u010dite urobia ve\u013ek\u00fd dojem. <strong>posiaty flitrami s kor\u00e1lkami<\/strong> ide\u00e1lne na svadby, stu\u017ekov\u00e9, oslavy n\u00e1vratu maturity, Silvestra a in\u00e9 \u0161peci\u00e1lne pr\u00edle\u017eitosti. Vyberte si <strong data-start=\"1152\" data-end=\"1196\">zmyseln\u00fd vzh\u013ead a nad\u010dasov\u00e1 elegancia<\/strong> \u2013 tieto flitrovan\u00e9 korzetov\u00e9 \u0161aty s\u00fa nevyhnutnos\u0165ou vo va\u0161om \u0161atn\u00edku! Za\u017eiarte \u0161t\u00fdlovo! <strong data-start=\"314\" data-end=\"364\">strieborn\u00e9 flitrovan\u00e9 \u0161aty s ramienkami<\/strong> Tieto \u0161aty s\u00fa ur\u010den\u00e9 pre \u017eeny, ktor\u00e9 rady p\u00fataj\u00fa pozornos\u0165 a zd\u00f4raz\u0148uj\u00fa svoju \u017eenskos\u0165. \u0160aty s\u00fa bohato zdoben\u00e9 trblietav\u00fdmi flitrami, trblietaj\u00fa sa vo svetle a vyzeraj\u00fa \u00fa\u017easne pri tanci a pohybe. Ide\u00e1lne na ve\u010dierky, Silvestra, svadby, plesy alebo elegantn\u00e9 recepcie. Ak sa neviete rozhodn\u00fa\u0165, ktor\u00e1 farba alebo ve\u013ekos\u0165 je pre v\u00e1s najlep\u0161ia, kontaktujte n\u00e1s prostredn\u00edctvom <a href=\"https:\/\/www.facebook.com\/madelinefashionbutik\" target=\"_blank\" rel=\"noopener\">Facebook<\/a> alebo <a href=\"https:\/\/madelinefashion.pl\/sk\/kontakt\/\">telef\u00f3n<\/a>. Ak ve\u013ekos\u0165 nie je na str\u00e1nke, kontaktujte n\u00e1s.<\/p>\n<h3 style=\"text-align: center;\">ROZMERY \u0161iat:<\/h3>\n<table width=\"556\">\n<tbody>\n<tr>\n<td><strong>VE\u013dKOS\u0164<\/strong><\/td>\n<td><strong>poprsia<\/strong><\/td>\n<td><strong>P\u00e1s<\/strong><\/td>\n<td><strong>Boky<\/strong><\/td>\n<\/tr>\n<tr>\n<td><strong>34<\/strong><\/td>\n<td>84-86<\/td>\n<td>64-68<\/td>\n<td>\u00a082-90<\/td>\n<\/tr>\n<tr>\n<td><strong>36<\/strong><\/td>\n<td>88-90<\/td>\n<td>68-72<\/td>\n<td>\u00a086-92<\/td>\n<\/tr>\n<tr>\n<td><strong>38<\/strong><\/td>\n<td>92-94<\/td>\n<td>72-76<\/td>\n<td>\u00a090-96<\/td>\n<\/tr>\n<tr>\n<td><strong>40<\/strong><\/td>\n<td>96-98<\/td>\n<td>76-80<\/td>\n<td>\u00a094-106<\/td>\n<\/tr>\n<\/tbody>\n<\/table>\n<p style=\"text-align: center;\"><span style=\"font-size: 10pt;\">\u00a0 <\/span><\/p>\n<p style=\"text-align: center;\"><span style=\"font-size: 10pt;\">celkov\u00e1 d\u013a\u017eka cca 157 cm <\/span>(\u0161aty sa daj\u00fa skr\u00e1ti\u0165 pod\u013ea vlastnej chuti)<\/p>\n<p style=\"text-align: center;\"><span style=\"font-size: 10pt;\">\u0160aty dostupn\u00e9 aj v <strong>in\u00e9 farebn\u00e9 varianty<\/strong> \u2013 odpor\u00fa\u010dame v\u00e1m zozn\u00e1mi\u0165 sa s na\u0161imi \u010fal\u0161\u00edmi produktmi.\u00a0<\/span><\/p>\n<p style=\"text-align: center;\"><span style=\"font-size: 10pt;\">Rozmery sa m\u00f4\u017eu mierne l\u00ed\u0161i\u0165 od uveden\u00fdch +\/- 2cm.\u00a0<\/span><\/p>\n<p style=\"text-align: center;\"><span style=\"font-size: 10pt;\"><strong>\u00a0<\/strong>\u00a0<\/span><\/p>\n<table width=\"618\">\n<tbody>\n<tr>\n<td width=\"302\">Meno modela<\/td>\n<td width=\"302\">Flitrovan\u00e9 \u0161aty Astrey s rozparkom<\/td>\n<\/tr>\n<tr>\n<td width=\"302\">Farba<\/td>\n<td width=\"302\">Ru\u017eov\u00e1<\/td>\n<\/tr>\n<tr>\n<td width=\"302\">zap\u00ednanie<\/td>\n<td width=\"302\">Z\u00e1mok<\/td>\n<\/tr>\n<tr>\n<td width=\"302\">ve\u013ekosti<\/td>\n<td width=\"302\">34 36 38 40<\/td>\n<\/tr>\n<tr>\n<td width=\"302\">M\u00f3da<\/td>\n<td width=\"302\">Zhoda<\/td>\n<\/tr>\n<tr>\n<td width=\"302\">Materi\u00e1l<\/td>\n<td width=\"302\">Visk\u00f3za, Polyester<\/td>\n<\/tr>\n<tr>\n<td width=\"302\">D\u013a\u017eka<\/td>\n<td width=\"302\">Na zem<\/td>\n<\/tr>\n<\/tbody>\n<\/table>\n<p style=\"text-align: center;\" align=\"center\">Poz\u00fdvame v\u00e1s do n\u00e1\u0161ho sal\u00f3nu svadobn\u00fdch \u0161iat, ktor\u00fd sa nach\u00e1dza na ulici Moniuszki 2 v srdci Konstantyn\u00f3wa v Lod\u017eskom. V na\u0161om profesion\u00e1lnom sal\u00f3ne n\u00e1jdete \u0161irok\u00fd v\u00fdber svadobn\u00fdch \u0161iat, ktor\u00e9 splnia va\u0161e najtajnej\u0161ie sny o dokonalom dni. T\u00edm sk\u00fasen\u00fdch konzultantov v\u00e1m pom\u00f4\u017ee vybra\u0165 si perfektn\u00e9 \u0161aty, prisp\u00f4soben\u00e9 va\u0161im o\u010dak\u00e1vaniam a postave. Srde\u010dne v\u00e1s poz\u00fdvame na n\u00e1v\u0161tevu \u2013 presved\u010dte sa, ak\u00fd v\u00fdnimo\u010dn\u00fd m\u00f4\u017ee by\u0165 v\u00e1\u0161 de\u0148!<\/p>\n<p>Ka\u017ed\u00e9 \u0161aty sa daj\u00fa v pr\u00edpade potreby upravi\u0165 pod\u013ea va\u0161ej v\u00fd\u0161ky a v\u00fd\u0161ky podp\u00e4tku. Ak s\u00fa pr\u00edli\u0161 dlh\u00e9, m\u00f4\u017eete si ich skr\u00e1ti\u0165 alebo necha\u0165 kraj\u010d\u00edrku urobi\u0165 drobn\u00e9 \u00fapravy. Takto si m\u00f4\u017eete vybran\u00e9 \u0161aty jednoducho prisp\u00f4sobi\u0165 svojim mieram a c\u00edti\u0165 sa v nich dokonale pohodlne.<\/p>\n<p style=\"text-align: center;\" align=\"center\">Aby ste si vybrali\u00a0<strong>perfektn\u00e9 \u0161aty<\/strong>\u00a0kontaktujte n\u00e1s telefonicky alebo prostredn\u00edctvom na\u0161ej webovej str\u00e1nky <a href=\"https:\/\/www.facebook.com\/madelinefashionbutik\" target=\"_blank\" rel=\"noopener\">Facebook<\/a> .<br \/>\nN\u00e1\u0161 t\u00edm v\u00e1m pom\u00f4\u017ee\u00a0<strong>Vyberte si ten spr\u00e1vny<\/strong>\u00a0.\u00a0<strong>Ka\u017ed\u00e9 \u0161aty vieme presne zmera\u0165 na po\u017eiadanie kupuj\u00facej.\u00a0<\/strong><\/p>\n<div class=\"additional-details\" style=\"text-align: center;\">\n<p style=\"text-align: center;\"><span style=\"font-size: 10pt;\">\u00a0<\/span><\/p>\n<\/div>","protected":false},"excerpt":{"rendered":"<p>Sukienka Cekinowa Z Rozci\u0119ciem Astreya Pudrowy R\u00f3\u017c Astreya srebrna to przepi\u0119kna sukienka\u00a0 na cienkich rami\u0105czkach zdobiona koralikami. G\u00f3ra sukienki jest gorsetowa. Przy biu\u015bcie wszyty jest silikonowy pasek, kt\u00f3ry utrzyma sukienk\u0119 na miejscu.\u00a0 Sukienka zapinana na zamek posiada rozci\u0119cie na nog\u0119, kt\u00f3re \u0142adnie j\u0105 eksponuje. Sukienka pomimo swojej prostoty na pewno zrobi ogromne wra\u017cenie. Sukienka cekinowa<\/p>\n<div class=\"klb-readmore post-buttons\"><a class=\"button black outline size-sm\" href=\"https:\/\/madelinefashion.pl\/sk\/sukienka-cekinowa-z-rozcieciem-astreya-pudrowy-roz\/\">\u010c\u00edta\u0165 \u010falej <i class=\"klbth-icon-right-arrow\"><\/i><\/a><\/div>","protected":false},"featured_media":597074,"template":"","meta":[],"product_brand":[],"product_cat":[124,395,558,569],"product_tag":[163,215],"class_list":{"0":"post-594544","1":"product","2":"type-product","3":"status-publish","4":"has-post-thumbnail","6":"product_cat-sukienki-okolicznosciowe","7":"product_cat-nowosci","8":"product_cat-sukienki-cekinowe","9":"product_cat-sukienki-dopasowane","10":"product_tag-sukienki-dlugie","11":"product_tag-sukienki-rozowe","13":"first","14":"instock","15":"purchasable","16":"product-type-variable"},"_links":{"self":[{"href":"https:\/\/madelinefashion.pl\/sk\/wp-json\/wp\/v2\/product\/594544","targetHints":{"allow":["GET"]}}],"collection":[{"href":"https:\/\/madelinefashion.pl\/sk\/wp-json\/wp\/v2\/product"}],"about":[{"href":"https:\/\/madelinefashion.pl\/sk\/wp-json\/wp\/v2\/types\/product"}],"wp:featuredmedia":[{"embeddable":true,"href":"https:\/\/madelinefashion.pl\/sk\/wp-json\/wp\/v2\/media\/597074"}],"wp:attachment":[{"href":"https:\/\/madelinefashion.pl\/sk\/wp-json\/wp\/v2\/media?parent=594544"}],"wp:term":[{"taxonomy":"product_brand","embeddable":true,"href":"https:\/\/madelinefashion.pl\/sk\/wp-json\/wp\/v2\/product_brand?post=594544"},{"taxonomy":"product_cat","embeddable":true,"href":"https:\/\/madelinefashion.pl\/sk\/wp-json\/wp\/v2\/product_cat?post=594544"},{"taxonomy":"product_tag","embeddable":true,"href":"https:\/\/madelinefashion.pl\/sk\/wp-json\/wp\/v2\/product_tag?post=594544"}],"curies":[{"name":"pracovn\u00fd list","href":"https:\/\/api.w.org\/{rel}","templated":true}]}}

Ružové flitrované šaty Astrey s rozparkom

<h3 style="text-align: center;">Ružové flitrované šaty Astrey s rozparkom</h3>
<p style="text-align: center;"><strong>Astreya</strong> Strieborné šaty sú krásne s tenkými ramienkami a korálkovými detailmi. Živôtik je korzetový. Do poprsia je všitý silikónový pás, ktorý šaty drží na mieste. <b> Šaty so zipsom</b> Majú rozparok na nohavici, ktorý ich krásne zvýrazňuje. Napriek svojej jednoduchosti šaty určite urobia veľký dojem. <strong>posiaty flitrami s korálkami</strong> ideálne na svadby, stužkové, oslavy návratu maturity, Silvestra a iné špeciálne príležitosti. Vyberte si <strong data-start="1152" data-end="1196">zmyselný vzhľad a nadčasová elegancia</strong> – tieto flitrované korzetové šaty sú nevyhnutnosťou vo vašom šatníku! Zažiarte štýlovo! <strong data-start="314" data-end="364">strieborné flitrované šaty s ramienkami</strong> Tieto šaty sú určené pre ženy, ktoré rady pútajú pozornosť a zdôrazňujú svoju ženskosť. Šaty sú bohato zdobené trblietavými flitrami, trblietajú sa vo svetle a vyzerajú úžasne pri tanci a pohybe. Ideálne na večierky, Silvestra, svadby, plesy alebo elegantné recepcie. Ak sa neviete rozhodnúť, ktorá farba alebo veľkosť je pre vás najlepšia, kontaktujte nás prostredníctvom <a href="https://www.facebook.com/madelinefashionbutik" target="_blank" rel="noopener">Facebook</a> alebo <a href="https://madelinefashion.pl/sk/kontakt/">telefón</a>. Ak veľkosť nie je na stránke, kontaktujte nás.</p>
<h3 style="text-align: center;">ROZMERY šiat:</h3>
<table width="556">
<tbody>
<tr>
<td><strong>VEĽKOSŤ</strong></td>
<td><strong>poprsia</strong></td>
<td><strong>Pás</strong></td>
<td><strong>Boky</strong></td>
</tr>
<tr>
<td><strong>34</strong></td>
<td>84-86</td>
<td>64-68</td>
<td> 82-90</td>
</tr>
<tr>
<td><strong>36</strong></td>
<td>88-90</td>
<td>68-72</td>
<td> 86-92</td>
</tr>
<tr>
<td><strong>38</strong></td>
<td>92-94</td>
<td>72-76</td>
<td> 90-96</td>
</tr>
<tr>
<td><strong>40</strong></td>
<td>96-98</td>
<td>76-80</td>
<td> 94-106</td>
</tr>
</tbody>
</table>
<p style="text-align: center;"><span style="font-size: 10pt;">  </span></p>
<p style="text-align: center;"><span style="font-size: 10pt;">celková dĺžka cca 157 cm </span>(šaty sa dajú skrátiť podľa vlastnej chuti)</p>
<p style="text-align: center;"><span style="font-size: 10pt;">Šaty dostupné aj v <strong>iné farebné varianty</strong> – odporúčame vám zoznámiť sa s našimi ďalšími produktmi. </span></p>
<p style="text-align: center;"><span style="font-size: 10pt;">Rozmery sa môžu mierne líšiť od uvedených +/- 2cm. </span></p>
<p style="text-align: center;"><span style="font-size: 10pt;"><strong> </strong> </span></p>
<table width="618">
<tbody>
<tr>
<td width="302">Meno modela</td>
<td width="302">Flitrované šaty Astrey s rozparkom</td>
</tr>
<tr>
<td width="302">Farba</td>
<td width="302">Ružová</td>
</tr>
<tr>
<td width="302">zapínanie</td>
<td width="302">Zámok</td>
</tr>
<tr>
<td width="302">veľkosti</td>
<td width="302">34 36 38 40</td>
</tr>
<tr>
<td width="302">Móda</td>
<td width="302">Zhoda</td>
</tr>
<tr>
<td width="302">Materiál</td>
<td width="302">Viskóza, Polyester</td>
</tr>
<tr>
<td width="302">Dĺžka</td>
<td width="302">Na zem</td>
</tr>
</tbody>
</table>
<p style="text-align: center;" align="center">Pozývame vás do nášho salónu svadobných šiat, ktorý sa nachádza na ulici Moniuszki 2 v srdci Konstantynówa v Lodžskom. V našom profesionálnom salóne nájdete široký výber svadobných šiat, ktoré splnia vaše najtajnejšie sny o dokonalom dni. Tím skúsených konzultantov vám pomôže vybrať si perfektné šaty, prispôsobené vašim očakávaniam a postave. Srdečne vás pozývame na návštevu – presvedčte sa, aký výnimočný môže byť váš deň!</p>
<p>Každé šaty sa dajú v prípade potreby upraviť podľa vašej výšky a výšky podpätku. Ak sú príliš dlhé, môžete si ich skrátiť alebo nechať krajčírku urobiť drobné úpravy. Takto si môžete vybrané šaty jednoducho prispôsobiť svojim mieram a cítiť sa v nich dokonale pohodlne.</p>
<p style="text-align: center;" align="center">Aby ste si vybrali <strong>perfektné šaty</strong> kontaktujte nás telefonicky alebo prostredníctvom našej webovej stránky <a href="https://www.facebook.com/madelinefashionbutik" target="_blank" rel="noopener">Facebook</a> .<br />
Náš tím vám pomôže <strong>Vyberte si ten správny</strong> . <strong>Každé šaty vieme presne zmerať na požiadanie kupujúcej. </strong></p>
<div class="additional-details" style="text-align: center;">
<p style="text-align: center;"><span style="font-size: 10pt;"> </span></p>
</div>

<p>Sukienka Cekinowa Z Rozcięciem Astreya Pudrowy Róż Astreya srebrna to przepiękna sukienka  na cienkich ramiączkach zdobiona koralikami. Góra sukienki jest gorsetowa. Przy biuście wszyty jest silikonowy pasek, który utrzyma sukienkę na miejscu.  Sukienka zapinana na zamek posiada rozcięcie na nogę, które ładnie ją eksponuje. Sukienka pomimo swojej prostoty na pewno zrobi ogromne wrażenie. Sukienka cekinowa</p>
<div class="klb-readmore post-buttons"><a class="button black outline size-sm" href="https://madelinefashion.pl/sk/sukienka-cekinowa-z-rozcieciem-astreya-pudrowy-roz/">Čítať ďalej <i class="klbth-icon-right-arrow"></i></a></div>

pracovný list
