{"id":595055,"date":"2026-02-20T13:40:18","date_gmt":"2026-02-20T12:40:18","guid":{"rendered":"https:\/\/madelinefashion.pl\/?post_type=product&#038;p=595055"},"modified":"2026-03-06T12:18:29","modified_gmt":"2026-03-06T11:18:29","slug":"sweter-soho-biala","status":"publish","type":"product","link":"https:\/\/madelinefashion.pl\/sk\/sweter-soho-biala\/","title":{"rendered":"Biely sveter Soho"},"content":{"rendered":"<h3 style=\"text-align: center;\">Biely sveter Soho<\/h3>\n<p style=\"text-align: center;\"><strong>Sveter Soho <\/strong>Je to zmes minimalistickej elegancie a mestsk\u00e9ho \u0161t\u00fdlu. Jeho jemn\u00fd modr\u00fd odtie\u0148 evokuje svie\u017eos\u0165 jarn\u00e9ho r\u00e1na a dokonale roz\u017eiari ka\u017ed\u00fd outfit \u2013 le\u017e\u00e9rny aj sofistikovanej\u0161\u00ed. Je vyroben\u00fd z m\u00e4kkej, pr\u00edjemnej pleteniny na dotyk a zais\u0165uje celodenn\u00e9 pohodlie. Klasick\u00fd strih s mierne zn\u00ed\u017een\u00fdmi ramenami kr\u00e1sne spl\u00fdva so svetrom a zd\u00f4raz\u0148uje jeho prirodzen\u00e9 proporcie. Starostlivo upraven\u00e9 man\u017eety na ruk\u00e1voch a leme mu dod\u00e1vaj\u00fa nad\u010dasov\u00fd charakter. Vo\u013en\u00fd a pohodln\u00fd strih s dlh\u00fdmi ruk\u00e1vmi je ide\u00e1lny na ka\u017edodenn\u00e9 nosenie aj na ve\u010dern\u00e9 vych\u00e1dzky. Hod\u00ed sa k r\u00f4znym outfitom: d\u017e\u00ednsy, ceruzkov\u00e1 suk\u0148a, diev\u010densk\u00e1 suk\u0148a a elegantn\u00e9 nohavice. <strong>N\u00e1\u0161 model je perfektnou ponukou na jesenn\u00e9 a zimn\u00e9 dni, bude vyzera\u0165 skvele v ka\u017edodenn\u00fdch \u0161tyliz\u00e1ci\u00e1ch.\u00a0<\/strong> Produkt je dostupn\u00fd vo viacer\u00fdch farebn\u00fdch variantoch. Jedna ve\u013ekos\u0165 sadne v\u0161etk\u00fdm odpor\u00fa\u010dan\u00fdm od <strong>S a\u017e XL<\/strong><\/p>\n<p>&nbsp;<\/p>\n<h3 style=\"text-align: center;\">Charakteristika.<\/h3>\n<ul>\n<li style=\"text-align: center;\">nadrozmern\u00e9<\/li>\n<li style=\"text-align: center;\">Neuverite\u013ene m\u00e4kk\u00e9 a pr\u00edjemn\u00e9 na telo<\/li>\n<li style=\"text-align: center;\">M\u00e4sit\u00e9 a \u00fa\u017easn\u00e9<\/li>\n<li style=\"text-align: center;\">Half-golf<\/li>\n<li style=\"text-align: center;\">Dlh\u00fd ruk\u00e1v<\/li>\n<\/ul>\n<h3 style=\"text-align: center;\">Rozmery:<\/h3>\n<ul style=\"text-align: center;\">\n<li>Celkov\u00e1 d\u013a\u017eka: 69 cm<\/li>\n<li>\u0160\u00edrka od podpazu\u0161ia: 48-67 cm<\/li>\n<li>D\u013a\u017eka ruk\u00e1va od ramena: 66 cm<\/li>\n<li>D\u013a\u017eka ruk\u00e1va od podpazu\u0161ia: 43 cm<\/li>\n<\/ul>\n<p style=\"text-align: center;\"><span style=\"font-size: 10pt;\">Rozmery sa m\u00f4\u017eu mierne l\u00ed\u0161i\u0165 od uveden\u00fdch +\/- 2cm. V\u0161etky uveden\u00e9 rozmery s\u00fa meran\u00e9 plo\u0161ne.<\/span><\/p>\n<p style=\"text-align: center;\"><span style=\"font-size: 10pt;\"><strong>\u00a0<\/strong>\u00a0<\/span><\/p>\n<table width=\"610\">\n<tbody>\n<tr>\n<td width=\"302\">Meno modela<\/td>\n<td width=\"302\">Sveter Soho<\/td>\n<\/tr>\n<tr>\n<td width=\"302\">Farba<\/td>\n<td width=\"302\">biely<\/td>\n<\/tr>\n<tr>\n<td width=\"302\">ve\u013ekosti<\/td>\n<td width=\"302\">Univerz\u00e1lny<\/td>\n<\/tr>\n<tr>\n<td width=\"302\">M\u00f3da<\/td>\n<td width=\"302\">nadrozmern\u00e9<\/td>\n<\/tr>\n<tr>\n<td width=\"302\">Zbierka<\/td>\n<td width=\"302\">Jese\u0148 Zima Jar<\/td>\n<\/tr>\n<tr>\n<td width=\"302\">izolovan\u00e9<\/td>\n<td width=\"302\">jednopl\u00e1\u0161\u0165ov\u00e9<\/td>\n<\/tr>\n<tr>\n<td width=\"302\">Materi\u00e1l<\/td>\n<td width=\"302\">Visk\u00f3za, Polyester<\/td>\n<\/tr>\n<\/tbody>\n<\/table>\n<div class=\"additional-details\" style=\"text-align: center;\">\n<div class=\"tabs tabs-bb clear mb-80\">\n<div class=\"tab-content\">\n<div id=\"tab-description\" class=\"tab-pane fade in woocommerce-Tabs-panel--description active\">\n<p>Model m\u00e1\u00a0<strong>169<\/strong>\u00a0cm vysok\u00fd, nos\u00ed ve\u013ekos\u0165 ka\u017ed\u00fd de\u0148\u00a0<strong>S<\/strong><\/p>\n<p>\u0160\u00edrka hrudn\u00edka 91 cm<\/p>\n<p>\u0160\u00edrka p\u00e1su 71 cm<\/p>\n<p>\u0160\u00edrka bokov 96 cm<\/p>\n<p>&nbsp;<\/p>\n<\/div>\n<\/div>\n<\/div>\n<section class=\"up-sells upsells products mb-80\"><\/section>\n<\/div>","protected":false},"excerpt":{"rendered":"<p>Sweter Soho Bia\u0142a Sweter Soho to po\u0142\u0105czenie minimalistycznej elegancji z miejskim luzem. Jego subtelny, b\u0142\u0119kitny odcie\u0144 przywodzi na my\u015bl \u015bwie\u017co\u015b\u0107 wiosennego poranka i doskonale roz\u015bwietla ka\u017cd\u0105 stylizacj\u0119 \u2013 zar\u00f3wno casualow\u0105, jak i bardziej wyrafinowan\u0105.Wykonany z mi\u0119kkiej, przyjemnej w dotyku dzianiny, zapewnia komfort noszenia przez ca\u0142y dzie\u0144. Klasyczny kr\u00f3j z delikatnie opuszczon\u0105 lini\u0105 ramion sprawia, \u017ce<\/p>\n<div class=\"klb-readmore post-buttons\"><a class=\"button black outline size-sm\" href=\"https:\/\/madelinefashion.pl\/sk\/sweter-soho-biala\/\">\u010c\u00edta\u0165 \u010falej <i class=\"klbth-icon-right-arrow\"><\/i><\/a><\/div>","protected":false},"featured_media":596519,"template":"","meta":[],"product_brand":[],"product_cat":[78],"product_tag":[],"class_list":{"0":"post-595055","1":"product","2":"type-product","3":"status-publish","4":"has-post-thumbnail","6":"product_cat-swetry-damskie","8":"first","9":"instock","10":"purchasable","11":"product-type-simple"},"_links":{"self":[{"href":"https:\/\/madelinefashion.pl\/sk\/wp-json\/wp\/v2\/product\/595055","targetHints":{"allow":["GET"]}}],"collection":[{"href":"https:\/\/madelinefashion.pl\/sk\/wp-json\/wp\/v2\/product"}],"about":[{"href":"https:\/\/madelinefashion.pl\/sk\/wp-json\/wp\/v2\/types\/product"}],"wp:featuredmedia":[{"embeddable":true,"href":"https:\/\/madelinefashion.pl\/sk\/wp-json\/wp\/v2\/media\/596519"}],"wp:attachment":[{"href":"https:\/\/madelinefashion.pl\/sk\/wp-json\/wp\/v2\/media?parent=595055"}],"wp:term":[{"taxonomy":"product_brand","embeddable":true,"href":"https:\/\/madelinefashion.pl\/sk\/wp-json\/wp\/v2\/product_brand?post=595055"},{"taxonomy":"product_cat","embeddable":true,"href":"https:\/\/madelinefashion.pl\/sk\/wp-json\/wp\/v2\/product_cat?post=595055"},{"taxonomy":"product_tag","embeddable":true,"href":"https:\/\/madelinefashion.pl\/sk\/wp-json\/wp\/v2\/product_tag?post=595055"}],"curies":[{"name":"pracovn\u00fd list","href":"https:\/\/api.w.org\/{rel}","templated":true}]}}

<h3 style="text-align: center;">Biely sveter Soho</h3>
<p style="text-align: center;"><strong>Sveter Soho </strong>Je to zmes minimalistickej elegancie a mestského štýlu. Jeho jemný modrý odtieň evokuje sviežosť jarného rána a dokonale rozžiari každý outfit – ležérny aj sofistikovanejší. Je vyrobený z mäkkej, príjemnej pleteniny na dotyk a zaisťuje celodenné pohodlie. Klasický strih s mierne zníženými ramenami krásne splýva so svetrom a zdôrazňuje jeho prirodzené proporcie. Starostlivo upravené manžety na rukávoch a leme mu dodávajú nadčasový charakter. Voľný a pohodlný strih s dlhými rukávmi je ideálny na každodenné nosenie aj na večerné vychádzky. Hodí sa k rôznym outfitom: džínsy, ceruzková sukňa, dievčenská sukňa a elegantné nohavice. <strong>Náš model je perfektnou ponukou na jesenné a zimné dni, bude vyzerať skvele v každodenných štylizáciách. </strong> Produkt je dostupný vo viacerých farebných variantoch. Jedna veľkosť sadne všetkým odporúčaným od <strong>S až XL</strong></p>
<p>&nbsp;</p>
<h3 style="text-align: center;">Charakteristika.</h3>
<ul>
<li style="text-align: center;">nadrozmerné</li>
<li style="text-align: center;">Neuveriteľne mäkké a príjemné na telo</li>
<li style="text-align: center;">Mäsité a úžasné</li>
<li style="text-align: center;">Half-golf</li>
<li style="text-align: center;">Dlhý rukáv</li>
</ul>
<h3 style="text-align: center;">Rozmery:</h3>
<ul style="text-align: center;">
<li>Celková dĺžka: 69 cm</li>
<li>Šírka od podpazušia: 48-67 cm</li>
<li>Dĺžka rukáva od ramena: 66 cm</li>
<li>Dĺžka rukáva od podpazušia: 43 cm</li>
</ul>
<p style="text-align: center;"><span style="font-size: 10pt;">Rozmery sa môžu mierne líšiť od uvedených +/- 2cm. Všetky uvedené rozmery sú merané plošne.</span></p>
<p style="text-align: center;"><span style="font-size: 10pt;"><strong> </strong> </span></p>
<table width="610">
<tbody>
<tr>
<td width="302">Meno modela</td>
<td width="302">Sveter Soho</td>
</tr>
<tr>
<td width="302">Farba</td>
<td width="302">biely</td>
</tr>
<tr>
<td width="302">veľkosti</td>
<td width="302">Univerzálny</td>
</tr>
<tr>
<td width="302">Móda</td>
<td width="302">nadrozmerné</td>
</tr>
<tr>
<td width="302">Zbierka</td>
<td width="302">Jeseň Zima Jar</td>
</tr>
<tr>
<td width="302">izolované</td>
<td width="302">jednoplášťové</td>
</tr>
<tr>
<td width="302">Materiál</td>
<td width="302">Viskóza, Polyester</td>
</tr>
</tbody>
</table>
<div class="additional-details" style="text-align: center;">
<div class="tabs tabs-bb clear mb-80">
<div class="tab-content">
<div id="tab-description" class="tab-pane fade in woocommerce-Tabs-panel--description active">
<p>Model má <strong>169</strong> cm vysoký, nosí veľkosť každý deň <strong>S</strong></p>
<p>Šírka hrudníka 91 cm</p>
<p>Šírka pásu 71 cm</p>
<p>Šírka bokov 96 cm</p>
<p>&nbsp;</p>
</div>
</div>
</div>
<section class="up-sells upsells products mb-80"></section>
</div>

<p>Sweter Soho Biała Sweter Soho to połączenie minimalistycznej elegancji z miejskim luzem. Jego subtelny, błękitny odcień przywodzi na myśl świeżość wiosennego poranka i doskonale rozświetla każdą stylizację – zarówno casualową, jak i bardziej wyrafinowaną.Wykonany z miękkiej, przyjemnej w dotyku dzianiny, zapewnia komfort noszenia przez cały dzień. Klasyczny krój z delikatnie opuszczoną linią ramion sprawia, że</p>
<div class="klb-readmore post-buttons"><a class="button black outline size-sm" href="https://madelinefashion.pl/sk/sweter-soho-biala/">Čítať ďalej <i class="klbth-icon-right-arrow"></i></a></div>

pracovný list
