{"id":595062,"date":"2026-02-20T15:13:36","date_gmt":"2026-02-20T14:13:36","guid":{"rendered":"https:\/\/madelinefashion.pl\/?post_type=product&#038;p=595062"},"modified":"2026-03-06T12:28:05","modified_gmt":"2026-03-06T11:28:05","slug":"ramoneska-krotka-z-zlotymi-guzikami-ferri-czerwona","status":"publish","type":"product","link":"https:\/\/madelinefashion.pl\/sk\/ramoneska-krotka-z-zlotymi-guzikami-ferri-czerwona\/","title":{"rendered":"\u010cerven\u00e1 kr\u00e1tka motork\u00e1rska bunda Ferri so zlat\u00fdmi gomb\u00edkmi"},"content":{"rendered":"<h3 style=\"text-align: center;\">\u010cerven\u00e1 kr\u00e1tka motork\u00e1rska bunda Ferri so zlat\u00fdmi gomb\u00edkmi<\/h3>\n<p style=\"text-align: center;\"><strong>ramoneska <\/strong>je jedn\u00fdm z na\u0161ich n\u00e1vrhov na nadch\u00e1dzaj\u00face chladnej\u0161ie dni. <strong>Najpred\u00e1vanej\u0161\u00ed<\/strong> Model. Najklasickej\u0161\u00ed a nad\u010dasov\u00fd model bundy. D\u00e1 sa pou\u017ei\u0165 v akomko\u013evek \u0161t\u00fdle, ako ku klasick\u00fdm d\u017e\u00ednsom, bielemu tri\u010dku na ka\u017edodenn\u00e9 vych\u00e1dzky, tak aj k d\u00e1mskym \u0161at\u00e1m, ktor\u00fdm dod\u00e1va rockov\u00fd vzh\u013ead. <strong>charakter<\/strong>. Je to ist\u00e9 <strong>musie\u0165 ma\u0165<\/strong> v ka\u017edom \u0161atn\u00edku! Dlh\u00e9 ruk\u00e1vy s\u00fa na konci zdoben\u00e9 zipsami. Model zo spodnej \u010dasti m\u00e1 dodato\u010dn\u00fa pod\u0161\u00edvku, ktor\u00e1 v\u00e1s ochr\u00e1ni v chladnej\u0161\u00edch d\u0148och. bo\u010dn\u00e9 rezy <strong>r<\/strong><strong>am\u00f3nny <\/strong>\u00a0V\u010faka jednoduch\u00e9mu, klasick\u00e9mu strihu bude skvele vyzera\u0165 s na\u0161imi nohavicami. Tento \u0161t\u00fdl je ide\u00e1lny na jar alebo jese\u0148, ako aj na chladnej\u0161ie letn\u00e9 dni. So starostlivo vybran\u00fdmi doplnkami si \u013eahko vytvor\u00edte jedine\u010dn\u00e9 outfity na spolo\u010densk\u00e9 udalosti alebo oslavy. <strong>je vyroben\u00fd z m\u00e4kkej eko ko\u017ee<\/strong>desivo pripom\u00edna <strong>pr\u00edrodn\u00e1 ko\u017ea<\/strong>. Model m\u00e1 dve vreck\u00e1. <strong>Vy\u010dnieva\u0165 z davu<\/strong> s na\u0161ou eko ko\u017eenou bundou. Fant\u00e1zii sa medze neklad\u00fa, preto nev\u00e1hajte a<strong> vytvorte si svoj vlastn\u00fd \u0161t\u00fdl<\/strong>.<\/p>\n<h3 style=\"text-align: center;\">Rozmery:<\/h3>\n<p style=\"text-align: center;\"><b>36\/sek<\/b><\/p>\n<p style=\"text-align: center;\">Celkov\u00e1 d\u013a\u017eka \u2013 47 cm<\/p>\n<p style=\"text-align: center;\">\u0160\u00edrka od podpazu\u0161ia k podpazu\u0161iu \u2013 47-51 cm<\/p>\n<p style=\"text-align: center;\">\u0160\u00edrka p\u00e1su \u2013 47-51 cm<\/p>\n<p style=\"text-align: center;\">D\u013a\u017eka ruk\u00e1va od ramena - 60 cm<\/p>\n<p style=\"text-align: center;\">D\u013a\u017eka ruk\u00e1va od podpazu\u0161ia - 42 cm<\/p>\n<p>&nbsp;<\/p>\n<p style=\"text-align: center;\"><b>38\/m<\/b><\/p>\n<p style=\"text-align: center;\">Celkov\u00e1 d\u013a\u017eka - 48 cm<\/p>\n<p style=\"text-align: center;\">\u0160\u00edrka od pazuchy po pazuchu - 49-53 cm<\/p>\n<p style=\"text-align: center;\">\u0160\u00edrka p\u00e1su \u2013 48-52 cm<\/p>\n<p style=\"text-align: center;\">D\u013a\u017eka ruk\u00e1va od ramena - 60 cm<\/p>\n<p style=\"text-align: center;\">D\u013a\u017eka ruk\u00e1va od podpazu\u0161ia - 42 cm<\/p>\n<p>&nbsp;<\/p>\n<p style=\"text-align: center;\"><b>40\/l<\/b><\/p>\n<p style=\"text-align: center;\">Celkov\u00e1 d\u013a\u017eka - 49 cm<\/p>\n<p style=\"text-align: center;\">\u0160\u00edrka od podpazu\u0161ia k podpazu\u0161iu \u2013 51-55 cm<\/p>\n<p style=\"text-align: center;\">\u0160\u00edrka p\u00e1su \u2013 49-53 cm<\/p>\n<p style=\"text-align: center;\">D\u013a\u017eka ruk\u00e1va od ramena - 61 cm<\/p>\n<p style=\"text-align: center;\">D\u013a\u017eka ruk\u00e1va od podpazu\u0161ia - 43 cm<\/p>\n<p style=\"text-align: center;\">Rozmery sa m\u00f4\u017eu mierne l\u00ed\u0161i\u0165 od uveden\u00fdch +\/- 2cm. V\u0161etky uveden\u00e9 rozmery s\u00fa meran\u00e9 plo\u0161ne.<\/p>\n<table width=\"605\">\n<tbody>\n<tr>\n<td width=\"302\">Meno modela<\/td>\n<td width=\"302\">Kr\u00e1tka motork\u00e1rska bunda Ferri so zlat\u00fdmi gomb\u00edkmi<\/td>\n<\/tr>\n<tr>\n<td width=\"302\">Farba<\/td>\n<td width=\"302\">\u010cerven\u00e1<\/td>\n<\/tr>\n<tr>\n<td width=\"302\">ve\u013ekosti<\/td>\n<td width=\"302\">SML<\/td>\n<\/tr>\n<tr>\n<td width=\"302\">M\u00f3da<\/td>\n<td width=\"302\">Zhoda<\/td>\n<\/tr>\n<tr>\n<td width=\"302\">Hood<\/td>\n<td width=\"302\">Nie<\/td>\n<\/tr>\n<tr>\n<td width=\"302\">Kvalita<\/td>\n<td width=\"302\">Premium<\/td>\n<\/tr>\n<tr>\n<td width=\"302\">zap\u00ednanie<\/td>\n<td width=\"302\">Z\u00e1mok<\/td>\n<\/tr>\n<\/tbody>\n<\/table>\n<p style=\"text-align: center;\">Model m\u00e1\u00a0<strong>169<\/strong>\u00a0cm vysok\u00fd, nos\u00ed ve\u013ekos\u0165 ka\u017ed\u00fd de\u0148\u00a0<strong>S<\/strong><\/p>\n<p style=\"text-align: center;\">\u0160\u00edrka hrudn\u00edka 91 cm<\/p>\n<p style=\"text-align: center;\">\u0160\u00edrka p\u00e1su 71 cm<\/p>\n<p style=\"text-align: center;\">\u0160\u00edrka bokov 96 cm<\/p>\n<p style=\"text-align: center;\">","protected":false},"excerpt":{"rendered":"<p>\u010cerven\u00e1 motork\u00e1rska bunda Ferri so zlat\u00fdmi gomb\u00edkmi je jedn\u00fdm z na\u0161ich tipov na nadch\u00e1dzaj\u00face chladnej\u0161ie dni. Najpred\u00e1vanej\u0161\u00ed model. Najklasickej\u0161ia a nad\u010dasov\u00e1 bunda. D\u00e1 sa nosi\u0165 s ak\u00fdmko\u013evek outfitom, od klasick\u00fdch d\u017e\u00ednsov a bieleho tri\u010dka na ka\u017edodenn\u00e9 nosenie a\u017e po \u017eensk\u00e9 \u0161aty s rockov\u00fdm n\u00e1dychom. Je to ur\u010dite nevyhnutnos\u0165 v ka\u017edom \u0161atn\u00edku.<\/p>\n<div class=\"klb-readmore post-buttons\"><a class=\"button black outline size-sm\" href=\"https:\/\/madelinefashion.pl\/sk\/ramoneska-krotka-z-zlotymi-guzikami-ferri-czerwona\/\">\u010c\u00edta\u0165 \u010falej <i class=\"klbth-icon-right-arrow\"><\/i><\/a><\/div>","protected":false},"featured_media":596547,"template":"","meta":[],"product_brand":[],"product_cat":[117],"product_tag":[295],"class_list":{"0":"post-595062","1":"product","2":"type-product","3":"status-publish","4":"has-post-thumbnail","6":"product_cat-kurtki","7":"product_tag-ramoneski","8":"pa_rozmiar-s","9":"pa_rozmiar-m","10":"pa_rozmiar-l","11":"pa_rozmiar-xl","13":"first","14":"instock","15":"sale","16":"purchasable","17":"product-type-variable"},"_links":{"self":[{"href":"https:\/\/madelinefashion.pl\/sk\/wp-json\/wp\/v2\/product\/595062","targetHints":{"allow":["GET"]}}],"collection":[{"href":"https:\/\/madelinefashion.pl\/sk\/wp-json\/wp\/v2\/product"}],"about":[{"href":"https:\/\/madelinefashion.pl\/sk\/wp-json\/wp\/v2\/types\/product"}],"wp:featuredmedia":[{"embeddable":true,"href":"https:\/\/madelinefashion.pl\/sk\/wp-json\/wp\/v2\/media\/596547"}],"wp:attachment":[{"href":"https:\/\/madelinefashion.pl\/sk\/wp-json\/wp\/v2\/media?parent=595062"}],"wp:term":[{"taxonomy":"product_brand","embeddable":true,"href":"https:\/\/madelinefashion.pl\/sk\/wp-json\/wp\/v2\/product_brand?post=595062"},{"taxonomy":"product_cat","embeddable":true,"href":"https:\/\/madelinefashion.pl\/sk\/wp-json\/wp\/v2\/product_cat?post=595062"},{"taxonomy":"product_tag","embeddable":true,"href":"https:\/\/madelinefashion.pl\/sk\/wp-json\/wp\/v2\/product_tag?post=595062"}],"curies":[{"name":"pracovn\u00fd list","href":"https:\/\/api.w.org\/{rel}","templated":true}]}}

Červená krátka motorkárska bunda Ferri so zlatými gombíkmi

<h3 style="text-align: center;">Červená krátka motorkárska bunda Ferri so zlatými gombíkmi</h3>
<p style="text-align: center;"><strong>ramoneska </strong>je jedným z našich návrhov na nadchádzajúce chladnejšie dni. <strong>Najpredávanejší</strong> Model. Najklasickejší a nadčasový model bundy. Dá sa použiť v akomkoľvek štýle, ako ku klasickým džínsom, bielemu tričku na každodenné vychádzky, tak aj k dámskym šatám, ktorým dodáva rockový vzhľad. <strong>charakter</strong>. Je to isté <strong>musieť mať</strong> v každom šatníku! Dlhé rukávy sú na konci zdobené zipsami. Model zo spodnej časti má dodatočnú podšívku, ktorá vás ochráni v chladnejších dňoch. bočné rezy <strong>r</strong><strong>amónny </strong> Vďaka jednoduchému, klasickému strihu bude skvele vyzerať s našimi nohavicami. Tento štýl je ideálny na jar alebo jeseň, ako aj na chladnejšie letné dni. So starostlivo vybranými doplnkami si ľahko vytvoríte jedinečné outfity na spoločenské udalosti alebo oslavy. <strong>je vyrobený z mäkkej eko kože</strong>desivo pripomína <strong>prírodná koža</strong>. Model má dve vrecká. <strong>Vyčnievať z davu</strong> s našou eko koženou bundou. Fantázii sa medze nekladú, preto neváhajte a<strong> vytvorte si svoj vlastný štýl</strong>.</p>
<h3 style="text-align: center;">Rozmery:</h3>
<p style="text-align: center;"><b>36/sek</b></p>
<p style="text-align: center;">Celková dĺžka – 47 cm</p>
<p style="text-align: center;">Šírka od podpazušia k podpazušiu – 47-51 cm</p>
<p style="text-align: center;">Šírka pásu – 47-51 cm</p>
<p style="text-align: center;">Dĺžka rukáva od ramena - 60 cm</p>
<p style="text-align: center;">Dĺžka rukáva od podpazušia - 42 cm</p>
<p>&nbsp;</p>
<p style="text-align: center;"><b>38/m</b></p>
<p style="text-align: center;">Celková dĺžka - 48 cm</p>
<p style="text-align: center;">Šírka od pazuchy po pazuchu - 49-53 cm</p>
<p style="text-align: center;">Šírka pásu – 48-52 cm</p>
<p style="text-align: center;">Dĺžka rukáva od ramena - 60 cm</p>
<p style="text-align: center;">Dĺžka rukáva od podpazušia - 42 cm</p>
<p>&nbsp;</p>
<p style="text-align: center;"><b>40/l</b></p>
<p style="text-align: center;">Celková dĺžka - 49 cm</p>
<p style="text-align: center;">Šírka od podpazušia k podpazušiu – 51-55 cm</p>
<p style="text-align: center;">Šírka pásu – 49-53 cm</p>
<p style="text-align: center;">Dĺžka rukáva od ramena - 61 cm</p>
<p style="text-align: center;">Dĺžka rukáva od podpazušia - 43 cm</p>
<p style="text-align: center;">Rozmery sa môžu mierne líšiť od uvedených +/- 2cm. Všetky uvedené rozmery sú merané plošne.</p>
<table width="605">
<tbody>
<tr>
<td width="302">Meno modela</td>
<td width="302">Krátka motorkárska bunda Ferri so zlatými gombíkmi</td>
</tr>
<tr>
<td width="302">Farba</td>
<td width="302">Červená</td>
</tr>
<tr>
<td width="302">veľkosti</td>
<td width="302">SML</td>
</tr>
<tr>
<td width="302">Móda</td>
<td width="302">Zhoda</td>
</tr>
<tr>
<td width="302">Hood</td>
<td width="302">Nie</td>
</tr>
<tr>
<td width="302">Kvalita</td>
<td width="302">Premium</td>
</tr>
<tr>
<td width="302">zapínanie</td>
<td width="302">Zámok</td>
</tr>
</tbody>
</table>
<p style="text-align: center;">Model má <strong>169</strong> cm vysoký, nosí veľkosť každý deň <strong>S</strong></p>
<p style="text-align: center;">Šírka hrudníka 91 cm</p>
<p style="text-align: center;">Šírka pásu 71 cm</p>
<p style="text-align: center;">Šírka bokov 96 cm</p>
<p style="text-align: center;">

<p>Červená motorkárska bunda Ferri so zlatými gombíkmi je jedným z našich tipov na nadchádzajúce chladnejšie dni. Najpredávanejší model. Najklasickejšia a nadčasová bunda. Dá sa nosiť s akýmkoľvek outfitom, od klasických džínsov a bieleho trička na každodenné nosenie až po ženské šaty s rockovým nádychom. Je to určite nevyhnutnosť v každom šatníku.</p>
<div class="klb-readmore post-buttons"><a class="button black outline size-sm" href="https://madelinefashion.pl/sk/ramoneska-krotka-z-zlotymi-guzikami-ferri-czerwona/">Čítať ďalej <i class="klbth-icon-right-arrow"></i></a></div>

pracovný list
