{"id":596330,"date":"2026-03-05T14:28:24","date_gmt":"2026-03-05T13:28:24","guid":{"rendered":"https:\/\/madelinefashion.pl\/?post_type=product&#038;p=596330"},"modified":"2026-04-20T15:58:10","modified_gmt":"2026-04-20T13:58:10","slug":"sukienka-wieczorowa-z-szalem-madame-lunessa-chabrowa","status":"publish","type":"product","link":"https:\/\/madelinefashion.pl\/sk\/sukienka-wieczorowa-z-szalem-madame-lunessa-chabrowa\/","title":{"rendered":"Ve\u010dern\u00e9 \u0161aty Madame Lunessa s nev\u00e4dzov\u00fdm vzorom a \u0161\u00e1lom"},"content":{"rendered":"<h3 style=\"text-align: center;\">Ve\u010dern\u00e9 \u0161aty Madame Lunessa s nev\u00e4dzov\u00fdm vzorom a \u0161\u00e1lom<\/h3>\n<p style=\"text-align: center;\"><span style=\"font-size: 10pt;\">\u00a0Kr\u00e1sne dlh\u00e9 ve\u010dern\u00e9 \u0161aty zo vzdu\u0161n\u00e9ho materi\u00e1lu s \u010dipkovan\u00fdm \u017eiv\u00f4tikom a 3\/4 \u0161if\u00f3nov\u00fdmi ruk\u00e1vmi. Tieto \u0161aty plus size s\u00fa zdoben\u00e9 n\u00e1dhernou v\u00fd\u0161ivkou a trblietav\u00fdmi kri\u0161t\u00e1\u013eov\u00fdmi ozdobami. Kr\u00e1sne zv\u00fdraz\u0148uj\u00fa \u017eensk\u00e9 krivky, pri\u010dom lem je vyroben\u00fd v\u00fdlu\u010dne zo spl\u00fdvav\u00e9ho materi\u00e1lu. \u0160aty maj\u00fa v\u00fdstrih do V a zu\u017euj\u00fa sa v p\u00e1se. <strong>dokonale zv\u00fdraz\u0148uje p\u00e1s<\/strong>.\u00a0<\/span><span style=\"font-size: 10pt;\"> \u0160aty maj\u00fa vpredu v\u0161it\u00e9 ko\u0161\u00ed\u010dky, tak\u017ee nemus\u00edte nosi\u0165 podprsenku. <strong>\u0160aty maj\u00fa \u0161\u00e1l <\/strong>dostupn\u00e9 vo ve\u013ekostiach 42, 44, 46, 48, Elegant <strong data-start=\"266\" data-end=\"319\">\u0161aty pre svadobn\u00fa mamu s jemn\u00fdmi ruk\u00e1vmi<\/strong> S\u00fa perfektnou vo\u013ebou na svadby, rodinn\u00e9 stretnutia a in\u00e9 \u0161peci\u00e1lne pr\u00edle\u017eitosti. Tieto \u0161aty zaujm\u00fa svoj\u00edm nad\u010dasov\u00fdm dizajnom, decentn\u00fdm preveden\u00edm a vo\u013en\u00fdm strihom, ktor\u00fd zais\u0165uje slobodu pohybu a pohodlie po\u010das d\u0148a aj noci. S\u00fa ur\u010den\u00e9 pre \u017eeny, ktor\u00e9 si cenia noblesu, pohodlie a modern\u00fa eleganciu. Vo\u013enej\u0161\u00ed strih nezoh\u013ead\u0148uje postavu, v\u010faka \u010domu s\u00fa ide\u00e1lne pre \u017eeny, ktor\u00e9 uprednost\u0148uj\u00fa vo\u013en\u00fd strih, ako aj pre tie, ktor\u00e9 h\u013eadaj\u00fa \u0161aty lichotiace postave. <\/span><span style=\"font-size: 10pt;\">\u0160aty <strong>Madeline Fashion<\/strong> je vynikaj\u00facou vo\u013ebou na svadbu, ples, Silvestra a in\u00e9 elegantn\u00e9 \u0161peci\u00e1lne udalosti. Dostupn\u00e9 na na\u0161om e-shope vo viacer\u00fdch farebn\u00fdch variantoch, tak nev\u00e1hajte a vyberte si t\u00fa, ktor\u00e1 je pre v\u00e1s ako stvoren\u00e1. Ak sa neviete rozhodn\u00fa\u0165 ak\u00fa farbu, <strong>ve\u013ekos\u0165<\/strong> je pre v\u00e1s to najlep\u0161ie <strong>kontaktuj n\u00e1s<\/strong> cez <a href=\"https:\/\/www.facebook.com\/madelinefashionbutik\" target=\"_blank\" rel=\"noopener\">Facebook<\/a> alebo <a href=\"https:\/\/madelinefashion.pl\/sk\/kontakt\/\">telef\u00f3n<\/a>. Ak ve\u013ekos\u0165 nie je na str\u00e1nke, kontaktujte n\u00e1s.\u00a0<\/span><\/p>\n<p>&nbsp;<\/p>\n<h3 style=\"text-align: center;\">ROZMERY \u0161iat:<\/h3>\n<table width=\"556\">\n<tbody>\n<tr>\n<td><strong>VE\u013dKOS\u0164<\/strong><\/td>\n<td>poprsia<\/td>\n<td>P\u00e1s<\/td>\n<td>Boky<\/td>\n<\/tr>\n<tr>\n<td><strong>44<\/strong><\/td>\n<td>102-106<\/td>\n<td>84-88<\/td>\n<td>\u00a0102-112<\/td>\n<\/tr>\n<tr>\n<td><strong>46<\/strong><\/td>\n<td>106-110<\/td>\n<td>88-92<\/td>\n<td>106-118<\/td>\n<\/tr>\n<tr>\n<td><strong>48<\/strong><\/td>\n<td>110-112<\/td>\n<td>92-98<\/td>\n<td>\u00a0110-122<\/td>\n<\/tr>\n<\/tbody>\n<\/table>\n<p>&nbsp;<\/p>\n<p style=\"text-align: center;\"><span style=\"font-size: 10pt;\"><br \/>\ncelkov\u00e1 d\u013a\u017eka cca 158 cm<\/span>\u00a0(\u0161aty sa daj\u00fa skr\u00e1ti\u0165 pod\u013ea vlastnej chuti)<\/p>\n<p style=\"text-align: center;\"><span style=\"font-size: 10pt;\">\u0160aty s\u00fa dostupn\u00e9 aj v in\u00fdch farb\u00e1ch - odpor\u00fa\u010dame v\u00e1m zozn\u00e1mi\u0165 sa s na\u0161imi \u010fal\u0161\u00edmi produktmi.\u00a0<\/span><\/p>\n<p style=\"text-align: center;\"><span style=\"font-size: 10pt;\">Rozmery sa m\u00f4\u017eu mierne l\u00ed\u0161i\u0165 od uveden\u00fdch +\/- 2cm.<\/span><\/p>\n<p>&nbsp;<\/p>\n<ul>\n<li style=\"text-align: center;\">Ve\u010dern\u00e9 \u0161aty vo ve\u013ek\u00fdch ve\u013ekostiach.<\/li>\n<li style=\"text-align: center;\">Materi\u00e1l: \u0160if\u00f3n.<\/li>\n<li style=\"text-align: center;\">Dobre padn\u00faci korzetov\u00fd top, pokryt\u00fd ve\u013emi efektnou gip\u00farovou \u010dipkou zdobenou perlami<\/li>\n<li style=\"text-align: center;\">Sie\u0165ovan\u00e1 vsadka \u010diasto\u010dne zakr\u00fdvaj\u00faca poprsie.<\/li>\n<li style=\"text-align: center;\">Roz\u0161\u00edren\u00fd spodn\u00fd diel, vyroben\u00fd zo \u0161if\u00f3nu.<\/li>\n<li style=\"text-align: center;\">Sat\u00e9nov\u00e1 pod\u0161\u00edvka.<\/li>\n<li style=\"text-align: center;\">\u0160aty s\u00fa v p\u00e1se strihan\u00e9, bez riasenia, \u010do kr\u00e1sne zo\u0161t\u00edh\u013euje oblas\u0165 p\u00e1sa.<\/li>\n<li style=\"text-align: center;\">3\/4 ruk\u00e1vy \u2013 spl\u00fdvav\u00e9 \u2013 \u0161if\u00f3n.<\/li>\n<li style=\"text-align: center;\">\u0160aty sa zap\u00ednaj\u00fa vzadu na 5 gomb\u00edkov a zips potiahnut\u00fd l\u00e1tkou.<\/li>\n<\/ul>\n<p style=\"text-align: center;\"><span style=\"font-size: 10pt;\">\u00a0<\/span><\/p>\n<p style=\"text-align: center;\"><span style=\"font-size: 10pt;\"><strong>\u00a0<\/strong>\u00a0<\/span><\/p>\n<table width=\"616\">\n<tbody>\n<tr>\n<td width=\"302\">Meno modela<\/td>\n<td width=\"302\">Ve\u010dern\u00e9 \u0161aty Madame Lunessa so \u0161\u00e1lom<\/td>\n<\/tr>\n<tr>\n<td width=\"302\">Farba<\/td>\n<td width=\"302\">Modr\u00e1<\/td>\n<\/tr>\n<tr>\n<td width=\"302\">Marka<\/td>\n<td width=\"302\">Madeline Fashion<\/td>\n<\/tr>\n<tr>\n<td width=\"302\">ve\u013ekosti<\/td>\n<td width=\"302\">\u00a044 46 48<\/td>\n<\/tr>\n<tr>\n<td width=\"302\">M\u00f3da<\/td>\n<td width=\"302\">Zhoda<\/td>\n<\/tr>\n<tr>\n<td width=\"302\">Materi\u00e1l<\/td>\n<td width=\"302\">Visk\u00f3za, Polyester,<\/td>\n<\/tr>\n<tr>\n<td width=\"302\">D\u013a\u017eka<\/td>\n<td width=\"302\">Na zem<\/td>\n<\/tr>\n<\/tbody>\n<\/table>\n<p style=\"text-align: center;\" align=\"center\">Poz\u00fdvame v\u00e1s do n\u00e1\u0161ho sal\u00f3nu svadobn\u00fdch \u0161iat, ktor\u00fd sa nach\u00e1dza na ulici Moniuszki 2 v srdci Konstantyn\u00f3wa v Lod\u017eskom. V na\u0161om profesion\u00e1lnom sal\u00f3ne n\u00e1jdete \u0161irok\u00fd v\u00fdber svadobn\u00fdch \u0161iat, ktor\u00e9 splnia va\u0161e najtajnej\u0161ie sny o dokonalom dni. T\u00edm sk\u00fasen\u00fdch konzultantov v\u00e1m pom\u00f4\u017ee vybra\u0165 si perfektn\u00e9 \u0161aty, prisp\u00f4soben\u00e9 va\u0161im o\u010dak\u00e1vaniam a postave. Srde\u010dne v\u00e1s poz\u00fdvame na n\u00e1v\u0161tevu \u2013 presved\u010dte sa, ak\u00fd v\u00fdnimo\u010dn\u00fd m\u00f4\u017ee by\u0165 v\u00e1\u0161 de\u0148!<\/p>\n<p>Ka\u017ed\u00e9 \u0161aty sa daj\u00fa v pr\u00edpade potreby upravi\u0165 pod\u013ea va\u0161ej v\u00fd\u0161ky a v\u00fd\u0161ky podp\u00e4tku. Ak s\u00fa pr\u00edli\u0161 dlh\u00e9, m\u00f4\u017eete si ich skr\u00e1ti\u0165 alebo necha\u0165 kraj\u010d\u00edrku urobi\u0165 drobn\u00e9 \u00fapravy. Takto si m\u00f4\u017eete vybran\u00e9 \u0161aty jednoducho prisp\u00f4sobi\u0165 svojim mieram a c\u00edti\u0165 sa v nich dokonale pohodlne.<\/p>\n<p style=\"text-align: center;\" align=\"center\">Aby ste si vybrali\u00a0<strong>perfektn\u00e9 \u0161aty<\/strong>\u00a0kontaktujte n\u00e1s telefonicky alebo prostredn\u00edctvom na\u0161ej webovej str\u00e1nky <a href=\"https:\/\/www.facebook.com\/madelinefashionbutik\" target=\"_blank\" rel=\"noopener\">Facebook<\/a> .<br \/>\nN\u00e1\u0161 t\u00edm v\u00e1m pom\u00f4\u017ee\u00a0<strong>Vyberte si ten spr\u00e1vny<\/strong>\u00a0.\u00a0<strong>Ka\u017ed\u00e9 \u0161aty vieme presne zmera\u0165 na po\u017eiadanie kupuj\u00facej.\u00a0<\/strong><\/p>\n<div class=\"additional-details\">\n<p style=\"text-align: center;\"><span style=\"font-size: 10pt;\">\u00a0<\/span><\/p>\n<\/div>","protected":false},"excerpt":{"rendered":"<p>Ve\u010dern\u00e9 \u0161aty Madame Lunessa v nev\u00e4dzovo modrej farbe so \u0161\u00e1lom. Kr\u00e1sne dlh\u00e9 ve\u010dern\u00e9 \u0161aty zo vzdu\u0161n\u00e9ho materi\u00e1lu s \u010dipkovan\u00fdm \u017eiv\u00f4tikom a 3\/4 \u0161if\u00f3nov\u00fdmi ruk\u00e1vmi. Tieto \u0161aty plus size s\u00fa zdoben\u00e9 n\u00e1dhernou v\u00fd\u0161ivkou a trblietav\u00fdmi kri\u0161t\u00e1\u013eov\u00fdmi ozdobami. Kr\u00e1sne zv\u00fdraz\u0148uj\u00fa \u017eensk\u00e9 krivky a lem je vyroben\u00fd v\u00fdlu\u010dne z spl\u00fdvav\u00e9ho materi\u00e1lu. \u0160aty maj\u00fa v\u00fdstrih do V a zu\u017euj\u00fa sa v p\u00e1se.<\/p>\n<div class=\"klb-readmore post-buttons\"><a class=\"button black outline size-sm\" href=\"https:\/\/madelinefashion.pl\/sk\/sukienka-wieczorowa-z-szalem-madame-lunessa-chabrowa\/\">\u010c\u00edta\u0165 \u010falej <i class=\"klbth-icon-right-arrow\"><\/i><\/a><\/div>","protected":false},"featured_media":599227,"template":"","meta":[],"product_brand":[],"product_cat":[124,395,564,568],"product_tag":[257,385,163,261],"class_list":{"0":"post-596330","1":"product","2":"type-product","3":"status-publish","4":"has-post-thumbnail","6":"product_cat-sukienki-okolicznosciowe","7":"product_cat-nowosci","8":"product_cat-sukienki-plus-size","9":"product_cat-sukienki-rozkloszowane-szyfonowe","10":"product_tag-madelinefashion","11":"product_tag-plus-size","12":"product_tag-sukienki-dlugie","13":"product_tag-sukienki-niebieskie","15":"first","16":"instock","17":"purchasable","18":"product-type-variable"},"_links":{"self":[{"href":"https:\/\/madelinefashion.pl\/sk\/wp-json\/wp\/v2\/product\/596330","targetHints":{"allow":["GET"]}}],"collection":[{"href":"https:\/\/madelinefashion.pl\/sk\/wp-json\/wp\/v2\/product"}],"about":[{"href":"https:\/\/madelinefashion.pl\/sk\/wp-json\/wp\/v2\/types\/product"}],"wp:featuredmedia":[{"embeddable":true,"href":"https:\/\/madelinefashion.pl\/sk\/wp-json\/wp\/v2\/media\/599227"}],"wp:attachment":[{"href":"https:\/\/madelinefashion.pl\/sk\/wp-json\/wp\/v2\/media?parent=596330"}],"wp:term":[{"taxonomy":"product_brand","embeddable":true,"href":"https:\/\/madelinefashion.pl\/sk\/wp-json\/wp\/v2\/product_brand?post=596330"},{"taxonomy":"product_cat","embeddable":true,"href":"https:\/\/madelinefashion.pl\/sk\/wp-json\/wp\/v2\/product_cat?post=596330"},{"taxonomy":"product_tag","embeddable":true,"href":"https:\/\/madelinefashion.pl\/sk\/wp-json\/wp\/v2\/product_tag?post=596330"}],"curies":[{"name":"pracovn\u00fd list","href":"https:\/\/api.w.org\/{rel}","templated":true}]}}

Večerné šaty Madame Lunessa s nevädzovým vzorom a šálom

<h3 style="text-align: center;">Večerné šaty Madame Lunessa s nevädzovým vzorom a šálom</h3>
<p style="text-align: center;"><span style="font-size: 10pt;"> Krásne dlhé večerné šaty zo vzdušného materiálu s čipkovaným živôtikom a 3/4 šifónovými rukávmi. Tieto šaty plus size sú zdobené nádhernou výšivkou a trblietavými krištáľovými ozdobami. Krásne zvýrazňujú ženské krivky, pričom lem je vyrobený výlučne zo splývavého materiálu. Šaty majú výstrih do V a zužujú sa v páse. <strong>dokonale zvýrazňuje pás</strong>. </span><span style="font-size: 10pt;"> Šaty majú vpredu všité košíčky, takže nemusíte nosiť podprsenku. <strong>Šaty majú šál </strong>dostupné vo veľkostiach 42, 44, 46, 48, Elegant <strong data-start="266" data-end="319">šaty pre svadobnú mamu s jemnými rukávmi</strong> Sú perfektnou voľbou na svadby, rodinné stretnutia a iné špeciálne príležitosti. Tieto šaty zaujmú svojím nadčasovým dizajnom, decentným prevedením a voľným strihom, ktorý zaisťuje slobodu pohybu a pohodlie počas dňa aj noci. Sú určené pre ženy, ktoré si cenia noblesu, pohodlie a modernú eleganciu. Voľnejší strih nezohľadňuje postavu, vďaka čomu sú ideálne pre ženy, ktoré uprednostňujú voľný strih, ako aj pre tie, ktoré hľadajú šaty lichotiace postave. </span><span style="font-size: 10pt;">Šaty <strong>Madeline Fashion</strong> je vynikajúcou voľbou na svadbu, ples, Silvestra a iné elegantné špeciálne udalosti. Dostupné na našom e-shope vo viacerých farebných variantoch, tak neváhajte a vyberte si tú, ktorá je pre vás ako stvorená. Ak sa neviete rozhodnúť akú farbu, <strong>veľkosť</strong> je pre vás to najlepšie <strong>kontaktuj nás</strong> cez <a href="https://www.facebook.com/madelinefashionbutik" target="_blank" rel="noopener">Facebook</a> alebo <a href="https://madelinefashion.pl/sk/kontakt/">telefón</a>. Ak veľkosť nie je na stránke, kontaktujte nás. </span></p>
<p>&nbsp;</p>
<h3 style="text-align: center;">ROZMERY šiat:</h3>
<table width="556">
<tbody>
<tr>
<td><strong>VEĽKOSŤ</strong></td>
<td>poprsia</td>
<td>Pás</td>
<td>Boky</td>
</tr>
<tr>
<td><strong>44</strong></td>
<td>102-106</td>
<td>84-88</td>
<td> 102-112</td>
</tr>
<tr>
<td><strong>46</strong></td>
<td>106-110</td>
<td>88-92</td>
<td>106-118</td>
</tr>
<tr>
<td><strong>48</strong></td>
<td>110-112</td>
<td>92-98</td>
<td> 110-122</td>
</tr>
</tbody>
</table>
<p>&nbsp;</p>
<p style="text-align: center;"><span style="font-size: 10pt;"><br />
celková dĺžka cca 158 cm</span> (šaty sa dajú skrátiť podľa vlastnej chuti)</p>
<p style="text-align: center;"><span style="font-size: 10pt;">Šaty sú dostupné aj v iných farbách - odporúčame vám zoznámiť sa s našimi ďalšími produktmi. </span></p>
<p style="text-align: center;"><span style="font-size: 10pt;">Rozmery sa môžu mierne líšiť od uvedených +/- 2cm.</span></p>
<p>&nbsp;</p>
<ul>
<li style="text-align: center;">Večerné šaty vo veľkých veľkostiach.</li>
<li style="text-align: center;">Materiál: Šifón.</li>
<li style="text-align: center;">Dobre padnúci korzetový top, pokrytý veľmi efektnou gipúrovou čipkou zdobenou perlami</li>
<li style="text-align: center;">Sieťovaná vsadka čiastočne zakrývajúca poprsie.</li>
<li style="text-align: center;">Rozšírený spodný diel, vyrobený zo šifónu.</li>
<li style="text-align: center;">Saténová podšívka.</li>
<li style="text-align: center;">Šaty sú v páse strihané, bez riasenia, čo krásne zoštíhľuje oblasť pása.</li>
<li style="text-align: center;">3/4 rukávy – splývavé – šifón.</li>
<li style="text-align: center;">Šaty sa zapínajú vzadu na 5 gombíkov a zips potiahnutý látkou.</li>
</ul>
<p style="text-align: center;"><span style="font-size: 10pt;"> </span></p>
<p style="text-align: center;"><span style="font-size: 10pt;"><strong> </strong> </span></p>
<table width="616">
<tbody>
<tr>
<td width="302">Meno modela</td>
<td width="302">Večerné šaty Madame Lunessa so šálom</td>
</tr>
<tr>
<td width="302">Farba</td>
<td width="302">Modrá</td>
</tr>
<tr>
<td width="302">Marka</td>
<td width="302">Madeline Fashion</td>
</tr>
<tr>
<td width="302">veľkosti</td>
<td width="302"> 44 46 48</td>
</tr>
<tr>
<td width="302">Móda</td>
<td width="302">Zhoda</td>
</tr>
<tr>
<td width="302">Materiál</td>
<td width="302">Viskóza, Polyester,</td>
</tr>
<tr>
<td width="302">Dĺžka</td>
<td width="302">Na zem</td>
</tr>
</tbody>
</table>
<p style="text-align: center;" align="center">Pozývame vás do nášho salónu svadobných šiat, ktorý sa nachádza na ulici Moniuszki 2 v srdci Konstantynówa v Lodžskom. V našom profesionálnom salóne nájdete široký výber svadobných šiat, ktoré splnia vaše najtajnejšie sny o dokonalom dni. Tím skúsených konzultantov vám pomôže vybrať si perfektné šaty, prispôsobené vašim očakávaniam a postave. Srdečne vás pozývame na návštevu – presvedčte sa, aký výnimočný môže byť váš deň!</p>
<p>Každé šaty sa dajú v prípade potreby upraviť podľa vašej výšky a výšky podpätku. Ak sú príliš dlhé, môžete si ich skrátiť alebo nechať krajčírku urobiť drobné úpravy. Takto si môžete vybrané šaty jednoducho prispôsobiť svojim mieram a cítiť sa v nich dokonale pohodlne.</p>
<p style="text-align: center;" align="center">Aby ste si vybrali <strong>perfektné šaty</strong> kontaktujte nás telefonicky alebo prostredníctvom našej webovej stránky <a href="https://www.facebook.com/madelinefashionbutik" target="_blank" rel="noopener">Facebook</a> .<br />
Náš tím vám pomôže <strong>Vyberte si ten správny</strong> . <strong>Každé šaty vieme presne zmerať na požiadanie kupujúcej. </strong></p>
<div class="additional-details">
<p style="text-align: center;"><span style="font-size: 10pt;"> </span></p>
</div>

<p>Večerné šaty Madame Lunessa v nevädzovo modrej farbe so šálom. Krásne dlhé večerné šaty zo vzdušného materiálu s čipkovaným živôtikom a 3/4 šifónovými rukávmi. Tieto šaty plus size sú zdobené nádhernou výšivkou a trblietavými krištáľovými ozdobami. Krásne zvýrazňujú ženské krivky a lem je vyrobený výlučne z splývavého materiálu. Šaty majú výstrih do V a zužujú sa v páse.</p>
<div class="klb-readmore post-buttons"><a class="button black outline size-sm" href="https://madelinefashion.pl/sk/sukienka-wieczorowa-z-szalem-madame-lunessa-chabrowa/">Čítať ďalej <i class="klbth-icon-right-arrow"></i></a></div>

pracovný list
