{"id":596566,"date":"2026-03-06T12:32:48","date_gmt":"2026-03-06T11:32:48","guid":{"rendered":"https:\/\/madelinefashion.pl\/?post_type=product&#038;p=596566"},"modified":"2026-03-06T12:33:39","modified_gmt":"2026-03-06T11:33:39","slug":"sweter-blekitny-love-is-good","status":"publish","type":"product","link":"https:\/\/madelinefashion.pl\/sk\/sweter-blekitny-love-is-good\/","title":{"rendered":"Modr\u00fd sveter s mot\u00edvom l\u00e1sky je dobr\u00fd"},"content":{"rendered":"<h3 style=\"text-align: center;\">Modr\u00fd sveter s mot\u00edvom l\u00e1sky je dobr\u00fd<\/h3>\n<p style=\"text-align: center;\">\u00a0Najnov\u0161\u00ed model svetra splnil va\u0161e o\u010dak\u00e1vania. <strong>Mega \u0161t\u00fdlov\u00fd sveter <\/strong>s dlh\u00fdmi ruk\u00e1vmi <strong>ukon\u010den\u00e9 lemom<\/strong> \u2013 vyroben\u00e9 z priadze najvy\u0161\u0161ej kvality. <span style=\"font-size: 10pt;\"><strong>Sveter z alpaky je neoddelite\u013enou s\u00fa\u010das\u0165ou ka\u017ed\u00e9ho \u0161atn\u00edka!\u00a0 <\/strong><\/span><strong>M\u00e4kk\u00fd sveter s <span style=\"font-size: 10pt;\">\u00a0polorol\u00e1k,<\/span>\u00a0St<\/strong>Skvel\u00fd svetr\u00edk z pr\u00edjemnej hebkej hebkej mierne elastickej l\u00e1tky. Vo\u013en\u00fd a pohodln\u00fd strih s dlh\u00fdmi ruk\u00e1vmi. Ide\u00e1lne na ka\u017ed\u00fd de\u0148 a vo v\u00fdstupnej verzii. Hod\u00ed sa k mnoh\u00fdm veciam: d\u017e\u00ednsy, ceruzkov\u00e1 suk\u0148a, diev\u010densk\u00e1 suk\u0148a, elegantn\u00e9 nohavice. <span style=\"font-size: 10pt;\"><strong>N\u00e1\u0161 model je perfektnou ponukou na jesenn\u00e9 a zimn\u00e9 dni, bude vyzera\u0165 skvele v ka\u017edodenn\u00fdch \u0161tyliz\u00e1ci\u00e1ch.\u00a0<\/strong> Produkt je dostupn\u00fd vo viacer\u00fdch farebn\u00fdch variantoch. Jedna ve\u013ekos\u0165 sadne v\u0161etk\u00fdm odpor\u00fa\u010dan\u00fdm od <strong>S a\u017e XL<\/strong><\/span><\/p>\n<p>&nbsp;<\/p>\n<h3 style=\"text-align: center;\">Charakteristika.<\/h3>\n<ul>\n<li style=\"text-align: center;\">nadrozmern\u00e9<\/li>\n<li style=\"text-align: center;\">Neuverite\u013ene m\u00e4kk\u00e9 a pr\u00edjemn\u00e9 na telo<\/li>\n<li style=\"text-align: center;\">M\u00e4sit\u00e9 a \u00fa\u017easn\u00e9<\/li>\n<li style=\"text-align: center;\">Half-golf<\/li>\n<li style=\"text-align: center;\">Dlh\u00fd ruk\u00e1v<\/li>\n<\/ul>\n<h3 style=\"text-align: center;\">Rozmery:<\/h3>\n<ul style=\"text-align: center;\">\n<li>Celkov\u00e1 d\u013a\u017eka: 69 cm<\/li>\n<li>\u0160\u00edrka od podpazu\u0161ia: 48-67 cm<\/li>\n<li>D\u013a\u017eka ruk\u00e1va od ramena: 66 cm<\/li>\n<li>D\u013a\u017eka ruk\u00e1va od podpazu\u0161ia: 43 cm<\/li>\n<\/ul>\n<p style=\"text-align: center;\"><span style=\"font-size: 10pt;\">Rozmery sa m\u00f4\u017eu mierne l\u00ed\u0161i\u0165 od uveden\u00fdch +\/- 2cm. V\u0161etky uveden\u00e9 rozmery s\u00fa meran\u00e9 plo\u0161ne.<\/span><\/p>\n<p style=\"text-align: center;\"><span style=\"font-size: 10pt;\"><strong>\u00a0<\/strong>\u00a0<\/span><\/p>\n<table width=\"610\">\n<tbody>\n<tr>\n<td width=\"302\">Meno modela<\/td>\n<td width=\"302\">Ru\u017eov\u00fd sveter s mot\u00edvom l\u00e1sky<\/td>\n<\/tr>\n<tr>\n<td width=\"302\">Farba<\/td>\n<td width=\"302\">Modr\u00e1<\/td>\n<\/tr>\n<tr>\n<td width=\"302\">ve\u013ekosti<\/td>\n<td width=\"302\">Univerz\u00e1lny<\/td>\n<\/tr>\n<tr>\n<td width=\"302\">M\u00f3da<\/td>\n<td width=\"302\">nadrozmern\u00e9<\/td>\n<\/tr>\n<tr>\n<td width=\"302\">Zbierka<\/td>\n<td width=\"302\">Jese\u0148 Zima Jar<\/td>\n<\/tr>\n<tr>\n<td width=\"302\">izolovan\u00e9<\/td>\n<td width=\"302\">jednopl\u00e1\u0161\u0165ov\u00e9<\/td>\n<\/tr>\n<tr>\n<td width=\"302\">Materi\u00e1l<\/td>\n<td width=\"302\">Visk\u00f3za, Polyester<\/td>\n<\/tr>\n<\/tbody>\n<\/table>\n<div class=\"additional-details\" style=\"text-align: center;\">\n<div class=\"tabs tabs-bb clear mb-80\">\n<div class=\"tab-content\">\n<div id=\"tab-description\" class=\"tab-pane fade in woocommerce-Tabs-panel--description active\">\n<p>Model m\u00e1\u00a0<strong>169<\/strong>\u00a0cm vysok\u00fd, nos\u00ed ve\u013ekos\u0165 ka\u017ed\u00fd de\u0148\u00a0<strong>S<\/strong><\/p>\n<p>\u0160\u00edrka hrudn\u00edka 91 cm<\/p>\n<p>\u0160\u00edrka p\u00e1su 71 cm<\/p>\n<p>\u0160\u00edrka bokov 96 cm<\/p>\n<p>&nbsp;<\/p>\n<\/div>\n<\/div>\n<\/div>\n<section class=\"up-sells upsells products mb-80\"><\/section>\n<\/div>","protected":false},"excerpt":{"rendered":"<p>Sveter Love Is Good Sky Blue splnil va\u0161e o\u010dak\u00e1vania s najnov\u0161\u00edm modelom svetra. Super \u0161t\u00fdlov\u00fd sveter s dlh\u00fdmi ruk\u00e1vmi a rebrovan\u00fdmi man\u017eetami \u2013 vyroben\u00fd z najkvalitnej\u0161ej priadze. Sveter z alpaky je nevyhnutn\u00fdm k\u00faskom v ka\u017edom \u0161atn\u00edku! M\u00e4kk\u00fd rol\u00e1k, skvel\u00fd sveter z pr\u00edjemn\u00e9ho, m\u00e4kk\u00e9ho, nad\u00fdchan\u00e9ho, mierne elastick\u00e9ho \u00fapletu. Vo\u013en\u00fd a pohodln\u00fd strih s dlh\u00fdmi ruk\u00e1vmi. Ide\u00e1lny na...<\/p>\n<div class=\"klb-readmore post-buttons\"><a class=\"button black outline size-sm\" href=\"https:\/\/madelinefashion.pl\/sk\/sweter-blekitny-love-is-good\/\">\u010c\u00edta\u0165 \u010falej <i class=\"klbth-icon-right-arrow\"><\/i><\/a><\/div>","protected":false},"featured_media":596564,"template":"","meta":[],"product_brand":[],"product_cat":[78],"product_tag":[],"class_list":{"0":"post-596566","1":"product","2":"type-product","3":"status-publish","4":"has-post-thumbnail","6":"product_cat-swetry-damskie","8":"first","9":"instock","10":"purchasable","11":"product-type-simple"},"_links":{"self":[{"href":"https:\/\/madelinefashion.pl\/sk\/wp-json\/wp\/v2\/product\/596566","targetHints":{"allow":["GET"]}}],"collection":[{"href":"https:\/\/madelinefashion.pl\/sk\/wp-json\/wp\/v2\/product"}],"about":[{"href":"https:\/\/madelinefashion.pl\/sk\/wp-json\/wp\/v2\/types\/product"}],"wp:featuredmedia":[{"embeddable":true,"href":"https:\/\/madelinefashion.pl\/sk\/wp-json\/wp\/v2\/media\/596564"}],"wp:attachment":[{"href":"https:\/\/madelinefashion.pl\/sk\/wp-json\/wp\/v2\/media?parent=596566"}],"wp:term":[{"taxonomy":"product_brand","embeddable":true,"href":"https:\/\/madelinefashion.pl\/sk\/wp-json\/wp\/v2\/product_brand?post=596566"},{"taxonomy":"product_cat","embeddable":true,"href":"https:\/\/madelinefashion.pl\/sk\/wp-json\/wp\/v2\/product_cat?post=596566"},{"taxonomy":"product_tag","embeddable":true,"href":"https:\/\/madelinefashion.pl\/sk\/wp-json\/wp\/v2\/product_tag?post=596566"}],"curies":[{"name":"pracovn\u00fd list","href":"https:\/\/api.w.org\/{rel}","templated":true}]}}

Modrý sveter s motívom lásky je dobrý

<h3 style="text-align: center;">Modrý sveter s motívom lásky je dobrý</h3>
<p style="text-align: center;"> Najnovší model svetra splnil vaše očakávania. <strong>Mega štýlový sveter </strong>s dlhými rukávmi <strong>ukončené lemom</strong> – vyrobené z priadze najvyššej kvality. <span style="font-size: 10pt;"><strong>Sveter z alpaky je neoddeliteľnou súčasťou každého šatníka!  </strong></span><strong>Mäkký sveter s <span style="font-size: 10pt;"> polorolák,</span> St</strong>Skvelý svetrík z príjemnej hebkej hebkej mierne elastickej látky. Voľný a pohodlný strih s dlhými rukávmi. Ideálne na každý deň a vo výstupnej verzii. Hodí sa k mnohým veciam: džínsy, ceruzková sukňa, dievčenská sukňa, elegantné nohavice. <span style="font-size: 10pt;"><strong>Náš model je perfektnou ponukou na jesenné a zimné dni, bude vyzerať skvele v každodenných štylizáciách. </strong> Produkt je dostupný vo viacerých farebných variantoch. Jedna veľkosť sadne všetkým odporúčaným od <strong>S až XL</strong></span></p>
<p>&nbsp;</p>
<h3 style="text-align: center;">Charakteristika.</h3>
<ul>
<li style="text-align: center;">nadrozmerné</li>
<li style="text-align: center;">Neuveriteľne mäkké a príjemné na telo</li>
<li style="text-align: center;">Mäsité a úžasné</li>
<li style="text-align: center;">Half-golf</li>
<li style="text-align: center;">Dlhý rukáv</li>
</ul>
<h3 style="text-align: center;">Rozmery:</h3>
<ul style="text-align: center;">
<li>Celková dĺžka: 69 cm</li>
<li>Šírka od podpazušia: 48-67 cm</li>
<li>Dĺžka rukáva od ramena: 66 cm</li>
<li>Dĺžka rukáva od podpazušia: 43 cm</li>
</ul>
<p style="text-align: center;"><span style="font-size: 10pt;">Rozmery sa môžu mierne líšiť od uvedených +/- 2cm. Všetky uvedené rozmery sú merané plošne.</span></p>
<p style="text-align: center;"><span style="font-size: 10pt;"><strong> </strong> </span></p>
<table width="610">
<tbody>
<tr>
<td width="302">Meno modela</td>
<td width="302">Ružový sveter s motívom lásky</td>
</tr>
<tr>
<td width="302">Farba</td>
<td width="302">Modrá</td>
</tr>
<tr>
<td width="302">veľkosti</td>
<td width="302">Univerzálny</td>
</tr>
<tr>
<td width="302">Móda</td>
<td width="302">nadrozmerné</td>
</tr>
<tr>
<td width="302">Zbierka</td>
<td width="302">Jeseň Zima Jar</td>
</tr>
<tr>
<td width="302">izolované</td>
<td width="302">jednoplášťové</td>
</tr>
<tr>
<td width="302">Materiál</td>
<td width="302">Viskóza, Polyester</td>
</tr>
</tbody>
</table>
<div class="additional-details" style="text-align: center;">
<div class="tabs tabs-bb clear mb-80">
<div class="tab-content">
<div id="tab-description" class="tab-pane fade in woocommerce-Tabs-panel--description active">
<p>Model má <strong>169</strong> cm vysoký, nosí veľkosť každý deň <strong>S</strong></p>
<p>Šírka hrudníka 91 cm</p>
<p>Šírka pásu 71 cm</p>
<p>Šírka bokov 96 cm</p>
<p>&nbsp;</p>
</div>
</div>
</div>
<section class="up-sells upsells products mb-80"></section>
</div>

<p>Sveter Love Is Good Sky Blue splnil vaše očakávania s najnovším modelom svetra. Super štýlový sveter s dlhými rukávmi a rebrovanými manžetami – vyrobený z najkvalitnejšej priadze. Sveter z alpaky je nevyhnutným kúskom v každom šatníku! Mäkký rolák, skvelý sveter z príjemného, mäkkého, nadýchaného, mierne elastického úpletu. Voľný a pohodlný strih s dlhými rukávmi. Ideálny na...</p>
<div class="klb-readmore post-buttons"><a class="button black outline size-sm" href="https://madelinefashion.pl/sk/sweter-blekitny-love-is-good/">Čítať ďalej <i class="klbth-icon-right-arrow"></i></a></div>

pracovný list
