{"id":596695,"date":"2026-03-06T13:57:07","date_gmt":"2026-03-06T12:57:07","guid":{"rendered":"https:\/\/madelinefashion.pl\/?post_type=product&#038;p=596695"},"modified":"2026-03-06T17:29:09","modified_gmt":"2026-03-06T16:29:09","slug":"koszula-w-kwiaty-biala-lorena","status":"publish","type":"product","link":"https:\/\/madelinefashion.pl\/sk\/koszula-w-kwiaty-biala-lorena\/","title":{"rendered":"Biela kvetovan\u00e1 ko\u0161e\u013ea Lorena"},"content":{"rendered":"<h3 style=\"text-align: center;\">Biela kvetovan\u00e1 ko\u0161e\u013ea Lorena<\/h3>\n<p style=\"text-align: center;\" data-start=\"106\" data-end=\"333\">T\u00e1to \u0161t\u00fdlov\u00e1 biela kvetovan\u00e1 ko\u0161e\u013ea m\u00e1 vo\u013enej\u0161\u00ed, oversized strih, ktor\u00fd sa perfektne hod\u00ed k r\u00f4znym outfitom. V\u010faka v\u0161estrann\u00e9mu strihu je perfektn\u00fdm z\u00e1kladom pre elegantn\u00e9 aj nad\u010dasov\u00e9 outfity.<\/p>\n<p style=\"text-align: center;\" data-start=\"335\" data-end=\"579\">T\u00e1to ko\u0161e\u013ea sa dobre hod\u00ed k ceruzkov\u00fdm sukniam, klasick\u00fdm d\u017e\u00ednsom a \u0161ortk\u00e1m, tak\u017ee ju \u013eahko zlad\u00edte s r\u00f4znymi pr\u00edle\u017eitos\u0165ami. Je perfektnou vo\u013ebou do pr\u00e1ce, na ka\u017edodenn\u00e9 nosenie, rodinn\u00e9 stretnutia alebo v\u00fdlety s priate\u013emi.<\/p>\n<p style=\"text-align: center;\" data-start=\"581\" data-end=\"691\">Model dostupn\u00fd v <strong data-start=\"598\" data-end=\"624\">univerz\u00e1lna ve\u013ekos\u0165<\/strong>, odpor\u00fa\u010dan\u00e9 pre \u017eeny, ktor\u00e9 si cenia pohodlie, \u0161t\u00fdl a nad\u010dasov\u00fa eleganciu.<\/p>\n<h3 style=\"text-align: center;\">\u00a0 \u00a0 \u00a0Rozmery:<\/h3>\n<ul style=\"text-align: center;\">\n<li>\u0161\u00edrka od pazuchy k pazuche 70 cm<\/li>\n<li>celkov\u00e1 d\u013a\u017eka: 74 cm<\/li>\n<li>\u0161\u00edrka ramien: 63 cm<\/li>\n<\/ul>\n<p style=\"text-align: center;\">Rozmery sa m\u00f4\u017eu mierne l\u00ed\u0161i\u0165 od uveden\u00fdch +\/- 2cm. V\u0161etky uveden\u00e9 rozmery s\u00fa meran\u00e9 plo\u0161ne. rozmer x2<\/p>\n<p>&nbsp;<\/p>\n<table style=\"height: 288px;\" width=\"433\">\n<tbody>\n<tr>\n<td>Meno modela<\/td>\n<td>Biela kvetovan\u00e1 ko\u0161e\u013ea Lorena<\/td>\n<\/tr>\n<tr>\n<td>Farba<\/td>\n<td>Biela a modr\u00e1<\/td>\n<\/tr>\n<tr>\n<td>Zbierka<\/td>\n<td>Jar leto jese\u0148 zima<\/td>\n<\/tr>\n<tr>\n<td>Ve\u013ekos\u0165<\/td>\n<td>Univerz\u00e1lny<\/td>\n<\/tr>\n<tr>\n<td>M\u00f3da<\/td>\n<td>\u00c9terick\u00fd<\/td>\n<\/tr>\n<tr>\n<td>\u0160tiepenie<\/td>\n<td>V \u0161t\u00fdle<\/td>\n<\/tr>\n<tr>\n<td>kompozitn\u00e9 materi\u00e1ly<\/td>\n<td>tencel, polyester<\/td>\n<\/tr>\n<\/tbody>\n<\/table>\n<div class=\"tabs tabs-bb clear mb-80\">\n<div class=\"tab-content\">\n<div id=\"tab-description\" class=\"tab-pane fade in woocommerce-Tabs-panel--description active\">\n<div class=\"tabs tabs-bb clear mb-80\">\n<div class=\"tab-content\">\n<div id=\"tab-description\" class=\"tab-pane fade in woocommerce-Tabs-panel--description active\">\n<p>&nbsp;<\/p>\n<p>&nbsp;<\/p>\n<p style=\"text-align: center;\">Model m\u00e1\u00a0<strong>169<\/strong>\u00a0cm vysok\u00fd, nos\u00ed ve\u013ekos\u0165 ka\u017ed\u00fd de\u0148\u00a0<strong>S<\/strong><\/p>\n<p style=\"text-align: center;\">\u0160\u00edrka cez prsia 92 cm<\/p>\n<p style=\"text-align: center;\">\u0160\u00edrka v p\u00e1se 62 cm<\/p>\n<p style=\"text-align: center;\">\u0160\u00edrka v bokoch 94 cm<\/p>\n<\/div>\n<\/div>\n<\/div>\n<section class=\"related products mb-80\"><\/section>\n<section class=\"page-product-box\">\n<div class=\"rte\">\n<p style=\"text-align: center;\">\n<\/div>\n<\/section>\n<\/div>\n<\/div>\n<\/div>\n<section class=\"up-sells upsells products mb-80\"><\/section>\n<p>&nbsp;<\/p>\n<p style=\"text-align: center;\"><strong>\u00a0<\/strong><\/p>","protected":false},"excerpt":{"rendered":"<p>Koszula W Kwiaty Bia\u0142a Lorena Stylowa bia\u0142a koszula w kwiaty o lu\u017aniejszym, oversizowym fasonie, kt\u00f3ry doskonale sprawdzi si\u0119 w wielu stylizacjach. Dzi\u0119ki swojemu uniwersalnemu krojowi mo\u017ce stanowi\u0107 baz\u0119 zar\u00f3wno eleganckich, jak i ponadczasowych zestaw\u00f3w. Koszula \u015bwietnie komponuje si\u0119 z o\u0142\u00f3wkowymi sp\u00f3dnicami, klasycznymi jeansami oraz szortami, dzi\u0119ki czemu z \u0142atwo\u015bci\u0105 dopasujesz j\u0105 do r\u00f3\u017cnych okazji. To<\/p>\n<div class=\"klb-readmore post-buttons\"><a class=\"button black outline size-sm\" href=\"https:\/\/madelinefashion.pl\/sk\/koszula-w-kwiaty-biala-lorena\/\">\u010c\u00edta\u0165 \u010falej <i class=\"klbth-icon-right-arrow\"><\/i><\/a><\/div>","protected":false},"featured_media":596693,"template":"","meta":[],"product_brand":[],"product_cat":[92,395],"product_tag":[],"class_list":{"0":"post-596695","1":"product","2":"type-product","3":"status-publish","4":"has-post-thumbnail","6":"product_cat-koszule","7":"product_cat-nowosci","9":"first","10":"instock","11":"sale","12":"purchasable","13":"product-type-simple"},"_links":{"self":[{"href":"https:\/\/madelinefashion.pl\/sk\/wp-json\/wp\/v2\/product\/596695","targetHints":{"allow":["GET"]}}],"collection":[{"href":"https:\/\/madelinefashion.pl\/sk\/wp-json\/wp\/v2\/product"}],"about":[{"href":"https:\/\/madelinefashion.pl\/sk\/wp-json\/wp\/v2\/types\/product"}],"wp:featuredmedia":[{"embeddable":true,"href":"https:\/\/madelinefashion.pl\/sk\/wp-json\/wp\/v2\/media\/596693"}],"wp:attachment":[{"href":"https:\/\/madelinefashion.pl\/sk\/wp-json\/wp\/v2\/media?parent=596695"}],"wp:term":[{"taxonomy":"product_brand","embeddable":true,"href":"https:\/\/madelinefashion.pl\/sk\/wp-json\/wp\/v2\/product_brand?post=596695"},{"taxonomy":"product_cat","embeddable":true,"href":"https:\/\/madelinefashion.pl\/sk\/wp-json\/wp\/v2\/product_cat?post=596695"},{"taxonomy":"product_tag","embeddable":true,"href":"https:\/\/madelinefashion.pl\/sk\/wp-json\/wp\/v2\/product_tag?post=596695"}],"curies":[{"name":"pracovn\u00fd list","href":"https:\/\/api.w.org\/{rel}","templated":true}]}}

Biela kvetovaná košeľa Lorena

<h3 style="text-align: center;">Biela kvetovaná košeľa Lorena</h3>
<p style="text-align: center;" data-start="106" data-end="333">Táto štýlová biela kvetovaná košeľa má voľnejší, oversized strih, ktorý sa perfektne hodí k rôznym outfitom. Vďaka všestrannému strihu je perfektným základom pre elegantné aj nadčasové outfity.</p>
<p style="text-align: center;" data-start="335" data-end="579">Táto košeľa sa dobre hodí k ceruzkovým sukniam, klasickým džínsom a šortkám, takže ju ľahko zladíte s rôznymi príležitosťami. Je perfektnou voľbou do práce, na každodenné nosenie, rodinné stretnutia alebo výlety s priateľmi.</p>
<p style="text-align: center;" data-start="581" data-end="691">Model dostupný v <strong data-start="598" data-end="624">univerzálna veľkosť</strong>, odporúčané pre ženy, ktoré si cenia pohodlie, štýl a nadčasovú eleganciu.</p>
<h3 style="text-align: center;">     Rozmery:</h3>
<ul style="text-align: center;">
<li>šírka od pazuchy k pazuche 70 cm</li>
<li>celková dĺžka: 74 cm</li>
<li>šírka ramien: 63 cm</li>
</ul>
<p style="text-align: center;">Rozmery sa môžu mierne líšiť od uvedených +/- 2cm. Všetky uvedené rozmery sú merané plošne. rozmer x2</p>
<p>&nbsp;</p>
<table style="height: 288px;" width="433">
<tbody>
<tr>
<td>Meno modela</td>
<td>Biela kvetovaná košeľa Lorena</td>
</tr>
<tr>
<td>Farba</td>
<td>Biela a modrá</td>
</tr>
<tr>
<td>Zbierka</td>
<td>Jar leto jeseň zima</td>
</tr>
<tr>
<td>Veľkosť</td>
<td>Univerzálny</td>
</tr>
<tr>
<td>Móda</td>
<td>Éterický</td>
</tr>
<tr>
<td>Štiepenie</td>
<td>V štýle</td>
</tr>
<tr>
<td>kompozitné materiály</td>
<td>tencel, polyester</td>
</tr>
</tbody>
</table>
<div class="tabs tabs-bb clear mb-80">
<div class="tab-content">
<div id="tab-description" class="tab-pane fade in woocommerce-Tabs-panel--description active">
<div class="tabs tabs-bb clear mb-80">
<div class="tab-content">
<div id="tab-description" class="tab-pane fade in woocommerce-Tabs-panel--description active">
<p>&nbsp;</p>
<p>&nbsp;</p>
<p style="text-align: center;">Model má <strong>169</strong> cm vysoký, nosí veľkosť každý deň <strong>S</strong></p>
<p style="text-align: center;">Šírka cez prsia 92 cm</p>
<p style="text-align: center;">Šírka v páse 62 cm</p>
<p style="text-align: center;">Šírka v bokoch 94 cm</p>
</div>
</div>
</div>
<section class="related products mb-80"></section>
<section class="page-product-box">
<div class="rte">
<p style="text-align: center;">
</div>
</section>
</div>
</div>
</div>
<section class="up-sells upsells products mb-80"></section>
<p>&nbsp;</p>
<p style="text-align: center;"><strong> </strong></p>

<p>Koszula W Kwiaty Biała Lorena Stylowa biała koszula w kwiaty o luźniejszym, oversizowym fasonie, który doskonale sprawdzi się w wielu stylizacjach. Dzięki swojemu uniwersalnemu krojowi może stanowić bazę zarówno eleganckich, jak i ponadczasowych zestawów. Koszula świetnie komponuje się z ołówkowymi spódnicami, klasycznymi jeansami oraz szortami, dzięki czemu z łatwością dopasujesz ją do różnych okazji. To</p>
<div class="klb-readmore post-buttons"><a class="button black outline size-sm" href="https://madelinefashion.pl/sk/koszula-w-kwiaty-biala-lorena/">Čítať ďalej <i class="klbth-icon-right-arrow"></i></a></div>

pracovný list
