{"id":596787,"date":"2026-03-06T17:16:55","date_gmt":"2026-03-06T16:16:55","guid":{"rendered":"https:\/\/madelinefashion.pl\/?post_type=product&#038;p=596787"},"modified":"2026-03-06T17:24:33","modified_gmt":"2026-03-06T16:24:33","slug":"narzutka-mietowa-anna-z-fredzlami","status":"publish","type":"product","link":"https:\/\/madelinefashion.pl\/sk\/narzutka-mietowa-anna-z-fredzlami\/","title":{"rendered":"Pl\u00e1\u0161\u0165 Anna Mint so strapcami"},"content":{"rendered":"<h2 style=\"text-align: center;\" data-start=\"0\" data-end=\"28\">Pl\u00e1\u0161\u0165 Anna Mint so strapcami<\/h2>\n<p style=\"text-align: center;\" data-start=\"30\" data-end=\"277\">Elegantn\u00fd prehoz na poste\u013e <strong data-start=\"47\" data-end=\"55\">Anna<\/strong> V m\u00f3dnom odtieni m\u00e4tovej farby je perfektnou vo\u013ebou pre \u017eeny, ktor\u00e9 si cenia \u0161t\u00fdl, noblesu a pohodlie. V\u010faka klasick\u00e9mu strihu je perfektn\u00fdm doplnkom ku ka\u017edodenn\u00fdm aj elegantnej\u0161\u00edm outfitom. Jemn\u00e1 m\u00e4tov\u00e1 farba dod\u00e1va k\u00fasku \u017eensk\u00fd a decentn\u00fd n\u00e1dych, zatia\u013e \u010do jej nad\u010dasov\u00fd dizajn ju rob\u00ed perfektnou vo\u013ebou k \u0161at\u00e1m, sukniam a klasick\u00fdm d\u017e\u00ednsom. Je to perfektn\u00e1 vo\u013eba na chladnej\u0161ie dni \u2013 do pr\u00e1ce, na stretnutia alebo na ve\u010dern\u00fd v\u00fdlet. <strong data-start=\"570\" data-end=\"578\">Anna<\/strong> Sp\u00e1ja v sebe eleganciu a pohodlie, v\u010faka \u010domu je jedine\u010dn\u00fdm k\u00faskom \u0161atn\u00edka na mnoho sez\u00f3n. <strong>univerz\u00e1lny<\/strong> odpor\u00fa\u010dame pre d\u00e1my, ktor\u00e9 nosia ve\u013e <strong>SML XL XXL<\/strong> \u010do je obrovsk\u00e1 v\u00fdhoda tohto modelu. Dostupn\u00e9 na na\u0161om e-shope vo viacer\u00fdch farebn\u00fdch variantoch, tak nev\u00e1hajte a vyberte si t\u00fa, ktor\u00e1 je pre v\u00e1s ako stvoren\u00e1.<\/p>\n<p style=\"text-align: center;\"><strong>Odpor\u00fa\u010dan\u00e1 univerz\u00e1lna ve\u013ekos\u0165 S-XXL<\/strong><\/p>\n<h2 style=\"text-align: center;\">Rozmery:<\/h2>\n<ul style=\"text-align: center;\">\n<li style=\"text-align: center;\">Celkov\u00e1 d\u013a\u017eka: 97 cm<\/li>\n<li style=\"text-align: center;\">\u0160\u00edrka od pazuchy po pazuchu: 62 cm<\/li>\n<li style=\"text-align: center;\">D\u013a\u017eka ruk\u00e1va od ramena: 52 cm<\/li>\n<li style=\"text-align: center;\">D\u013a\u017eka ruk\u00e1va od podpazu\u0161ia: 27 cm<\/li>\n<li><\/li>\n<\/ul>\n<p style=\"text-align: center;\"><span style=\"font-size: 10pt;\">Rozmery sa m\u00f4\u017eu mierne l\u00ed\u0161i\u0165 od uveden\u00fdch +\/- 2cm. V\u0161etky uveden\u00e9 rozmery s\u00fa meran\u00e9 plo\u0161ne.<\/span><\/p>\n<p style=\"text-align: center;\"><span style=\"font-size: 10pt;\"><strong>\u00a0<\/strong>\u00a0<\/span><\/p>\n<table width=\"610\">\n<tbody>\n<tr>\n<td width=\"302\">Model<\/td>\n<td width=\"302\">Pl\u00e1\u0161\u0165 Anna Mint so strapcami<\/td>\n<\/tr>\n<tr>\n<td width=\"302\">Farba<\/td>\n<td width=\"302\">M\u00e4ta, zelen\u00e1<\/td>\n<\/tr>\n<tr>\n<td width=\"302\">ve\u013ekosti<\/td>\n<td width=\"302\">Univerz\u00e1lny<\/td>\n<\/tr>\n<tr>\n<td width=\"302\">M\u00f3da<\/td>\n<td width=\"302\">nadrozmern\u00e9<\/td>\n<\/tr>\n<tr>\n<td width=\"302\">Hood<\/td>\n<td width=\"302\">Nie<\/td>\n<\/tr>\n<tr>\n<td width=\"302\">izolovan\u00e9<\/td>\n<td width=\"302\">jednopl\u00e1\u0161\u0165ov\u00e9<\/td>\n<\/tr>\n<tr>\n<td width=\"302\">Materi\u00e1l<\/td>\n<td width=\"302\">88% Visk\u00f3za, 12% Nylon<\/td>\n<\/tr>\n<\/tbody>\n<\/table>\n<div class=\"additional-details\" style=\"text-align: center;\">\n<p style=\"text-align: center;\">\u00a0Model m\u00e1\u00a0<strong>165<\/strong>\u00a0cm vysok\u00fd, nos\u00ed ve\u013ekos\u0165 ka\u017ed\u00fd de\u0148\u00a0<strong>S<\/strong><\/p>\n<\/div>","protected":false},"excerpt":{"rendered":"<p>Narzutka Mi\u0119towa Anna Z Fr\u0119dzlami Elegancka narzutka Anna w modnym odcieniu mi\u0119ty to idealna propozycja dla kobiet ceni\u0105cych styl, klas\u0119 i wygod\u0119. Klasyczny kr\u00f3j sprawia, \u017ce narzutka doskonale prezentuje si\u0119 zar\u00f3wno w codziennych, jak i bardziej eleganckich stylizacjach. Delikatny kolor mi\u0119towy dodaje stylizacji kobiecego i subtelnego charakteru, a ponadczasowy fason sprawia, \u017ce \u015bwietnie komponuje si\u0119<\/p>\n<div class=\"klb-readmore post-buttons\"><a class=\"button black outline size-sm\" href=\"https:\/\/madelinefashion.pl\/sk\/narzutka-mietowa-anna-z-fredzlami\/\">\u010c\u00edta\u0165 \u010falej <i class=\"klbth-icon-right-arrow\"><\/i><\/a><\/div>","protected":false},"featured_media":596789,"template":"","meta":[],"product_brand":[],"product_cat":[91],"product_tag":[],"class_list":{"0":"post-596787","1":"product","2":"type-product","3":"status-publish","4":"has-post-thumbnail","6":"product_cat-kardigany-damskie","8":"first","9":"instock","10":"purchasable","11":"product-type-simple"},"_links":{"self":[{"href":"https:\/\/madelinefashion.pl\/sk\/wp-json\/wp\/v2\/product\/596787","targetHints":{"allow":["GET"]}}],"collection":[{"href":"https:\/\/madelinefashion.pl\/sk\/wp-json\/wp\/v2\/product"}],"about":[{"href":"https:\/\/madelinefashion.pl\/sk\/wp-json\/wp\/v2\/types\/product"}],"wp:featuredmedia":[{"embeddable":true,"href":"https:\/\/madelinefashion.pl\/sk\/wp-json\/wp\/v2\/media\/596789"}],"wp:attachment":[{"href":"https:\/\/madelinefashion.pl\/sk\/wp-json\/wp\/v2\/media?parent=596787"}],"wp:term":[{"taxonomy":"product_brand","embeddable":true,"href":"https:\/\/madelinefashion.pl\/sk\/wp-json\/wp\/v2\/product_brand?post=596787"},{"taxonomy":"product_cat","embeddable":true,"href":"https:\/\/madelinefashion.pl\/sk\/wp-json\/wp\/v2\/product_cat?post=596787"},{"taxonomy":"product_tag","embeddable":true,"href":"https:\/\/madelinefashion.pl\/sk\/wp-json\/wp\/v2\/product_tag?post=596787"}],"curies":[{"name":"pracovn\u00fd list","href":"https:\/\/api.w.org\/{rel}","templated":true}]}}

Plášť Anna Mint so strapcami

<h2 style="text-align: center;" data-start="0" data-end="28">Plášť Anna Mint so strapcami</h2>
<p style="text-align: center;" data-start="30" data-end="277">Elegantný prehoz na posteľ <strong data-start="47" data-end="55">Anna</strong> V módnom odtieni mätovej farby je perfektnou voľbou pre ženy, ktoré si cenia štýl, noblesu a pohodlie. Vďaka klasickému strihu je perfektným doplnkom ku každodenným aj elegantnejším outfitom. Jemná mätová farba dodáva kúsku ženský a decentný nádych, zatiaľ čo jej nadčasový dizajn ju robí perfektnou voľbou k šatám, sukniam a klasickým džínsom. Je to perfektná voľba na chladnejšie dni – do práce, na stretnutia alebo na večerný výlet. <strong data-start="570" data-end="578">Anna</strong> Spája v sebe eleganciu a pohodlie, vďaka čomu je jedinečným kúskom šatníka na mnoho sezón. <strong>univerzálny</strong> odporúčame pre dámy, ktoré nosia veľ <strong>SML XL XXL</strong> čo je obrovská výhoda tohto modelu. Dostupné na našom e-shope vo viacerých farebných variantoch, tak neváhajte a vyberte si tú, ktorá je pre vás ako stvorená.</p>
<p style="text-align: center;"><strong>Odporúčaná univerzálna veľkosť S-XXL</strong></p>
<h2 style="text-align: center;">Rozmery:</h2>
<ul style="text-align: center;">
<li style="text-align: center;">Celková dĺžka: 97 cm</li>
<li style="text-align: center;">Šírka od pazuchy po pazuchu: 62 cm</li>
<li style="text-align: center;">Dĺžka rukáva od ramena: 52 cm</li>
<li style="text-align: center;">Dĺžka rukáva od podpazušia: 27 cm</li>
<li></li>
</ul>
<p style="text-align: center;"><span style="font-size: 10pt;">Rozmery sa môžu mierne líšiť od uvedených +/- 2cm. Všetky uvedené rozmery sú merané plošne.</span></p>
<p style="text-align: center;"><span style="font-size: 10pt;"><strong> </strong> </span></p>
<table width="610">
<tbody>
<tr>
<td width="302">Model</td>
<td width="302">Plášť Anna Mint so strapcami</td>
</tr>
<tr>
<td width="302">Farba</td>
<td width="302">Mäta, zelená</td>
</tr>
<tr>
<td width="302">veľkosti</td>
<td width="302">Univerzálny</td>
</tr>
<tr>
<td width="302">Móda</td>
<td width="302">nadrozmerné</td>
</tr>
<tr>
<td width="302">Hood</td>
<td width="302">Nie</td>
</tr>
<tr>
<td width="302">izolované</td>
<td width="302">jednoplášťové</td>
</tr>
<tr>
<td width="302">Materiál</td>
<td width="302">88% Viskóza, 12% Nylon</td>
</tr>
</tbody>
</table>
<div class="additional-details" style="text-align: center;">
<p style="text-align: center;"> Model má <strong>165</strong> cm vysoký, nosí veľkosť každý deň <strong>S</strong></p>
</div>

<p>Narzutka Miętowa Anna Z Frędzlami Elegancka narzutka Anna w modnym odcieniu mięty to idealna propozycja dla kobiet ceniących styl, klasę i wygodę. Klasyczny krój sprawia, że narzutka doskonale prezentuje się zarówno w codziennych, jak i bardziej eleganckich stylizacjach. Delikatny kolor miętowy dodaje stylizacji kobiecego i subtelnego charakteru, a ponadczasowy fason sprawia, że świetnie komponuje się</p>
<div class="klb-readmore post-buttons"><a class="button black outline size-sm" href="https://madelinefashion.pl/sk/narzutka-mietowa-anna-z-fredzlami/">Čítať ďalej <i class="klbth-icon-right-arrow"></i></a></div>

pracovný list
