{"id":597899,"date":"2026-03-19T12:05:51","date_gmt":"2026-03-19T11:05:51","guid":{"rendered":"https:\/\/madelinefashion.pl\/?post_type=product&#038;p=597899"},"modified":"2026-03-19T17:41:42","modified_gmt":"2026-03-19T16:41:42","slug":"sukienka-maxi-arley-szalwia","status":"publish","type":"product","link":"https:\/\/madelinefashion.pl\/sk\/sukienka-maxi-arley-szalwia\/","title":{"rendered":"Maxi \u0161aty Arley Sage"},"content":{"rendered":"<h3 style=\"text-align: center;\">Maxi \u0161aty Arley Sage<\/h3>\n<p style=\"text-align: center;\" data-start=\"157\" data-end=\"620\"><strong data-start=\"157\" data-end=\"232\">\u0160alviov\u00e9 \u0161aty s ramienkami <\/strong>je perfektnou vo\u013ebou pre \u017eeny, ktor\u00e9 h\u013eadaj\u00fa \u0161t\u00fdl, ktor\u00fd kombinuje eleganciu, \u013eahkos\u0165 a \u017eensk\u00fd, decentn\u00fd \u0161t\u00fdl. Tento jedine\u010dn\u00fd model zaujme svoj\u00edm m\u00f3dnym dizajnom. <strong data-start=\"379\" data-end=\"409\">zelen\u00fd odtie\u0148 \u0161alvie<\/strong>, ktor\u00fd vyzer\u00e1 mimoriadne svie\u017eo, romanticky a ve\u013emi \u0161t\u00fdlovo. Je to ide\u00e1lny n\u00e1vrh pre obe strany. <strong data-start=\"515\" data-end=\"525\">dru\u017ei\u010dky<\/strong>, ako aj \u017eeny h\u013eadaj\u00face jemn\u00e9 \u0161aty na svadbu, ob\u010diansky obrad alebo rozl\u00fa\u010dku so slobodou. Elegantn\u00e9, \u017eensk\u00e9 a neuverite\u013ene v\u0161estrann\u00e9 \u2014 <strong data-start=\"667\" data-end=\"723\">jednoduch\u00e9 roz\u0161\u00edren\u00e9 \u0161aty s tenk\u00fdmi ramienkami<\/strong> Kr\u00e1sne zv\u00fdraz\u0148uje siluetu a z\u00e1rove\u0148 poskytuje pohodlie a slobodu pohybu. Jeho minimalistick\u00fd dizajn dod\u00e1va celkov\u00e9mu vzh\u013eadu \u013eahk\u00fd, modern\u00fd a ve\u013emi v\u00fdrazn\u00fd vzh\u013ead. <strong data-start=\"901\" data-end=\"920\">Farba \u0161alvie<\/strong> dod\u00e1va outfitu jemnos\u0165 a jedine\u010dn\u00e9 \u010daro, v\u010faka \u010domu s\u00fa \u0161aty perfektn\u00e9 na svadobn\u00e9 obrady, svadobn\u00e9 hostiny a letn\u00e9 ve\u010dierky.<br \/>\nVrchn\u00e1 \u010das\u0165 \u0161iat spo\u010d\u00edva na jemn\u00fdch, tenk\u00fdch ramienkach, ktor\u00e9 dod\u00e1vaj\u00fa \u0161t\u00fdlu \u013eahk\u00fd a romantick\u00fd n\u00e1dych. Jednoduch\u00fd strih v kombin\u00e1cii s roz\u0161\u00edrenou suk\u0148ou vytv\u00e1ra ve\u013emi \u017eensk\u00fd a harmonick\u00fd celok. Suk\u0148a kr\u00e1sne spl\u00fdva s pohybom, v\u010faka \u010domu \u0161aty vyzeraj\u00fa mimoriadne elegantne po\u010das obradu aj na tane\u010dnom parkete. S\u00fa perfektn\u00e9. <strong data-start=\"1445\" data-end=\"1486\">\u0161alviov\u00e9 \u0161aty pre dru\u017ei\u010dky<\/strong>, ktor\u00fd vyzer\u00e1 skvele na fotografi\u00e1ch a hod\u00ed sa k najnov\u0161\u00edm svadobn\u00fdm trendom. Hlavnou v\u00fdhodou modelu je <strong data-start=\"1595\" data-end=\"1615\">elastick\u00fd p\u00e1s na zadnej strane<\/strong>, \u010do zais\u0165uje lep\u0161ie strihanie a zv\u00fd\u0161en\u00e9 pohodlie. V\u010faka tomu \u0161aty dobre sedia okolo p\u00e1sa, zd\u00f4raz\u0148uj\u00fa postavu a zaru\u010duj\u00fa pohodlie po mnoho hod\u00edn. Je to skvel\u00e9 rie\u0161enie pre \u017eeny, ktor\u00e9 chc\u00fa vyzera\u0165 elegantne, ale z\u00e1rove\u0148 sa c\u00edti\u0165 pohodlne po\u010das d\u00f4le\u017eit\u00fdch udalost\u00ed. Celok dop\u013a\u0148a v\u00fdrazn\u00fd <strong data-start=\"1956\" data-end=\"1978\">rez na nohe<\/strong>, \u010do dod\u00e1va \u0161t\u00fdlu \u013eahkos\u0165, zmyselnos\u0165 a \u017eensk\u00e9 \u010daro. Tento jemn\u00fd detail kr\u00e1sne zv\u00fdraz\u0148uje nohu pri ch\u00f4dzi a tanci. Ak h\u013ead\u00e1te \u0161t\u00fdlov\u00fd outfit, ktor\u00fd bude fungova\u0165 ako <strong data-start=\"2854\" data-end=\"2877\">\u0161aty pre dru\u017ei\u010dky<\/strong>, <strong data-start=\"2879\" data-end=\"2919\">svadobn\u00e9 \u0161aty \u0161alviovej farby<\/strong>, <strong data-start=\"2921\" data-end=\"2949\">ob\u010dianske svadobn\u00e9 \u0161aty<\/strong> alebo <strong data-start=\"2954\" data-end=\"2987\">\u0161aty na rozl\u00fa\u010dku so slobodou<\/strong>, tento model bude perfektnou vo\u013ebou. Je to kombin\u00e1cia m\u00f3dnej farby, \u017eensk\u00e9ho strihu a pohodlia, ktor\u00e1 dod\u00e1 ka\u017ed\u00e9mu outfitu jedine\u010dn\u00fd charakter. Ak sa neviete rozhodn\u00fa\u0165, ktor\u00fa farbu..., <strong>ve\u013ekos\u0165<\/strong> je pre v\u00e1s to najlep\u0161ie <strong>kontaktuj n\u00e1s<\/strong> cez <a href=\"https:\/\/www.facebook.com\/madelinefashionbutik\" target=\"_blank\" rel=\"noopener\">Facebook<\/a> alebo <a href=\"https:\/\/madelinefashion.pl\/sk\/kontakt\/\">telef\u00f3n<\/a>. Ak ve\u013ekos\u0165 nie je na str\u00e1nke, kontaktujte n\u00e1s.<\/p>\n<h3 style=\"text-align: center;\">ROZMERY \u0161iat:<\/h3>\n<div class=\"additional-details\" style=\"text-align: center;\">\n<table width=\"556\">\n<tbody>\n<tr>\n<td width=\"205\"><strong>VE\u013dKOS\u0164<\/strong><\/td>\n<td><strong>poprsia<\/strong><\/td>\n<td><strong>P\u00e1s<\/strong><\/td>\n<td><strong>Boky<\/strong><\/td>\n<\/tr>\n<tr>\n<td width=\"205\"><strong>36<\/strong><\/td>\n<td>88-94<\/td>\n<td>68<\/td>\n<td>\u00a0ak\u00fdko\u013evek<\/td>\n<\/tr>\n<tr>\n<td width=\"205\"><strong>38<\/strong><\/td>\n<td>92-96<\/td>\n<td>72<\/td>\n<td>\u00a0ak\u00fdko\u013evek<\/td>\n<\/tr>\n<tr>\n<td width=\"205\"><strong>40<\/strong><\/td>\n<td>96-102<\/td>\n<td>76<\/td>\n<td>\u00a0ak\u00fdko\u013evek<\/td>\n<\/tr>\n<\/tbody>\n<\/table>\n<p>&nbsp;<\/p>\n<\/div>\n<p style=\"text-align: center;\"><span style=\"font-size: 10pt;\">celkov\u00e1 d\u013a\u017eka cca 160 cm <\/span>(\u0161aty sa daj\u00fa skr\u00e1ti\u0165 pod\u013ea vlastnej chuti)<\/p>\n<p style=\"text-align: center;\"><span style=\"font-size: 10pt;\">Rozmery sa m\u00f4\u017eu mierne l\u00ed\u0161i\u0165 od uveden\u00fdch +\/- 2cm.\u00a0<\/span><\/p>\n<p style=\"text-align: center;\"><span style=\"font-size: 10pt;\"><strong>\u00a0<\/strong>\u00a0<\/span><\/p>\n<table width=\"620\">\n<tbody>\n<tr>\n<td width=\"302\">Meno modela<\/td>\n<td width=\"302\">Maxi \u0161aty Arley<\/td>\n<\/tr>\n<tr>\n<td width=\"302\">Farba<\/td>\n<td width=\"302\">\u0160alviov\u00e1 zelen\u00e1<\/td>\n<\/tr>\n<tr>\n<td width=\"302\">Ruk\u00e1v<\/td>\n<td width=\"302\">Nie<\/td>\n<\/tr>\n<tr>\n<td width=\"302\">ve\u013ekosti<\/td>\n<td width=\"302\">36 38 40<\/td>\n<\/tr>\n<tr>\n<td width=\"302\">M\u00f3da<\/td>\n<td width=\"302\">Rovn\u00fd \u2013 roz\u0161\u00edren\u00fd<\/td>\n<\/tr>\n<tr>\n<td width=\"302\">Materi\u00e1l<\/td>\n<td width=\"302\">Polyester<\/td>\n<\/tr>\n<tr>\n<td width=\"302\">D\u013a\u017eka<\/td>\n<td width=\"302\">Na zem<\/td>\n<\/tr>\n<\/tbody>\n<\/table>\n<p style=\"text-align: center;\" align=\"center\">Poz\u00fdvame v\u00e1s do n\u00e1\u0161ho sal\u00f3nu svadobn\u00fdch \u0161iat, ktor\u00fd sa nach\u00e1dza na ulici Moniuszki 2 v srdci Konstantyn\u00f3wa v Lod\u017eskom. V na\u0161om profesion\u00e1lnom sal\u00f3ne n\u00e1jdete \u0161irok\u00fd v\u00fdber svadobn\u00fdch \u0161iat, ktor\u00e9 splnia va\u0161e najtajnej\u0161ie sny o dokonalom dni. T\u00edm sk\u00fasen\u00fdch konzultantov v\u00e1m pom\u00f4\u017ee vybra\u0165 si perfektn\u00e9 \u0161aty, prisp\u00f4soben\u00e9 va\u0161im o\u010dak\u00e1vaniam a postave. Srde\u010dne v\u00e1s poz\u00fdvame na n\u00e1v\u0161tevu \u2013 presved\u010dte sa, ak\u00fd v\u00fdnimo\u010dn\u00fd m\u00f4\u017ee by\u0165 v\u00e1\u0161 de\u0148!<\/p>\n<p style=\"text-align: center;\" align=\"center\"><span style=\"font-size: 10.0pt;\">Aby ste si vybrali <strong>perfektn\u00e9 \u0161aty<\/strong> kontaktujte n\u00e1s telefonicky alebo prostredn\u00edctvom na\u0161ej webovej str\u00e1nky <a href=\"https:\/\/www.facebook.com\/madelinefashionbutik\" target=\"_blank\" rel=\"noopener\">Facebook<\/a> .<\/span><br \/>\n<span style=\"font-size: 10.0pt;\">N\u00e1\u0161 t\u00edm v\u00e1m pom\u00f4\u017ee <strong>Vyberte si ten spr\u00e1vny<\/strong> . <strong>Ka\u017ed\u00e9 \u0161aty vieme presne zmera\u0165 na po\u017eiadanie kupuj\u00facej.\u00a0<\/strong><\/span><\/p>\n<p style=\"text-align: center;\" align=\"center\">Ka\u017ed\u00e9 \u0161aty sa daj\u00fa v pr\u00edpade potreby upravi\u0165 pod\u013ea va\u0161ej v\u00fd\u0161ky a v\u00fd\u0161ky op\u00e4tku. Ak s\u00fa pr\u00edli\u0161 dlh\u00e9, kraj\u010d\u00edr ich m\u00f4\u017ee skr\u00e1ti\u0165 alebo mierne upravi\u0165. <strong>kraj\u010d\u00edrka sama<\/strong>. V\u010faka tomu si m\u00f4\u017eete vybran\u00fd model jednoducho prisp\u00f4sobi\u0165 svojim mieram a c\u00edti\u0165 sa v \u0148om dokonale.<\/p>","protected":false},"excerpt":{"rendered":"<p>Maxi \u0161aty Arley Sage s\u00fa perfektnou vo\u013ebou pre \u017eeny, ktor\u00e9 h\u013eadaj\u00fa \u0161t\u00fdl, ktor\u00fd kombinuje eleganciu, \u013eahkos\u0165 a \u017eensk\u00fd, decentn\u00fd \u0161t\u00fdl. Tento jedine\u010dn\u00fd dizajn zaujme svoj\u00edm m\u00f3dnym \u0161alviovozelen\u00fdm odtie\u0148om, ktor\u00fd vyzer\u00e1 neuverite\u013ene svie\u017eo, romanticky a ve\u013emi \u0161t\u00fdlovo. S\u00fa perfektnou vo\u013ebou pre dru\u017ei\u010dky aj \u017eeny, ktor\u00e9 h\u013eadaj\u00fa jemn\u00e9 \u0161aty na svadbu alebo hostinu.<\/p>\n<div class=\"klb-readmore post-buttons\"><a class=\"button black outline size-sm\" href=\"https:\/\/madelinefashion.pl\/sk\/sukienka-maxi-arley-szalwia\/\">\u010c\u00edta\u0165 \u010falej <i class=\"klbth-icon-right-arrow\"><\/i><\/a><\/div>","protected":false},"featured_media":597897,"template":"","meta":[],"product_brand":[],"product_cat":[124,568],"product_tag":[163,774,535],"class_list":{"0":"post-597899","1":"product","2":"type-product","3":"status-publish","4":"has-post-thumbnail","6":"product_cat-sukienki-okolicznosciowe","7":"product_cat-sukienki-rozkloszowane-szyfonowe","8":"product_tag-sukienki-dlugie","9":"product_tag-szalwiowe-sukienki","10":"product_tag-zielone-sukienki","12":"first","13":"instock","14":"purchasable","15":"product-type-variable"},"_links":{"self":[{"href":"https:\/\/madelinefashion.pl\/sk\/wp-json\/wp\/v2\/product\/597899","targetHints":{"allow":["GET"]}}],"collection":[{"href":"https:\/\/madelinefashion.pl\/sk\/wp-json\/wp\/v2\/product"}],"about":[{"href":"https:\/\/madelinefashion.pl\/sk\/wp-json\/wp\/v2\/types\/product"}],"wp:featuredmedia":[{"embeddable":true,"href":"https:\/\/madelinefashion.pl\/sk\/wp-json\/wp\/v2\/media\/597897"}],"wp:attachment":[{"href":"https:\/\/madelinefashion.pl\/sk\/wp-json\/wp\/v2\/media?parent=597899"}],"wp:term":[{"taxonomy":"product_brand","embeddable":true,"href":"https:\/\/madelinefashion.pl\/sk\/wp-json\/wp\/v2\/product_brand?post=597899"},{"taxonomy":"product_cat","embeddable":true,"href":"https:\/\/madelinefashion.pl\/sk\/wp-json\/wp\/v2\/product_cat?post=597899"},{"taxonomy":"product_tag","embeddable":true,"href":"https:\/\/madelinefashion.pl\/sk\/wp-json\/wp\/v2\/product_tag?post=597899"}],"curies":[{"name":"pracovn\u00fd list","href":"https:\/\/api.w.org\/{rel}","templated":true}]}}

Maxi šaty Arley Sage

<h3 style="text-align: center;">Maxi šaty Arley Sage</h3>
<p style="text-align: center;" data-start="157" data-end="620"><strong data-start="157" data-end="232">Šalviové šaty s ramienkami </strong>je perfektnou voľbou pre ženy, ktoré hľadajú štýl, ktorý kombinuje eleganciu, ľahkosť a ženský, decentný štýl. Tento jedinečný model zaujme svojím módnym dizajnom. <strong data-start="379" data-end="409">zelený odtieň šalvie</strong>, ktorý vyzerá mimoriadne sviežo, romanticky a veľmi štýlovo. Je to ideálny návrh pre obe strany. <strong data-start="515" data-end="525">družičky</strong>, ako aj ženy hľadajúce jemné šaty na svadbu, občiansky obrad alebo rozlúčku so slobodou. Elegantné, ženské a neuveriteľne všestranné — <strong data-start="667" data-end="723">jednoduché rozšírené šaty s tenkými ramienkami</strong> Krásne zvýrazňuje siluetu a zároveň poskytuje pohodlie a slobodu pohybu. Jeho minimalistický dizajn dodáva celkovému vzhľadu ľahký, moderný a veľmi výrazný vzhľad. <strong data-start="901" data-end="920">Farba šalvie</strong> dodáva outfitu jemnosť a jedinečné čaro, vďaka čomu sú šaty perfektné na svadobné obrady, svadobné hostiny a letné večierky.<br />
Vrchná časť šiat spočíva na jemných, tenkých ramienkach, ktoré dodávajú štýlu ľahký a romantický nádych. Jednoduchý strih v kombinácii s rozšírenou sukňou vytvára veľmi ženský a harmonický celok. Sukňa krásne splýva s pohybom, vďaka čomu šaty vyzerajú mimoriadne elegantne počas obradu aj na tanečnom parkete. Sú perfektné. <strong data-start="1445" data-end="1486">šalviové šaty pre družičky</strong>, ktorý vyzerá skvele na fotografiách a hodí sa k najnovším svadobným trendom. Hlavnou výhodou modelu je <strong data-start="1595" data-end="1615">elastický pás na zadnej strane</strong>, čo zaisťuje lepšie strihanie a zvýšené pohodlie. Vďaka tomu šaty dobre sedia okolo pása, zdôrazňujú postavu a zaručujú pohodlie po mnoho hodín. Je to skvelé riešenie pre ženy, ktoré chcú vyzerať elegantne, ale zároveň sa cítiť pohodlne počas dôležitých udalostí. Celok dopĺňa výrazný <strong data-start="1956" data-end="1978">rez na nohe</strong>, čo dodáva štýlu ľahkosť, zmyselnosť a ženské čaro. Tento jemný detail krásne zvýrazňuje nohu pri chôdzi a tanci. Ak hľadáte štýlový outfit, ktorý bude fungovať ako <strong data-start="2854" data-end="2877">šaty pre družičky</strong>, <strong data-start="2879" data-end="2919">svadobné šaty šalviovej farby</strong>, <strong data-start="2921" data-end="2949">občianske svadobné šaty</strong> alebo <strong data-start="2954" data-end="2987">šaty na rozlúčku so slobodou</strong>, tento model bude perfektnou voľbou. Je to kombinácia módnej farby, ženského strihu a pohodlia, ktorá dodá každému outfitu jedinečný charakter. Ak sa neviete rozhodnúť, ktorú farbu..., <strong>veľkosť</strong> je pre vás to najlepšie <strong>kontaktuj nás</strong> cez <a href="https://www.facebook.com/madelinefashionbutik" target="_blank" rel="noopener">Facebook</a> alebo <a href="https://madelinefashion.pl/sk/kontakt/">telefón</a>. Ak veľkosť nie je na stránke, kontaktujte nás.</p>
<h3 style="text-align: center;">ROZMERY šiat:</h3>
<div class="additional-details" style="text-align: center;">
<table width="556">
<tbody>
<tr>
<td width="205"><strong>VEĽKOSŤ</strong></td>
<td><strong>poprsia</strong></td>
<td><strong>Pás</strong></td>
<td><strong>Boky</strong></td>
</tr>
<tr>
<td width="205"><strong>36</strong></td>
<td>88-94</td>
<td>68</td>
<td> akýkoľvek</td>
</tr>
<tr>
<td width="205"><strong>38</strong></td>
<td>92-96</td>
<td>72</td>
<td> akýkoľvek</td>
</tr>
<tr>
<td width="205"><strong>40</strong></td>
<td>96-102</td>
<td>76</td>
<td> akýkoľvek</td>
</tr>
</tbody>
</table>
<p>&nbsp;</p>
</div>
<p style="text-align: center;"><span style="font-size: 10pt;">celková dĺžka cca 160 cm </span>(šaty sa dajú skrátiť podľa vlastnej chuti)</p>
<p style="text-align: center;"><span style="font-size: 10pt;">Rozmery sa môžu mierne líšiť od uvedených +/- 2cm. </span></p>
<p style="text-align: center;"><span style="font-size: 10pt;"><strong> </strong> </span></p>
<table width="620">
<tbody>
<tr>
<td width="302">Meno modela</td>
<td width="302">Maxi šaty Arley</td>
</tr>
<tr>
<td width="302">Farba</td>
<td width="302">Šalviová zelená</td>
</tr>
<tr>
<td width="302">Rukáv</td>
<td width="302">Nie</td>
</tr>
<tr>
<td width="302">veľkosti</td>
<td width="302">36 38 40</td>
</tr>
<tr>
<td width="302">Móda</td>
<td width="302">Rovný – rozšírený</td>
</tr>
<tr>
<td width="302">Materiál</td>
<td width="302">Polyester</td>
</tr>
<tr>
<td width="302">Dĺžka</td>
<td width="302">Na zem</td>
</tr>
</tbody>
</table>
<p style="text-align: center;" align="center">Pozývame vás do nášho salónu svadobných šiat, ktorý sa nachádza na ulici Moniuszki 2 v srdci Konstantynówa v Lodžskom. V našom profesionálnom salóne nájdete široký výber svadobných šiat, ktoré splnia vaše najtajnejšie sny o dokonalom dni. Tím skúsených konzultantov vám pomôže vybrať si perfektné šaty, prispôsobené vašim očakávaniam a postave. Srdečne vás pozývame na návštevu – presvedčte sa, aký výnimočný môže byť váš deň!</p>
<p style="text-align: center;" align="center"><span style="font-size: 10.0pt;">Aby ste si vybrali <strong>perfektné šaty</strong> kontaktujte nás telefonicky alebo prostredníctvom našej webovej stránky <a href="https://www.facebook.com/madelinefashionbutik" target="_blank" rel="noopener">Facebook</a> .</span><br />
<span style="font-size: 10.0pt;">Náš tím vám pomôže <strong>Vyberte si ten správny</strong> . <strong>Každé šaty vieme presne zmerať na požiadanie kupujúcej. </strong></span></p>
<p style="text-align: center;" align="center">Každé šaty sa dajú v prípade potreby upraviť podľa vašej výšky a výšky opätku. Ak sú príliš dlhé, krajčír ich môže skrátiť alebo mierne upraviť. <strong>krajčírka sama</strong>. Vďaka tomu si môžete vybraný model jednoducho prispôsobiť svojim mieram a cítiť sa v ňom dokonale.</p>

<p>Maxi šaty Arley Sage sú perfektnou voľbou pre ženy, ktoré hľadajú štýl, ktorý kombinuje eleganciu, ľahkosť a ženský, decentný štýl. Tento jedinečný dizajn zaujme svojím módnym šalviovozeleným odtieňom, ktorý vyzerá neuveriteľne sviežo, romanticky a veľmi štýlovo. Sú perfektnou voľbou pre družičky aj ženy, ktoré hľadajú jemné šaty na svadbu alebo hostinu.</p>
<div class="klb-readmore post-buttons"><a class="button black outline size-sm" href="https://madelinefashion.pl/sk/sukienka-maxi-arley-szalwia/">Čítať ďalej <i class="klbth-icon-right-arrow"></i></a></div>

pracovný list
