{"id":597973,"date":"2026-03-19T14:07:55","date_gmt":"2026-03-19T13:07:55","guid":{"rendered":"https:\/\/madelinefashion.pl\/?post_type=product&#038;p=597973"},"modified":"2026-03-30T17:35:22","modified_gmt":"2026-03-30T15:35:22","slug":"sukienka-midi-w-pantere-z-rekawem-pedra","status":"publish","type":"product","link":"https:\/\/madelinefashion.pl\/sk\/sukienka-midi-w-pantere-z-rekawem-pedra\/","title":{"rendered":"Midi \u0161aty s leopard\u00edm vzorom a ruk\u00e1vmi Pedra"},"content":{"rendered":"<h3 style=\"text-align: center;\">Midi \u0161aty s leopard\u00edm vzorom a ruk\u00e1vmi Pedra<\/h3>\n<p style=\"text-align: center;\" data-start=\"76\" data-end=\"312\">Tieto v\u00fdrazn\u00e9 midi \u0161aty s m\u00f3dnou leopardou potla\u010dou s\u00fa ide\u00e1lne pre \u017eeny, ktor\u00e9 rady vynikaj\u00fa \u0161t\u00fdlom a vyjadruj\u00fa svoje sebavedomie. Zvieracia potla\u010d dod\u00e1va \u0161at\u00e1m charakter a z\u00e1rove\u0148 je v s\u00falade s najnov\u0161\u00edmi m\u00f3dnymi trendmi. \u0160aty maj\u00fa hlbok\u00fd v\u00fdstrih do V, ktor\u00fd kr\u00e1sne zv\u00fdraz\u0148uje krk a dekolt a dod\u00e1va siluete n\u00e1dych \u013eahkosti. Dlh\u00e9 ruk\u00e1vy s jemn\u00fdm roz\u0161\u00edren\u00edm dod\u00e1vaj\u00fa \u0161at\u00e1m eleganciu a jemn\u00fd, romantick\u00fd n\u00e1dych. Midi d\u013a\u017eka v kombin\u00e1cii s \u017eensk\u00fdm rozparkom na nohavici rob\u00ed \u0161aty neuverite\u013ene zmyseln\u00fdmi, no z\u00e1rove\u0148 pohodln\u00fdmi a ide\u00e1lnymi na mnoho pr\u00edle\u017eitost\u00ed. Ak sa neviete rozhodn\u00fa\u0165, ktor\u00fa farbu si vybra\u0165, <strong>ve\u013ekos\u0165<\/strong> je pre v\u00e1s to najlep\u0161ie <strong>kontaktuj n\u00e1s<\/strong> cez <a href=\"https:\/\/www.facebook.com\/madelinefashionbutik\" target=\"_blank\" rel=\"noopener\">Facebook<\/a> alebo <a href=\"https:\/\/madelinefashion.pl\/sk\/kontakt\/\">telef\u00f3n<\/a>. Ak ve\u013ekos\u0165 nie je na str\u00e1nke, kontaktujte n\u00e1s.<\/p>\n<h3 style=\"text-align: center;\">Rozmery:<\/h3>\n<p style=\"text-align: center;\"><strong>Ve\u013ekos\u0165 S\/36<\/strong><\/p>\n<ul style=\"text-align: center;\">\n<li style=\"text-align: center;\">Celkov\u00e1 d\u013a\u017eka: 143 cm<br \/>\nOd podpazu\u0161ia k podpazu\u0161iu: 43 cm<\/li>\n<li style=\"text-align: center;\">Boky: 49 cm<\/li>\n<li style=\"text-align: center;\">P\u00e1s: 37 cm<br \/>\nD\u013a\u017eka ruk\u00e1va od podpazu\u0161ia: 48 cm<br \/>\nD\u013a\u017eka ruk\u00e1va od ramena: 65 cm<\/li>\n<li>\n<p style=\"text-align: center;\"><strong>Ve\u013ekos\u0165 M\/38<\/strong><\/p>\n<ul>\n<li style=\"text-align: center;\">Celkov\u00e1 d\u013a\u017eka: 144 cm<br \/>\nOd podpazu\u0161ia k podpazu\u0161iu: 45 cm<\/li>\n<li style=\"text-align: center;\">Boky: 52 cm<\/li>\n<li style=\"text-align: center;\">P\u00e1s: 39 cm<br \/>\nD\u013a\u017eka ruk\u00e1va od podpazu\u0161ia: 48 cm<br \/>\nD\u013a\u017eka ruk\u00e1va od ramena: 65 cm<\/li>\n<li>\n<p style=\"text-align: center;\"><strong>Ve\u013ekos\u0165 L \/ 40<\/strong><\/p>\n<ul>\n<li style=\"text-align: center;\">Celkov\u00e1 d\u013a\u017eka: 145 cm<br \/>\nOd podpazu\u0161ia k podpazu\u0161iu: 47 cm<\/li>\n<li style=\"text-align: center;\">Boky: 55 cm<\/li>\n<li style=\"text-align: center;\">P\u00e1s: 41 cm<br \/>\nD\u013a\u017eka ruk\u00e1va od podpazu\u0161ia: 48 cm<br \/>\nD\u013a\u017eka ruk\u00e1va od ramena: 65 cm<\/li>\n<\/ul>\n<\/li>\n<\/ul>\n<\/li>\n<\/ul>\n<p style=\"text-align: center;\">Rozmery sa m\u00f4\u017eu mierne l\u00ed\u0161i\u0165 od uveden\u00fdch +\/- 2cm. V\u0161etky uveden\u00e9 rozmery s\u00fa meran\u00e9 plo\u0161ne. <strong>rozmer x2<\/strong><\/p>\n<div class=\"additional-details\" style=\"text-align: center;\">\n<p style=\"text-align: center;\">(\u0161aty sa daj\u00fa skr\u00e1ti\u0165 pod\u013ea vlastnej chuti)<\/p>\n<\/div>\n<p style=\"text-align: center;\"><span style=\"font-size: 10pt;\">\u0160aty s\u00fa dostupn\u00e9 aj v in\u00fdch farb\u00e1ch - odpor\u00fa\u010dame v\u00e1m zozn\u00e1mi\u0165 sa s na\u0161imi \u010fal\u0161\u00edmi produktmi.<\/span><\/p>\n<p style=\"text-align: center;\"><span style=\"font-size: 10pt;\">Rozmery sa m\u00f4\u017eu mierne l\u00ed\u0161i\u0165 od uveden\u00fdch +\/- 2cm.\u00a0<\/span><\/p>\n<p style=\"text-align: center;\"><span style=\"font-size: 10pt;\"><strong>\u00a0<\/strong>\u00a0<\/span><\/p>\n<table width=\"620\">\n<tbody>\n<tr>\n<td width=\"302\">Meno modela<\/td>\n<td width=\"302\">Midi \u0161aty s leopard\u00edm vzorom a ruk\u00e1vmi Pedra<\/td>\n<\/tr>\n<tr>\n<td width=\"302\">Farba<\/td>\n<td width=\"302\">Hned\u00e1<\/td>\n<\/tr>\n<tr>\n<td width=\"302\">T\u00e9ma<\/td>\n<td width=\"302\">Panter<\/td>\n<\/tr>\n<tr>\n<td width=\"302\">ve\u013ekosti<\/td>\n<td width=\"302\">36 38 40<\/td>\n<\/tr>\n<tr>\n<td width=\"302\">M\u00f3da<\/td>\n<td width=\"302\">Vzplanul<\/td>\n<\/tr>\n<tr>\n<td width=\"302\">Materi\u00e1l<\/td>\n<td width=\"302\">Visk\u00f3za, Polyester<\/td>\n<\/tr>\n<tr>\n<td width=\"302\">D\u013a\u017eka<\/td>\n<td width=\"302\">midi<\/td>\n<\/tr>\n<\/tbody>\n<\/table>\n<p style=\"text-align: center;\"><span style=\"font-size: 10pt;\">\u00a0<\/span><\/p>\n<p style=\"text-align: center;\"><span style=\"font-size: 10pt;\">Aby ste si vybrali <strong>perfektn\u00e9 \u0161aty<\/strong> kontaktujte n\u00e1s telefonicky alebo prostredn\u00edctvom na\u0161ej webovej str\u00e1nky <a href=\"https:\/\/www.facebook.com\/madelinefashionbutik\" target=\"_blank\" rel=\"noopener\">Facebook<\/a> .<\/span><br \/>\n<span style=\"font-size: 10pt;\">N\u00e1\u0161 t\u00edm v\u00e1m pom\u00f4\u017ee <strong>Vyberte si ten spr\u00e1vny<\/strong> . <strong>Na \u017eelanie kupuj\u00faceho vyrob\u00edme ak\u00e9ko\u013evek \u0161aty\u00a0<\/strong><strong>opatrne mera\u0165.\u00a0<\/strong><\/span><\/p>\n<div class=\"additional-details\" style=\"text-align: center;\">\n<p style=\"text-align: center;\"><span style=\"font-size: 10pt;\">\u00a0<\/span><\/p>\n<\/div>","protected":false},"excerpt":{"rendered":"<p>Midi \u0161aty Pedra s leopard\u00edm vzorom a ruk\u00e1vmi. Tieto v\u00fdrazn\u00e9 midi \u0161aty s m\u00f3dnym leopard\u00edm vzorom s\u00fa ide\u00e1lne pre \u017eeny, ktor\u00e9 rady vynikn\u00fa \u0161t\u00fdlom a vyjadria svoje sebavedomie. Zvierac\u00ed vzor dod\u00e1va outfitu charakter a z\u00e1rove\u0148 je v s\u00falade s najnov\u0161\u00edmi m\u00f3dnymi trendmi. \u0160aty maj\u00fa hlbok\u00fd v\u00fdstrih do V, ktor\u00fd kr\u00e1sne zv\u00fdraz\u0148uje krk a dekolt.,<\/p>\n<div class=\"klb-readmore post-buttons\"><a class=\"button black outline size-sm\" href=\"https:\/\/madelinefashion.pl\/sk\/sukienka-midi-w-pantere-z-rekawem-pedra\/\">\u010c\u00edta\u0165 \u010falej <i class=\"klbth-icon-right-arrow\"><\/i><\/a><\/div>","protected":false},"featured_media":599099,"template":"","meta":[],"product_brand":[],"product_cat":[124,395,568],"product_tag":[257,163],"class_list":{"0":"post-597973","1":"product","2":"type-product","3":"status-publish","4":"has-post-thumbnail","6":"product_cat-sukienki-okolicznosciowe","7":"product_cat-nowosci","8":"product_cat-sukienki-rozkloszowane-szyfonowe","9":"product_tag-madelinefashion","10":"product_tag-sukienki-dlugie","12":"first","13":"instock","14":"purchasable","15":"product-type-variable"},"_links":{"self":[{"href":"https:\/\/madelinefashion.pl\/sk\/wp-json\/wp\/v2\/product\/597973","targetHints":{"allow":["GET"]}}],"collection":[{"href":"https:\/\/madelinefashion.pl\/sk\/wp-json\/wp\/v2\/product"}],"about":[{"href":"https:\/\/madelinefashion.pl\/sk\/wp-json\/wp\/v2\/types\/product"}],"wp:featuredmedia":[{"embeddable":true,"href":"https:\/\/madelinefashion.pl\/sk\/wp-json\/wp\/v2\/media\/599099"}],"wp:attachment":[{"href":"https:\/\/madelinefashion.pl\/sk\/wp-json\/wp\/v2\/media?parent=597973"}],"wp:term":[{"taxonomy":"product_brand","embeddable":true,"href":"https:\/\/madelinefashion.pl\/sk\/wp-json\/wp\/v2\/product_brand?post=597973"},{"taxonomy":"product_cat","embeddable":true,"href":"https:\/\/madelinefashion.pl\/sk\/wp-json\/wp\/v2\/product_cat?post=597973"},{"taxonomy":"product_tag","embeddable":true,"href":"https:\/\/madelinefashion.pl\/sk\/wp-json\/wp\/v2\/product_tag?post=597973"}],"curies":[{"name":"pracovn\u00fd list","href":"https:\/\/api.w.org\/{rel}","templated":true}]}}

Midi šaty s leopardím vzorom a rukávmi Pedra

<h3 style="text-align: center;">Midi šaty s leopardím vzorom a rukávmi Pedra</h3>
<p style="text-align: center;" data-start="76" data-end="312">Tieto výrazné midi šaty s módnou leopardou potlačou sú ideálne pre ženy, ktoré rady vynikajú štýlom a vyjadrujú svoje sebavedomie. Zvieracia potlač dodáva šatám charakter a zároveň je v súlade s najnovšími módnymi trendmi. Šaty majú hlboký výstrih do V, ktorý krásne zvýrazňuje krk a dekolt a dodáva siluete nádych ľahkosti. Dlhé rukávy s jemným rozšírením dodávajú šatám eleganciu a jemný, romantický nádych. Midi dĺžka v kombinácii s ženským rozparkom na nohavici robí šaty neuveriteľne zmyselnými, no zároveň pohodlnými a ideálnymi na mnoho príležitostí. Ak sa neviete rozhodnúť, ktorú farbu si vybrať, <strong>veľkosť</strong> je pre vás to najlepšie <strong>kontaktuj nás</strong> cez <a href="https://www.facebook.com/madelinefashionbutik" target="_blank" rel="noopener">Facebook</a> alebo <a href="https://madelinefashion.pl/sk/kontakt/">telefón</a>. Ak veľkosť nie je na stránke, kontaktujte nás.</p>
<h3 style="text-align: center;">Rozmery:</h3>
<p style="text-align: center;"><strong>Veľkosť S/36</strong></p>
<ul style="text-align: center;">
<li style="text-align: center;">Celková dĺžka: 143 cm<br />
Od podpazušia k podpazušiu: 43 cm</li>
<li style="text-align: center;">Boky: 49 cm</li>
<li style="text-align: center;">Pás: 37 cm<br />
Dĺžka rukáva od podpazušia: 48 cm<br />
Dĺžka rukáva od ramena: 65 cm</li>
<li>
<p style="text-align: center;"><strong>Veľkosť M/38</strong></p>
<ul>
<li style="text-align: center;">Celková dĺžka: 144 cm<br />
Od podpazušia k podpazušiu: 45 cm</li>
<li style="text-align: center;">Boky: 52 cm</li>
<li style="text-align: center;">Pás: 39 cm<br />
Dĺžka rukáva od podpazušia: 48 cm<br />
Dĺžka rukáva od ramena: 65 cm</li>
<li>
<p style="text-align: center;"><strong>Veľkosť L / 40</strong></p>
<ul>
<li style="text-align: center;">Celková dĺžka: 145 cm<br />
Od podpazušia k podpazušiu: 47 cm</li>
<li style="text-align: center;">Boky: 55 cm</li>
<li style="text-align: center;">Pás: 41 cm<br />
Dĺžka rukáva od podpazušia: 48 cm<br />
Dĺžka rukáva od ramena: 65 cm</li>
</ul>
</li>
</ul>
</li>
</ul>
<p style="text-align: center;">Rozmery sa môžu mierne líšiť od uvedených +/- 2cm. Všetky uvedené rozmery sú merané plošne. <strong>rozmer x2</strong></p>
<div class="additional-details" style="text-align: center;">
<p style="text-align: center;">(šaty sa dajú skrátiť podľa vlastnej chuti)</p>
</div>
<p style="text-align: center;"><span style="font-size: 10pt;">Šaty sú dostupné aj v iných farbách - odporúčame vám zoznámiť sa s našimi ďalšími produktmi.</span></p>
<p style="text-align: center;"><span style="font-size: 10pt;">Rozmery sa môžu mierne líšiť od uvedených +/- 2cm. </span></p>
<p style="text-align: center;"><span style="font-size: 10pt;"><strong> </strong> </span></p>
<table width="620">
<tbody>
<tr>
<td width="302">Meno modela</td>
<td width="302">Midi šaty s leopardím vzorom a rukávmi Pedra</td>
</tr>
<tr>
<td width="302">Farba</td>
<td width="302">Hnedá</td>
</tr>
<tr>
<td width="302">Téma</td>
<td width="302">Panter</td>
</tr>
<tr>
<td width="302">veľkosti</td>
<td width="302">36 38 40</td>
</tr>
<tr>
<td width="302">Móda</td>
<td width="302">Vzplanul</td>
</tr>
<tr>
<td width="302">Materiál</td>
<td width="302">Viskóza, Polyester</td>
</tr>
<tr>
<td width="302">Dĺžka</td>
<td width="302">midi</td>
</tr>
</tbody>
</table>
<p style="text-align: center;"><span style="font-size: 10pt;"> </span></p>
<p style="text-align: center;"><span style="font-size: 10pt;">Aby ste si vybrali <strong>perfektné šaty</strong> kontaktujte nás telefonicky alebo prostredníctvom našej webovej stránky <a href="https://www.facebook.com/madelinefashionbutik" target="_blank" rel="noopener">Facebook</a> .</span><br />
<span style="font-size: 10pt;">Náš tím vám pomôže <strong>Vyberte si ten správny</strong> . <strong>Na želanie kupujúceho vyrobíme akékoľvek šaty </strong><strong>opatrne merať. </strong></span></p>
<div class="additional-details" style="text-align: center;">
<p style="text-align: center;"><span style="font-size: 10pt;"> </span></p>
</div>

<p>Midi šaty Pedra s leopardím vzorom a rukávmi. Tieto výrazné midi šaty s módnym leopardím vzorom sú ideálne pre ženy, ktoré rady vyniknú štýlom a vyjadria svoje sebavedomie. Zvierací vzor dodáva outfitu charakter a zároveň je v súlade s najnovšími módnymi trendmi. Šaty majú hlboký výstrih do V, ktorý krásne zvýrazňuje krk a dekolt.,</p>
<div class="klb-readmore post-buttons"><a class="button black outline size-sm" href="https://madelinefashion.pl/sk/sukienka-midi-w-pantere-z-rekawem-pedra/">Čítať ďalej <i class="klbth-icon-right-arrow"></i></a></div>

pracovný list
