{"id":599069,"date":"2026-03-30T17:07:50","date_gmt":"2026-03-30T15:07:50","guid":{"rendered":"https:\/\/madelinefashion.pl\/?post_type=product&#038;p=599069"},"modified":"2026-04-20T17:51:38","modified_gmt":"2026-04-20T15:51:38","slug":"sukienka-maxi-gorsetowa-avani-blekitna","status":"publish","type":"product","link":"https:\/\/madelinefashion.pl\/sk\/sukienka-maxi-gorsetowa-avani-blekitna\/","title":{"rendered":"Modr\u00e9 korzetov\u00e9 maxi \u0161aty Avani"},"content":{"rendered":"<h3 style=\"text-align: center;\">Modr\u00e9 korzetov\u00e9 maxi \u0161aty Avani<\/h3>\n<p style=\"text-align: center;\" data-start=\"73\" data-end=\"371\"><strong data-start=\"73\" data-end=\"136\">Fenomen\u00e1lne, pln\u00e9 noblesy a jemn\u00e9ho \u0161armu \u2013 \u0161aty Avani<\/strong> Je to perfektn\u00e1 vo\u013eba pre \u017eeny, ktor\u00e9 sn\u00edvaj\u00fa o modernej elegancii s romantick\u00fdm n\u00e1dychom. Tento jedine\u010dn\u00fd, priliehav\u00fd strih kr\u00e1sne zv\u00fdraz\u0148uje siluetu a zd\u00f4raz\u0148uje \u017eensk\u00e9 krivky, \u010d\u00edm cel\u00e9mu k\u00fasku dod\u00e1va skuto\u010dne \u017eensk\u00fd n\u00e1dych. Korzetov\u00fd vrch je zdoben\u00fd jemnou \u010dipkou, ktor\u00e1 dod\u00e1va k\u00fasku \u013eahkosti, elegancie a jemn\u00e9ho lesku. Predn\u00e9 ko\u0161\u00ed\u010dky zais\u0165uj\u00fa pohodlie a eliminuj\u00fa potrebu podprsenky. <strong>Avani Model<\/strong> je k dispoz\u00edcii vo ve\u013ekostiach <strong data-start=\"639\" data-end=\"654\">36, 38 a 40<\/strong>. Toto je vynikaj\u00faca mo\u017enos\u0165 pre <strong data-start=\"683\" data-end=\"750\">svadba, stu\u017ekov\u00e1, Silvester a in\u00e9 elegantn\u00e9 oslavy<\/strong>. \u0160aty s\u00fa v na\u0161om internetovom obchode dostupn\u00e9 v nieko\u013ek\u00fdch farebn\u00fdch variantoch, tak\u017ee si m\u00f4\u017eete \u013eahko vybra\u0165 t\u00fa spr\u00e1vnu verziu pre v\u00e1s. Ak si nie ste ist\u00ed, ktor\u00e1 farba alebo ve\u013ekos\u0165 je pre v\u00e1s najlep\u0161ia, kontaktujte n\u00e1s prostredn\u00edctvom <strong data-start=\"980\" data-end=\"993\">Facebook<\/strong> alebo telefonicky \u2013 radi v\u00e1m pom\u00f4\u017eeme. Ak va\u0161a ve\u013ekos\u0165 nie je na webovej str\u00e1nke dostupn\u00e1, kontaktujte n\u00e1s.<\/p>\n<p>&nbsp;<\/p>\n<h3 style=\"text-align: center;\">ROZMERY \u0161iat:<\/h3>\n<table width=\"556\">\n<tbody>\n<tr>\n<td><strong>VE\u013dKOS\u0164<\/strong><\/td>\n<td><strong>poprsia<\/strong><\/td>\n<td><strong>P\u00e1s<\/strong><\/td>\n<td><strong>Boky<\/strong><\/td>\n<\/tr>\n<tr>\n<td><strong>34<\/strong><\/td>\n<td>84-86<\/td>\n<td>64-68<\/td>\n<td>\u00a082-90<\/td>\n<\/tr>\n<tr>\n<td><strong>36<\/strong><\/td>\n<td>88-90<\/td>\n<td>68-72<\/td>\n<td>\u00a086-92<\/td>\n<\/tr>\n<tr>\n<td><strong>38<\/strong><\/td>\n<td>92-94<\/td>\n<td>72-76<\/td>\n<td>\u00a090-96<\/td>\n<\/tr>\n<tr>\n<td><strong>40<\/strong><\/td>\n<td>96-98<\/td>\n<td>76-80<\/td>\n<td>\u00a094-106<\/td>\n<\/tr>\n<\/tbody>\n<\/table>\n<p style=\"text-align: center;\"><span style=\"font-size: 10pt;\">celkov\u00e1 d\u013a\u017eka cca 157 cm<\/span>\u00a0(\u0161aty sa daj\u00fa skr\u00e1ti\u0165 pod\u013ea vlastnej chuti)<\/p>\n<p style=\"text-align: center;\"><span style=\"font-size: 10pt;\">\u0160aty s\u00fa dostupn\u00e9 aj v in\u00fdch farb\u00e1ch - odpor\u00fa\u010dame v\u00e1m zozn\u00e1mi\u0165 sa s na\u0161imi \u010fal\u0161\u00edmi produktmi.<\/span><\/p>\n<p style=\"text-align: center;\"><span style=\"font-size: 10pt;\">Rozmery sa m\u00f4\u017eu mierne l\u00ed\u0161i\u0165 od uveden\u00fdch +\/- 2cm.\u00a0<\/span><\/p>\n<p style=\"text-align: center;\"><span style=\"font-size: 10pt;\"><strong>\u00a0<\/strong>\u00a0<\/span><\/p>\n<table width=\"620\">\n<tbody>\n<tr>\n<td width=\"302\">Meno modela<\/td>\n<td width=\"302\">Maxi \u0161aty Avani s korzetom<\/td>\n<\/tr>\n<tr>\n<td width=\"302\">Farba<\/td>\n<td width=\"302\">Modr\u00e1<\/td>\n<\/tr>\n<tr>\n<td width=\"302\">Vystrihn\u00fa\u0165<\/td>\n<td width=\"302\">\u00c1no<\/td>\n<\/tr>\n<tr>\n<td width=\"302\">ve\u013ekosti<\/td>\n<td width=\"302\">36 38 40<\/td>\n<\/tr>\n<tr>\n<td width=\"302\">M\u00f3da<\/td>\n<td width=\"302\">Zhoda<\/td>\n<\/tr>\n<tr>\n<td width=\"302\">Materi\u00e1l<\/td>\n<td width=\"302\">Visk\u00f3za, polyester, bavlna<\/td>\n<\/tr>\n<tr>\n<td width=\"302\">D\u013a\u017eka<\/td>\n<td width=\"302\">Na zem<\/td>\n<\/tr>\n<\/tbody>\n<\/table>\n<p style=\"text-align: center;\"><span style=\"font-size: 10pt;\">\u00a0<\/span><\/p>\n<p>&nbsp;<\/p>\n<p style=\"text-align: center;\"><span style=\"font-size: 10pt;\">Aby ste si vybrali <strong>perfektn\u00e9 \u0161aty<\/strong> kontaktujte n\u00e1s telefonicky alebo prostredn\u00edctvom na\u0161ej webovej str\u00e1nky <a href=\"https:\/\/www.facebook.com\/madelinefashionbutik\" target=\"_blank\" rel=\"noopener\">Facebook<\/a> .<\/span><br \/>\n<span style=\"font-size: 10pt;\">N\u00e1\u0161 t\u00edm v\u00e1m pom\u00f4\u017ee <strong>Vyberte si ten spr\u00e1vny<\/strong> . <strong>Na \u017eelanie kupuj\u00faceho vyrob\u00edme ak\u00e9ko\u013evek \u0161aty\u00a0<\/strong><strong>opatrne mera\u0165.\u00a0<\/strong><\/span><\/p>\n<div class=\"additional-details\" style=\"text-align: center;\">\n<p style=\"text-align: center;\"><span style=\"font-size: 10pt;\">\u00a0<\/span><\/p>\n<\/div>","protected":false},"excerpt":{"rendered":"<p>Modr\u00e9 maxi korzetov\u00e9 \u0161aty Avani. Ohromuj\u00face, pln\u00e9 noblesy a jemn\u00e9ho \u0161armu, \u0161aty Avani s\u00fa perfektnou vo\u013ebou pre \u017eeny, ktor\u00e9 sn\u00edvaj\u00fa o modernej elegancii s romantick\u00fdm n\u00e1dychom. Tento jedine\u010dn\u00fd, priliehav\u00fd strih kr\u00e1sne zv\u00fdraz\u0148uje siluetu a zd\u00f4raz\u0148uje \u017eensk\u00e9 krivky, \u010d\u00edm dod\u00e1va cel\u00e9mu k\u00fasku skuto\u010dne \u017eensk\u00fd n\u00e1dych. Korzetov\u00fd \u017eiv\u00f4tik je ozdoben\u00fd jemnou \u010dipkou, ktor\u00e1 dod\u00e1va outfitu n\u00e1dych \u013eahkosti.,<\/p>\n<div class=\"klb-readmore post-buttons\"><a class=\"button black outline size-sm\" href=\"https:\/\/madelinefashion.pl\/sk\/sukienka-maxi-gorsetowa-avani-blekitna\/\">\u010c\u00edta\u0165 \u010falej <i class=\"klbth-icon-right-arrow\"><\/i><\/a><\/div>","protected":false},"featured_media":599067,"template":"","meta":[],"product_brand":[],"product_cat":[124,395,569,563],"product_tag":[730,163],"class_list":{"0":"post-599069","1":"product","2":"type-product","3":"status-publish","4":"has-post-thumbnail","6":"product_cat-sukienki-okolicznosciowe","7":"product_cat-nowosci","8":"product_cat-sukienki-dopasowane","9":"product_cat-sukienki-gorsetowe","10":"product_tag-sukienki-blekitne","11":"product_tag-sukienki-dlugie","13":"first","14":"instock","15":"purchasable","16":"product-type-variable"},"_links":{"self":[{"href":"https:\/\/madelinefashion.pl\/sk\/wp-json\/wp\/v2\/product\/599069","targetHints":{"allow":["GET"]}}],"collection":[{"href":"https:\/\/madelinefashion.pl\/sk\/wp-json\/wp\/v2\/product"}],"about":[{"href":"https:\/\/madelinefashion.pl\/sk\/wp-json\/wp\/v2\/types\/product"}],"wp:featuredmedia":[{"embeddable":true,"href":"https:\/\/madelinefashion.pl\/sk\/wp-json\/wp\/v2\/media\/599067"}],"wp:attachment":[{"href":"https:\/\/madelinefashion.pl\/sk\/wp-json\/wp\/v2\/media?parent=599069"}],"wp:term":[{"taxonomy":"product_brand","embeddable":true,"href":"https:\/\/madelinefashion.pl\/sk\/wp-json\/wp\/v2\/product_brand?post=599069"},{"taxonomy":"product_cat","embeddable":true,"href":"https:\/\/madelinefashion.pl\/sk\/wp-json\/wp\/v2\/product_cat?post=599069"},{"taxonomy":"product_tag","embeddable":true,"href":"https:\/\/madelinefashion.pl\/sk\/wp-json\/wp\/v2\/product_tag?post=599069"}],"curies":[{"name":"pracovn\u00fd list","href":"https:\/\/api.w.org\/{rel}","templated":true}]}}

Modré korzetové maxi šaty Avani

<h3 style="text-align: center;">Modré korzetové maxi šaty Avani</h3>
<p style="text-align: center;" data-start="73" data-end="371"><strong data-start="73" data-end="136">Fenomenálne, plné noblesy a jemného šarmu – šaty Avani</strong> Je to perfektná voľba pre ženy, ktoré snívajú o modernej elegancii s romantickým nádychom. Tento jedinečný, priliehavý strih krásne zvýrazňuje siluetu a zdôrazňuje ženské krivky, čím celému kúsku dodáva skutočne ženský nádych. Korzetový vrch je zdobený jemnou čipkou, ktorá dodáva kúsku ľahkosti, elegancie a jemného lesku. Predné košíčky zaisťujú pohodlie a eliminujú potrebu podprsenky. <strong>Avani Model</strong> je k dispozícii vo veľkostiach <strong data-start="639" data-end="654">36, 38 a 40</strong>. Toto je vynikajúca možnosť pre <strong data-start="683" data-end="750">svadba, stužková, Silvester a iné elegantné oslavy</strong>. Šaty sú v našom internetovom obchode dostupné v niekoľkých farebných variantoch, takže si môžete ľahko vybrať tú správnu verziu pre vás. Ak si nie ste istí, ktorá farba alebo veľkosť je pre vás najlepšia, kontaktujte nás prostredníctvom <strong data-start="980" data-end="993">Facebook</strong> alebo telefonicky – radi vám pomôžeme. Ak vaša veľkosť nie je na webovej stránke dostupná, kontaktujte nás.</p>
<p>&nbsp;</p>
<h3 style="text-align: center;">ROZMERY šiat:</h3>
<table width="556">
<tbody>
<tr>
<td><strong>VEĽKOSŤ</strong></td>
<td><strong>poprsia</strong></td>
<td><strong>Pás</strong></td>
<td><strong>Boky</strong></td>
</tr>
<tr>
<td><strong>34</strong></td>
<td>84-86</td>
<td>64-68</td>
<td> 82-90</td>
</tr>
<tr>
<td><strong>36</strong></td>
<td>88-90</td>
<td>68-72</td>
<td> 86-92</td>
</tr>
<tr>
<td><strong>38</strong></td>
<td>92-94</td>
<td>72-76</td>
<td> 90-96</td>
</tr>
<tr>
<td><strong>40</strong></td>
<td>96-98</td>
<td>76-80</td>
<td> 94-106</td>
</tr>
</tbody>
</table>
<p style="text-align: center;"><span style="font-size: 10pt;">celková dĺžka cca 157 cm</span> (šaty sa dajú skrátiť podľa vlastnej chuti)</p>
<p style="text-align: center;"><span style="font-size: 10pt;">Šaty sú dostupné aj v iných farbách - odporúčame vám zoznámiť sa s našimi ďalšími produktmi.</span></p>
<p style="text-align: center;"><span style="font-size: 10pt;">Rozmery sa môžu mierne líšiť od uvedených +/- 2cm. </span></p>
<p style="text-align: center;"><span style="font-size: 10pt;"><strong> </strong> </span></p>
<table width="620">
<tbody>
<tr>
<td width="302">Meno modela</td>
<td width="302">Maxi šaty Avani s korzetom</td>
</tr>
<tr>
<td width="302">Farba</td>
<td width="302">Modrá</td>
</tr>
<tr>
<td width="302">Vystrihnúť</td>
<td width="302">Áno</td>
</tr>
<tr>
<td width="302">veľkosti</td>
<td width="302">36 38 40</td>
</tr>
<tr>
<td width="302">Móda</td>
<td width="302">Zhoda</td>
</tr>
<tr>
<td width="302">Materiál</td>
<td width="302">Viskóza, polyester, bavlna</td>
</tr>
<tr>
<td width="302">Dĺžka</td>
<td width="302">Na zem</td>
</tr>
</tbody>
</table>
<p style="text-align: center;"><span style="font-size: 10pt;"> </span></p>
<p>&nbsp;</p>
<p style="text-align: center;"><span style="font-size: 10pt;">Aby ste si vybrali <strong>perfektné šaty</strong> kontaktujte nás telefonicky alebo prostredníctvom našej webovej stránky <a href="https://www.facebook.com/madelinefashionbutik" target="_blank" rel="noopener">Facebook</a> .</span><br />
<span style="font-size: 10pt;">Náš tím vám pomôže <strong>Vyberte si ten správny</strong> . <strong>Na želanie kupujúceho vyrobíme akékoľvek šaty </strong><strong>opatrne merať. </strong></span></p>
<div class="additional-details" style="text-align: center;">
<p style="text-align: center;"><span style="font-size: 10pt;"> </span></p>
</div>

<p>Modré maxi korzetové šaty Avani. Ohromujúce, plné noblesy a jemného šarmu, šaty Avani sú perfektnou voľbou pre ženy, ktoré snívajú o modernej elegancii s romantickým nádychom. Tento jedinečný, priliehavý strih krásne zvýrazňuje siluetu a zdôrazňuje ženské krivky, čím dodáva celému kúsku skutočne ženský nádych. Korzetový živôtik je ozdobený jemnou čipkou, ktorá dodáva outfitu nádych ľahkosti.,</p>
<div class="klb-readmore post-buttons"><a class="button black outline size-sm" href="https://madelinefashion.pl/sk/sukienka-maxi-gorsetowa-avani-blekitna/">Čítať ďalej <i class="klbth-icon-right-arrow"></i></a></div>

pracovný list
