{"id":599076,"date":"2026-03-30T17:14:52","date_gmt":"2026-03-30T15:14:52","guid":{"rendered":"https:\/\/madelinefashion.pl\/?post_type=product&#038;p=599076"},"modified":"2026-04-28T14:39:17","modified_gmt":"2026-04-28T12:39:17","slug":"sukienka-z-rekawkiem-oria-pudrowy-roz","status":"publish","type":"product","link":"https:\/\/madelinefashion.pl\/sk\/sukienka-z-rekawkiem-oria-pudrowy-roz\/","title":{"rendered":"Ru\u017eov\u00e9 \u0161aty s ruk\u00e1vmi Oria"},"content":{"rendered":"<h3 style=\"text-align: center;\">Ru\u017eov\u00e9 \u0161aty s ruk\u00e1vmi Oria<\/h3>\n<p style=\"text-align: center;\">Tieto \u00fa\u017easn\u00e9 dlh\u00e9 \u0161aty s\u00fa ide\u00e1lne na \u0161peci\u00e1lne pr\u00edle\u017eitosti \u2013 svadby, plesy, galave\u010dery alebo elegantn\u00e9 recepcie. S\u00fa vyroben\u00e9 z \u013eahkej, kr\u00e1sne spl\u00fdvavej l\u00e1tky, dokonale lichotia postave a z\u00e1rove\u0148 zais\u0165uj\u00fa pohodlie. \u017div\u00f4tik m\u00e1 \u017eensk\u00fd v\u00fdstrih do V, ktor\u00fd opticky zo\u0161t\u00edh\u013euje krk a jemne zv\u00fdraz\u0148uje dekolt. Jemne nariasen\u00fd p\u00e1s kr\u00e1sne tvaruje postavu, zatia\u013e \u010do dlh\u00e9, spl\u00fdvav\u00e9 ruk\u00e1vy dod\u00e1vaj\u00fa n\u00e1dych noblesy a \u013eahkosti. Lem je pod\u0161it\u00fd spl\u00fdvavou pod\u0161\u00edvkou. \u0160aty Ak sa neviete rozhodn\u00fa\u0165, ktor\u00fa farbu si vybra\u0165, <strong>ve\u013ekos\u0165<\/strong> je pre v\u00e1s to najlep\u0161ie <strong>kontaktuj n\u00e1s<\/strong> cez <a href=\"https:\/\/www.facebook.com\/madelinefashionbutik\" target=\"_blank\" rel=\"noopener\">Facebook<\/a> alebo <a href=\"https:\/\/madelinefashion.pl\/sk\/kontakt\/\">telef\u00f3n<\/a>. Ak ve\u013ekos\u0165 nie je na str\u00e1nke, kontaktujte n\u00e1s.<\/p>\n<h3 style=\"text-align: center;\">ROZMERY \u0161iat:<\/h3>\n<div class=\"additional-details\" style=\"text-align: center;\">\n<table width=\"512\">\n<tbody>\n<tr>\n<td><strong>VE\u013dKOS\u0164<\/strong><\/td>\n<td><strong>poprsia<\/strong><\/td>\n<td><strong>P\u00e1s<\/strong><\/td>\n<td width=\"86\"><strong>Boky<\/strong><\/td>\n<\/tr>\n<tr>\n<td><strong>34<\/strong><\/td>\n<td>84-86<\/td>\n<td>64<\/td>\n<td width=\"86\">\u00a0ak\u00fdko\u013evek<\/td>\n<\/tr>\n<tr>\n<td><strong>36<\/strong><\/td>\n<td>88-90<\/td>\n<td>68<\/td>\n<td width=\"86\">\u00a0ak\u00fdko\u013evek<\/td>\n<\/tr>\n<tr>\n<td><strong>38<\/strong><\/td>\n<td>92-94<\/td>\n<td>72<\/td>\n<td width=\"86\">\u00a0ak\u00fdko\u013evek<\/td>\n<\/tr>\n<tr>\n<td><strong>40<\/strong><\/td>\n<td>96-98<\/td>\n<td>76<\/td>\n<td width=\"86\">\u00a0ak\u00fdko\u013evek<\/td>\n<\/tr>\n<\/tbody>\n<\/table>\n<\/div>\n<p style=\"text-align: center;\"><span style=\"font-size: 10pt;\">celkov\u00e1 d\u013a\u017eka cca 157 cm <\/span>(\u0161aty sa daj\u00fa skr\u00e1ti\u0165 pod\u013ea vlastnej chuti)<\/p>\n<p style=\"text-align: center;\"><span style=\"font-size: 10pt;\">\u0160aty s\u00fa dostupn\u00e9 aj v in\u00fdch farb\u00e1ch - odpor\u00fa\u010dame v\u00e1m zozn\u00e1mi\u0165 sa s na\u0161imi \u010fal\u0161\u00edmi produktmi.<\/span><\/p>\n<p style=\"text-align: center;\"><span style=\"font-size: 10pt;\">Rozmery sa m\u00f4\u017eu mierne l\u00ed\u0161i\u0165 od uveden\u00fdch +\/- 2cm.\u00a0<\/span><\/p>\n<p style=\"text-align: center;\"><span style=\"font-size: 10pt;\"><strong>\u00a0<\/strong>\u00a0<\/span><\/p>\n<table width=\"620\">\n<tbody>\n<tr>\n<td width=\"302\">Meno modela<\/td>\n<td width=\"302\">Ru\u017eov\u00e9 \u0161aty s ruk\u00e1vmi Oria<\/td>\n<\/tr>\n<tr>\n<td width=\"302\">Farba<\/td>\n<td width=\"302\">Ru\u017eov\u00e1<\/td>\n<\/tr>\n<tr>\n<td width=\"302\">Ruk\u00e1v<\/td>\n<td width=\"302\">\u00c1no<\/td>\n<\/tr>\n<tr>\n<td width=\"302\">ve\u013ekosti<\/td>\n<td width=\"302\">34 36 38 40<\/td>\n<\/tr>\n<tr>\n<td width=\"302\">M\u00f3da<\/td>\n<td width=\"302\">Vzplanul<\/td>\n<\/tr>\n<tr>\n<td width=\"302\">Materi\u00e1l<\/td>\n<td width=\"302\">Visk\u00f3za, Polyester<\/td>\n<\/tr>\n<tr>\n<td width=\"302\">D\u013a\u017eka<\/td>\n<td width=\"302\">Na zem<\/td>\n<\/tr>\n<\/tbody>\n<\/table>\n<p style=\"text-align: center;\"><span style=\"font-size: 10pt;\">\u00a0<\/span><\/p>\n<p style=\"text-align: center;\"><span style=\"font-size: 10pt;\">Aby ste si vybrali <strong>perfektn\u00e9 \u0161aty<\/strong> kontaktujte n\u00e1s telefonicky alebo prostredn\u00edctvom na\u0161ej webovej str\u00e1nky <a href=\"https:\/\/www.facebook.com\/madelinefashionbutik\" target=\"_blank\" rel=\"noopener\">Facebook<\/a> .<\/span><br \/>\n<span style=\"font-size: 10pt;\">N\u00e1\u0161 t\u00edm v\u00e1m pom\u00f4\u017ee <strong>Vyberte si ten spr\u00e1vny<\/strong> . <strong>Na \u017eelanie kupuj\u00faceho vyrob\u00edme ak\u00e9ko\u013evek \u0161aty\u00a0<\/strong><strong>opatrne mera\u0165.\u00a0<\/strong><\/span><\/p>\n<div class=\"additional-details\" style=\"text-align: center;\">\n<p style=\"text-align: center;\"><span style=\"font-size: 10pt;\">\u00a0<\/span><\/p>\n<\/div>","protected":false},"excerpt":{"rendered":"<p>Sukienka z R\u0119kawkiem Oria Pudrowy R\u00f3\u017c Zachwycaj\u0105ca d\u0142uga sukienka to idealna propozycja na wyj\u0105tkowe okazje \u2013 wesela, bale, gale czy eleganckie przyj\u0119cia. Model wykonany z lekkiego, pi\u0119knie uk\u0142adaj\u0105cego si\u0119 materia\u0142u, kt\u00f3ry doskonale podkre\u015bla sylwetk\u0119, jednocze\u015bnie zapewniaj\u0105c komfort noszenia.G\u00f3ra sukienki ma kobiecy dekolt w liter\u0119 V, kt\u00f3ry optycznie wysmukla szyj\u0119 i subtelnie eksponuje dekolt. Delikatnie marszczona<\/p>\n<div class=\"klb-readmore post-buttons\"><a class=\"button black outline size-sm\" href=\"https:\/\/madelinefashion.pl\/sk\/sukienka-z-rekawkiem-oria-pudrowy-roz\/\">\u010c\u00edta\u0165 \u010falej <i class=\"klbth-icon-right-arrow\"><\/i><\/a><\/div>","protected":false},"featured_media":599085,"template":"","meta":[],"product_brand":[],"product_cat":[124,568],"product_tag":[163,215],"class_list":{"0":"post-599076","1":"product","2":"type-product","3":"status-publish","4":"has-post-thumbnail","6":"product_cat-sukienki-okolicznosciowe","7":"product_cat-sukienki-rozkloszowane-szyfonowe","8":"product_tag-sukienki-dlugie","9":"product_tag-sukienki-rozowe","11":"first","12":"instock","13":"product-type-variable"},"_links":{"self":[{"href":"https:\/\/madelinefashion.pl\/sk\/wp-json\/wp\/v2\/product\/599076","targetHints":{"allow":["GET"]}}],"collection":[{"href":"https:\/\/madelinefashion.pl\/sk\/wp-json\/wp\/v2\/product"}],"about":[{"href":"https:\/\/madelinefashion.pl\/sk\/wp-json\/wp\/v2\/types\/product"}],"wp:featuredmedia":[{"embeddable":true,"href":"https:\/\/madelinefashion.pl\/sk\/wp-json\/wp\/v2\/media\/599085"}],"wp:attachment":[{"href":"https:\/\/madelinefashion.pl\/sk\/wp-json\/wp\/v2\/media?parent=599076"}],"wp:term":[{"taxonomy":"product_brand","embeddable":true,"href":"https:\/\/madelinefashion.pl\/sk\/wp-json\/wp\/v2\/product_brand?post=599076"},{"taxonomy":"product_cat","embeddable":true,"href":"https:\/\/madelinefashion.pl\/sk\/wp-json\/wp\/v2\/product_cat?post=599076"},{"taxonomy":"product_tag","embeddable":true,"href":"https:\/\/madelinefashion.pl\/sk\/wp-json\/wp\/v2\/product_tag?post=599076"}],"curies":[{"name":"pracovn\u00fd list","href":"https:\/\/api.w.org\/{rel}","templated":true}]}}

Ružové šaty s rukávmi Oria

<h3 style="text-align: center;">Ružové šaty s rukávmi Oria</h3>
<p style="text-align: center;">Tieto úžasné dlhé šaty sú ideálne na špeciálne príležitosti – svadby, plesy, galavečery alebo elegantné recepcie. Sú vyrobené z ľahkej, krásne splývavej látky, dokonale lichotia postave a zároveň zaisťujú pohodlie. Živôtik má ženský výstrih do V, ktorý opticky zoštíhľuje krk a jemne zvýrazňuje dekolt. Jemne nariasený pás krásne tvaruje postavu, zatiaľ čo dlhé, splývavé rukávy dodávajú nádych noblesy a ľahkosti. Lem je podšitý splývavou podšívkou. Šaty Ak sa neviete rozhodnúť, ktorú farbu si vybrať, <strong>veľkosť</strong> je pre vás to najlepšie <strong>kontaktuj nás</strong> cez <a href="https://www.facebook.com/madelinefashionbutik" target="_blank" rel="noopener">Facebook</a> alebo <a href="https://madelinefashion.pl/sk/kontakt/">telefón</a>. Ak veľkosť nie je na stránke, kontaktujte nás.</p>
<h3 style="text-align: center;">ROZMERY šiat:</h3>
<div class="additional-details" style="text-align: center;">
<table width="512">
<tbody>
<tr>
<td><strong>VEĽKOSŤ</strong></td>
<td><strong>poprsia</strong></td>
<td><strong>Pás</strong></td>
<td width="86"><strong>Boky</strong></td>
</tr>
<tr>
<td><strong>34</strong></td>
<td>84-86</td>
<td>64</td>
<td width="86"> akýkoľvek</td>
</tr>
<tr>
<td><strong>36</strong></td>
<td>88-90</td>
<td>68</td>
<td width="86"> akýkoľvek</td>
</tr>
<tr>
<td><strong>38</strong></td>
<td>92-94</td>
<td>72</td>
<td width="86"> akýkoľvek</td>
</tr>
<tr>
<td><strong>40</strong></td>
<td>96-98</td>
<td>76</td>
<td width="86"> akýkoľvek</td>
</tr>
</tbody>
</table>
</div>
<p style="text-align: center;"><span style="font-size: 10pt;">celková dĺžka cca 157 cm </span>(šaty sa dajú skrátiť podľa vlastnej chuti)</p>
<p style="text-align: center;"><span style="font-size: 10pt;">Šaty sú dostupné aj v iných farbách - odporúčame vám zoznámiť sa s našimi ďalšími produktmi.</span></p>
<p style="text-align: center;"><span style="font-size: 10pt;">Rozmery sa môžu mierne líšiť od uvedených +/- 2cm. </span></p>
<p style="text-align: center;"><span style="font-size: 10pt;"><strong> </strong> </span></p>
<table width="620">
<tbody>
<tr>
<td width="302">Meno modela</td>
<td width="302">Ružové šaty s rukávmi Oria</td>
</tr>
<tr>
<td width="302">Farba</td>
<td width="302">Ružová</td>
</tr>
<tr>
<td width="302">Rukáv</td>
<td width="302">Áno</td>
</tr>
<tr>
<td width="302">veľkosti</td>
<td width="302">34 36 38 40</td>
</tr>
<tr>
<td width="302">Móda</td>
<td width="302">Vzplanul</td>
</tr>
<tr>
<td width="302">Materiál</td>
<td width="302">Viskóza, Polyester</td>
</tr>
<tr>
<td width="302">Dĺžka</td>
<td width="302">Na zem</td>
</tr>
</tbody>
</table>
<p style="text-align: center;"><span style="font-size: 10pt;"> </span></p>
<p style="text-align: center;"><span style="font-size: 10pt;">Aby ste si vybrali <strong>perfektné šaty</strong> kontaktujte nás telefonicky alebo prostredníctvom našej webovej stránky <a href="https://www.facebook.com/madelinefashionbutik" target="_blank" rel="noopener">Facebook</a> .</span><br />
<span style="font-size: 10pt;">Náš tím vám pomôže <strong>Vyberte si ten správny</strong> . <strong>Na želanie kupujúceho vyrobíme akékoľvek šaty </strong><strong>opatrne merať. </strong></span></p>
<div class="additional-details" style="text-align: center;">
<p style="text-align: center;"><span style="font-size: 10pt;"> </span></p>
</div>

<p>Sukienka z Rękawkiem Oria Pudrowy Róż Zachwycająca długa sukienka to idealna propozycja na wyjątkowe okazje – wesela, bale, gale czy eleganckie przyjęcia. Model wykonany z lekkiego, pięknie układającego się materiału, który doskonale podkreśla sylwetkę, jednocześnie zapewniając komfort noszenia.Góra sukienki ma kobiecy dekolt w literę V, który optycznie wysmukla szyję i subtelnie eksponuje dekolt. Delikatnie marszczona</p>
<div class="klb-readmore post-buttons"><a class="button black outline size-sm" href="https://madelinefashion.pl/sk/sukienka-z-rekawkiem-oria-pudrowy-roz/">Čítať ďalej <i class="klbth-icon-right-arrow"></i></a></div>

pracovný list
