{"id":599300,"date":"2026-03-31T12:56:06","date_gmt":"2026-03-31T10:56:06","guid":{"rendered":"https:\/\/madelinefashion.pl\/?post_type=product&#038;p=599300"},"modified":"2026-04-24T16:40:30","modified_gmt":"2026-04-24T14:40:30","slug":"sukienka-asymetryczna-tiulowa-fayola-ecru","status":"publish","type":"product","link":"https:\/\/madelinefashion.pl\/sk\/sukienka-asymetryczna-tiulowa-fayola-ecru\/","title":{"rendered":"Asymetrick\u00e9 tylov\u00e9 \u0161aty Fayola Ecru"},"content":{"rendered":"<h3 style=\"text-align: center;\">Asymetrick\u00e9 tylov\u00e9 \u0161aty Fayola Ecru<\/h3>\n<p class=\"isSelectedEnd\" style=\"text-align: center;\">Ohromuj\u00face tylov\u00e9 \u0161aty so \u0161panielskym strihom, ktor\u00e9 kombinuj\u00fa romantiku a modern\u00fa eleganciu. Strih bez ramienok kr\u00e1sne zv\u00fdraz\u0148uje ramen\u00e1 a v\u00fdstrih, \u010d\u00edm dod\u00e1va vzh\u013eadu jemn\u00fa \u017eenskos\u0165. Kr\u00e1tka predn\u00e1 \u010das\u0165 zv\u00fdraz\u0148uje nohy a dod\u00e1va n\u00e1dych \u013eahkosti, zatia\u013e \u010do dlh\u00e1, v\u00fdrazn\u00e1 zadn\u00e1 \u010das\u0165, vyroben\u00e1 z vrstiev tylu, vytv\u00e1ra ve\u013ekolep\u00fa, spl\u00fdvav\u00fa vle\u010dku, ktor\u00e1 p\u00fata pozornos\u0165 na ka\u017edom kroku. \u0160aty s\u00fa vyroben\u00e9 z jemn\u00e9ho, kvalitn\u00e9ho tylu, ktor\u00fd cel\u00e9mu vzh\u013eadu dod\u00e1va \u013eahkos\u0165 a objem. Ide\u00e1lne na \u0161peci\u00e1lne pr\u00edle\u017eitosti \u2013 svadby, stu\u017ekov\u00e9, plesy alebo elegantn\u00e9 ve\u010dierky. Toto je n\u00e1vrh pre \u017eeny, ktor\u00e9 chc\u00fa vynikn\u00fa\u0165 \u0161t\u00fdlom a c\u00edti\u0165 sa skuto\u010dne v\u00fdnimo\u010dne. Dostupn\u00e9 vo ve\u013ekostiach S, M, L. Na\u0161e \u0161aty s\u00fa perfektnou vo\u013ebou na svadby, stu\u017ekov\u00e9, Silvester a in\u00e9 elegantn\u00e9 \u0161peci\u00e1lne pr\u00edle\u017eitosti. V na\u0161om internetovom obchode s\u00fa k dispoz\u00edcii v nieko\u013ek\u00fdch farebn\u00fdch variantoch, tak\u017ee nev\u00e1hajte a vyberte si t\u00fa, ktor\u00e1 je pre v\u00e1s ide\u00e1lna. Ak sa neviete rozhodn\u00fa\u0165, ktor\u00e1 farba, <strong>ve\u013ekos\u0165<\/strong> je pre v\u00e1s to najlep\u0161ie <strong>kontaktuj n\u00e1s<\/strong> cez <a href=\"https:\/\/www.facebook.com\/madelinefashionbutik\" target=\"_blank\" rel=\"noopener\">Facebook<\/a> alebo <a href=\"https:\/\/madelinefashion.pl\/sk\/kontakt\/\">telef\u00f3n<\/a>. Ak ve\u013ekos\u0165 nie je na str\u00e1nke, kontaktujte n\u00e1s.<\/p>\n<h3 style=\"text-align: center;\">Rozmery \u0161iat<\/h3>\n<ul style=\"text-align: center;\">\n<li>\n<table width=\"556\">\n<tbody>\n<tr>\n<td><strong>VE\u013dKOS\u0164<\/strong><\/td>\n<td><strong>poprsia<\/strong><\/td>\n<td><strong>P\u00e1s<\/strong><\/td>\n<td><strong>Boky<\/strong><\/td>\n<\/tr>\n<tr>\n<td><strong>36<\/strong><\/td>\n<td>88-90<\/td>\n<td>68-72<\/td>\n<td>\u00a086-92<\/td>\n<\/tr>\n<tr>\n<td><strong>38<\/strong><\/td>\n<td>92-94<\/td>\n<td>72-76<\/td>\n<td>\u00a090-96<\/td>\n<\/tr>\n<tr>\n<td><strong>40<\/strong><\/td>\n<td>96-98<\/td>\n<td>76-80<\/td>\n<td>\u00a094-106<\/td>\n<\/tr>\n<\/tbody>\n<\/table>\n<\/li>\n<\/ul>\n<p style=\"text-align: center;\">Celkov\u00e1 d\u013a\u017eka<\/p>\n<p style=\"text-align: center;\"><strong>S \u2013 Predn\u00e9 \u2013 66, Zadn\u00e9 138<\/strong><\/p>\n<p style=\"text-align: center;\"><strong>M \u2013 Predn\u00e9 68, Zadn\u00e9 140<\/strong><\/p>\n<p style=\"text-align: center;\"><strong>\u013d \u2013 Predn\u00e9 70, Zadn\u00e9 \u2013 142<\/strong><\/p>\n<p style=\"text-align: center;\">Rozmery sa m\u00f4\u017eu mierne l\u00ed\u0161i\u0165 od uveden\u00fdch +\/- 2cm. V\u0161etky uveden\u00e9 rozmery s\u00fa meran\u00e9 plo\u0161ne. <strong>rozmer x2<\/strong><\/p>\n<p style=\"text-align: center;\"><strong>\u00a0<\/strong><\/p>\n<table style=\"height: 214px;\" width=\"548\">\n<tbody>\n<tr>\n<td width=\"302\">Meno modela<\/td>\n<td width=\"302\">Asymetrick\u00e9 tylov\u00e9 \u0161aty Fayola<\/td>\n<\/tr>\n<tr>\n<td width=\"302\">Farba<\/td>\n<td width=\"302\">Ecru<\/td>\n<\/tr>\n<tr>\n<td width=\"302\">Zbierka<\/td>\n<td width=\"302\">jar\/leto<\/td>\n<\/tr>\n<tr>\n<td width=\"302\">ve\u013ekosti<\/td>\n<td width=\"302\">SML<\/td>\n<\/tr>\n<tr>\n<td width=\"302\">M\u00f3da<\/td>\n<td width=\"302\">Na mieru<\/td>\n<\/tr>\n<tr>\n<td width=\"302\">Dekor\u00e1cia<\/td>\n<td width=\"302\">Tyl<\/td>\n<\/tr>\n<tr>\n<td width=\"302\">Materi\u00e1l<\/td>\n<td width=\"302\">95 % Polyester 5% Elastan<\/td>\n<\/tr>\n<\/tbody>\n<\/table>\n<section class=\"page-product-box\">\n<div class=\"rte\">\n<p style=\"text-align: center;\">Model m\u00e1\u00a0<strong>169<\/strong>\u00a0cm vysok\u00fd, nos\u00ed ve\u013ekos\u0165 ka\u017ed\u00fd de\u0148\u00a0<strong>S<\/strong><\/p>\n<p style=\"text-align: center;\">\u0160\u00edrka hrudn\u00edka 85 cm<\/p>\n<p style=\"text-align: center;\">\u0160\u00edrka p\u00e1su 74 cm<\/p>\n<p style=\"text-align: center;\">\n<\/div>\n<\/section>","protected":false},"excerpt":{"rendered":"<p>Asymetrick\u00e9 tylov\u00e9 \u0161aty Fayola Ecru. Ohromuj\u00face tylov\u00e9 \u0161aty v \u0161panielskom \u0161t\u00fdle, ktor\u00e9 kombinuj\u00fa romantiku a modern\u00fa eleganciu. Strih bez ramienok kr\u00e1sne zv\u00fdraz\u0148uje ramen\u00e1 a v\u00fdstrih, \u010d\u00edm dod\u00e1va vzh\u013eadu jemn\u00fa \u017eenskos\u0165. Kr\u00e1tka predn\u00e1 \u010das\u0165 zv\u00fdraz\u0148uje nohy a dod\u00e1va n\u00e1dych \u013eahkosti, zatia\u013e \u010do dlh\u00e1, v\u00fdrazn\u00e1 zadn\u00e1 \u010das\u0165, vyroben\u00e1 z vrstiev tylu, vytv\u00e1ra ve\u013ekolep\u00fa, spl\u00fdvav\u00fa vle\u010dku, ktor\u00e1 pri\u0165ahuje pozornos\u0165 na ka\u017edom kroku. \u0160aty boli navrhnut\u00e9...<\/p>\n<div class=\"klb-readmore post-buttons\"><a class=\"button black outline size-sm\" href=\"https:\/\/madelinefashion.pl\/sk\/sukienka-asymetryczna-tiulowa-fayola-ecru\/\">\u010c\u00edta\u0165 \u010falej <i class=\"klbth-icon-right-arrow\"><\/i><\/a><\/div>","protected":false},"featured_media":599305,"template":"","meta":[],"product_brand":[],"product_cat":[124,395,561],"product_tag":[212,262],"class_list":{"0":"post-599300","1":"product","2":"type-product","3":"status-publish","4":"has-post-thumbnail","6":"product_cat-sukienki-okolicznosciowe","7":"product_cat-nowosci","8":"product_cat-sukienki-tiulowe","9":"product_tag-sukienki-bezowe","10":"product_tag-sukienki-krotkie","11":"pa_rozmiar-s-36","12":"pa_rozmiar-m-38","13":"pa_rozmiar-l-40","15":"first","16":"instock","17":"sale","18":"purchasable","19":"product-type-variable"},"_links":{"self":[{"href":"https:\/\/madelinefashion.pl\/sk\/wp-json\/wp\/v2\/product\/599300","targetHints":{"allow":["GET"]}}],"collection":[{"href":"https:\/\/madelinefashion.pl\/sk\/wp-json\/wp\/v2\/product"}],"about":[{"href":"https:\/\/madelinefashion.pl\/sk\/wp-json\/wp\/v2\/types\/product"}],"wp:featuredmedia":[{"embeddable":true,"href":"https:\/\/madelinefashion.pl\/sk\/wp-json\/wp\/v2\/media\/599305"}],"wp:attachment":[{"href":"https:\/\/madelinefashion.pl\/sk\/wp-json\/wp\/v2\/media?parent=599300"}],"wp:term":[{"taxonomy":"product_brand","embeddable":true,"href":"https:\/\/madelinefashion.pl\/sk\/wp-json\/wp\/v2\/product_brand?post=599300"},{"taxonomy":"product_cat","embeddable":true,"href":"https:\/\/madelinefashion.pl\/sk\/wp-json\/wp\/v2\/product_cat?post=599300"},{"taxonomy":"product_tag","embeddable":true,"href":"https:\/\/madelinefashion.pl\/sk\/wp-json\/wp\/v2\/product_tag?post=599300"}],"curies":[{"name":"pracovn\u00fd list","href":"https:\/\/api.w.org\/{rel}","templated":true}]}}

Asymetrické tylové šaty Fayola Ecru

<h3 style="text-align: center;">Asymetrické tylové šaty Fayola Ecru</h3>
<p class="isSelectedEnd" style="text-align: center;">Ohromujúce tylové šaty so španielskym strihom, ktoré kombinujú romantiku a modernú eleganciu. Strih bez ramienok krásne zvýrazňuje ramená a výstrih, čím dodáva vzhľadu jemnú ženskosť. Krátka predná časť zvýrazňuje nohy a dodáva nádych ľahkosti, zatiaľ čo dlhá, výrazná zadná časť, vyrobená z vrstiev tylu, vytvára veľkolepú, splývavú vlečku, ktorá púta pozornosť na každom kroku. Šaty sú vyrobené z jemného, kvalitného tylu, ktorý celému vzhľadu dodáva ľahkosť a objem. Ideálne na špeciálne príležitosti – svadby, stužkové, plesy alebo elegantné večierky. Toto je návrh pre ženy, ktoré chcú vyniknúť štýlom a cítiť sa skutočne výnimočne. Dostupné vo veľkostiach S, M, L. Naše šaty sú perfektnou voľbou na svadby, stužkové, Silvester a iné elegantné špeciálne príležitosti. V našom internetovom obchode sú k dispozícii v niekoľkých farebných variantoch, takže neváhajte a vyberte si tú, ktorá je pre vás ideálna. Ak sa neviete rozhodnúť, ktorá farba, <strong>veľkosť</strong> je pre vás to najlepšie <strong>kontaktuj nás</strong> cez <a href="https://www.facebook.com/madelinefashionbutik" target="_blank" rel="noopener">Facebook</a> alebo <a href="https://madelinefashion.pl/sk/kontakt/">telefón</a>. Ak veľkosť nie je na stránke, kontaktujte nás.</p>
<h3 style="text-align: center;">Rozmery šiat</h3>
<ul style="text-align: center;">
<li>
<table width="556">
<tbody>
<tr>
<td><strong>VEĽKOSŤ</strong></td>
<td><strong>poprsia</strong></td>
<td><strong>Pás</strong></td>
<td><strong>Boky</strong></td>
</tr>
<tr>
<td><strong>36</strong></td>
<td>88-90</td>
<td>68-72</td>
<td> 86-92</td>
</tr>
<tr>
<td><strong>38</strong></td>
<td>92-94</td>
<td>72-76</td>
<td> 90-96</td>
</tr>
<tr>
<td><strong>40</strong></td>
<td>96-98</td>
<td>76-80</td>
<td> 94-106</td>
</tr>
</tbody>
</table>
</li>
</ul>
<p style="text-align: center;">Celková dĺžka</p>
<p style="text-align: center;"><strong>S – Predné – 66, Zadné 138</strong></p>
<p style="text-align: center;"><strong>M – Predné 68, Zadné 140</strong></p>
<p style="text-align: center;"><strong>Ľ – Predné 70, Zadné – 142</strong></p>
<p style="text-align: center;">Rozmery sa môžu mierne líšiť od uvedených +/- 2cm. Všetky uvedené rozmery sú merané plošne. <strong>rozmer x2</strong></p>
<p style="text-align: center;"><strong> </strong></p>
<table style="height: 214px;" width="548">
<tbody>
<tr>
<td width="302">Meno modela</td>
<td width="302">Asymetrické tylové šaty Fayola</td>
</tr>
<tr>
<td width="302">Farba</td>
<td width="302">Ecru</td>
</tr>
<tr>
<td width="302">Zbierka</td>
<td width="302">jar/leto</td>
</tr>
<tr>
<td width="302">veľkosti</td>
<td width="302">SML</td>
</tr>
<tr>
<td width="302">Móda</td>
<td width="302">Na mieru</td>
</tr>
<tr>
<td width="302">Dekorácia</td>
<td width="302">Tyl</td>
</tr>
<tr>
<td width="302">Materiál</td>
<td width="302">95 % Polyester 5% Elastan</td>
</tr>
</tbody>
</table>
<section class="page-product-box">
<div class="rte">
<p style="text-align: center;">Model má <strong>169</strong> cm vysoký, nosí veľkosť každý deň <strong>S</strong></p>
<p style="text-align: center;">Šírka hrudníka 85 cm</p>
<p style="text-align: center;">Šírka pásu 74 cm</p>
<p style="text-align: center;">
</div>
</section>

<p>Asymetrické tylové šaty Fayola Ecru. Ohromujúce tylové šaty v španielskom štýle, ktoré kombinujú romantiku a modernú eleganciu. Strih bez ramienok krásne zvýrazňuje ramená a výstrih, čím dodáva vzhľadu jemnú ženskosť. Krátka predná časť zvýrazňuje nohy a dodáva nádych ľahkosti, zatiaľ čo dlhá, výrazná zadná časť, vyrobená z vrstiev tylu, vytvára veľkolepú, splývavú vlečku, ktorá priťahuje pozornosť na každom kroku. Šaty boli navrhnuté...</p>
<div class="klb-readmore post-buttons"><a class="button black outline size-sm" href="https://madelinefashion.pl/sk/sukienka-asymetryczna-tiulowa-fayola-ecru/">Čítať ďalej <i class="klbth-icon-right-arrow"></i></a></div>

pracovný list
