{"id":60236,"date":"2022-09-27T10:05:39","date_gmt":"2022-09-27T08:05:39","guid":{"rendered":"https:\/\/madelinefashion.pl\/?post_type=product&#038;p=60236"},"modified":"2026-04-14T01:26:45","modified_gmt":"2026-04-13T23:26:45","slug":"plaszcz-maxi-bezowy-z-flauszu","status":"publish","type":"product","link":"https:\/\/madelinefashion.pl\/sk\/plaszcz-maxi-bezowy-z-flauszu\/","title":{"rendered":"B\u00e9\u017eov\u00fd Maxi kab\u00e1t s fleecom"},"content":{"rendered":"<h3 style=\"text-align: center;\">B\u00e9\u017eov\u00fd Maxi kab\u00e1t s fleecom<\/h3>\n<p style=\"text-align: center;\">Maxi kab\u00e1t vo farbe\u00a0<strong>b\u00e9\u017eov\u00e1<\/strong> toto <strong>mus\u00edte ma\u0165<\/strong> v \u0161atn\u00edku ka\u017edej \u017eeny! Je dokonal\u00fdm doplnkom mnoh\u00fdch \u0161t\u00fdlov. Je to spojenie elegancie, modernosti a funk\u010dnosti - Powder<strong> kab\u00e1t <\/strong>bude fungova\u0165 v akomko\u013evek \u0161t\u00fdle. <strong>Ob\u00e1lka kab\u00e1t\u00a0<\/strong>\u00a0je univerz\u00e1lny produkt \u2013 \u013eahko ho vyu\u017eijete na r\u00f4zne \u00fa\u010dely\u00a0\u00a0<strong>styling:<\/strong>\u00a0 elegantn\u00e9 a \u0161portov\u00e9,\u00a0<strong>bude perfektn\u00e1 v ka\u017edom ro\u010dnom obdob\u00ed<\/strong>, nie len\u00a0<strong>jar, jese\u0148<\/strong>\u00a0ak\u00a0<strong>zima<\/strong>. Vyroben\u00e9 z fleecu, v\u010faka \u010domu perfektne sed\u00ed. Perfektn\u00fd kab\u00e1t na ka\u017ed\u00fa pr\u00edle\u017eitos\u0165. P\u00fadrov\u00e1 ru\u017eov\u00e1, naz\u00fdvan\u00e1 aj vresov\u00e1 farba, je farba, ktor\u00e1 v\u00e1m umo\u017en\u00ed doda\u0165 energiu ka\u017ed\u00e9mu stylingu.<\/p>\n<h3 style=\"text-align: center;\">Perfektn\u00fd kab\u00e1t na ka\u017ed\u00fa pr\u00edle\u017eitos\u0165<\/h3>\n<p style=\"text-align: center;\">P\u00fadrov\u00e1 ru\u017eov\u00e1 - t\u00e1to farba je skuto\u010dn\u00e1 <strong>predajn\u00fd hit<\/strong> zvolilo ve\u013ea \u017eien. Farba dod\u00e1va kab\u00e1tu charakter, ale z\u00e1rove\u0148 umo\u017e\u0148uje zladi\u0165 ho k r\u00f4znym \u0161t\u00fdlom, preto\u017ee farby s\u00fa decentn\u00e9, elegantn\u00e9 a \u0161ik. Ve\u013ekos\u0165 <strong>univerz\u00e1lny <\/strong>\u00a0odpor\u00fa\u010dame pre d\u00e1my, ktor\u00e9 nosia ve\u013e\u00a0<strong>S, M, L, XL<\/strong> \u010do je obrovsk\u00e1 v\u00fdhoda tohto modelu. V ponuke <strong>m\u00e1me<\/strong> <strong>tie\u017e<\/strong> v\u00e4\u010d\u0161\u00ed <strong>PLUSOV\u00c1 VELKOS\u0164<\/strong> odpor\u00fa\u010dan\u00e9 pre d\u00e1my vo ve\u013e <strong>44,46,48,50<\/strong> . Na na\u0161ej str\u00e1nke n\u00e1jdete fleecov\u00fd kab\u00e1t:\u00a0<b><a href=\"https:\/\/madelinefashion.pl\/sk\/kurtki-i-plaszcze\/plaszcze\/plaszcze-krotkie\/\">kr\u00e1tky kab\u00e1t<\/a>,\u00a0<a href=\"https:\/\/madelinefashion.pl\/sk\/kurtki-i-plaszcze\/plaszcze\/plaszcze-dlugie\/\">dlh\u00fd kab\u00e1t<\/a>\u00a0maxi kab\u00e1t a kab\u00e1t\u00a0<a href=\"https:\/\/madelinefashion.pl\/sk\/plaszcz-plus-size\/\">Plusov\u00e1 velkos\u0165<\/a>. Zvo\u013ete si d\u013a\u017eku cca<\/b>vhodn\u00e9<b>\u00a0pre m\u0148a.\u00a0<\/b>Kab\u00e1t je dostupn\u00fd aj v in\u00fdch\u00a0<strong>farebn\u00e9 varianty<\/strong>\u00a0\u2013 odpor\u00fa\u010dame v\u00e1m zozn\u00e1mi\u0165 sa s na\u0161imi \u010fal\u0161\u00edmi produktmi. Ak sa neviete rozhodn\u00fa\u0165, ktor\u00e1 farba, ve\u013ekos\u0165 je pre v\u00e1s najlep\u0161ia, kontaktujte n\u00e1s prostredn\u00edctvom\u00a0<a href=\"https:\/\/www.facebook.com\/madelinefashionbutik\" target=\"_blank\" rel=\"noopener\">Facebook<\/a>\u00a0alebo telef\u00f3n.<\/p>\n<h3 style=\"text-align: center;\">Rozmery maxi kab\u00e1tu:<\/h3>\n<ul style=\"text-align: center;\">\n<li>celkov\u00e1 d\u013a\u017eka chrbta: 122 cm<\/li>\n<li>\u0161\u00edrka od pazuchy po pazuchu: 52 cm<\/li>\n<li>d\u013a\u017eka ruk\u00e1va od ramena: 62 cm<\/li>\n<li>d\u013a\u017eka ruk\u00e1va od podpazu\u0161ia: 47 cm<\/li>\n<li>odpor\u00fa\u010dan\u00fd maxim\u00e1lny obvod poprsia: 125-130 cm<\/li>\n<li>\u0161\u00edrka v bicepsoch: 36 cm<\/li>\n<\/ul>\n<p style=\"text-align: center;\">Rozmery sa m\u00f4\u017eu mierne l\u00ed\u0161i\u0165 od uveden\u00fdch +\/- 2cm. V\u0161etky uveden\u00e9 rozmery s\u00fa meran\u00e9 plo\u0161ne.<\/p>\n<p>&nbsp;<\/p>\n<h2 style=\"text-align: center;\">Vlastnosti produktu:<\/h2>\n<ul>\n<li style=\"text-align: center;\">zviazan\u00fd<\/li>\n<li style=\"text-align: center;\">ob\u00e1lka<\/li>\n<li style=\"text-align: center;\">popruh v cene<\/li>\n<li style=\"text-align: center;\">vreck\u00e1<\/li>\n<li style=\"text-align: center;\">dostupn\u00e9 v mnoh\u00fdch farebn\u00fdch variantoch<\/li>\n<li style=\"text-align: center;\">na\u0161uchoren\u00fd<\/li>\n<\/ul>\n<p style=\"text-align: center;\"><strong>\u00a0<\/strong><\/p>\n<table width=\"608\">\n<tbody>\n<tr>\n<td width=\"302\">Meno modela<\/td>\n<td width=\"302\">Maxi fleecov\u00fd kab\u00e1t<\/td>\n<\/tr>\n<tr>\n<td width=\"302\">Farba<\/td>\n<td width=\"302\">Bez<\/td>\n<\/tr>\n<tr>\n<td width=\"302\">Zbierka<\/td>\n<td width=\"302\">jar\/jese\u0148\/zima<\/td>\n<\/tr>\n<tr>\n<td width=\"302\">ve\u013ekosti<\/td>\n<td width=\"302\">Univerz\u00e1lny<\/td>\n<\/tr>\n<tr>\n<td width=\"302\">M\u00f3da<\/td>\n<td width=\"302\">nadrozmern\u00e9<\/td>\n<\/tr>\n<tr>\n<td width=\"302\">Hood<\/td>\n<td width=\"302\">Bez kapucne<\/td>\n<\/tr>\n<tr>\n<td width=\"302\">izolovan\u00e9<\/td>\n<td width=\"302\">jednopl\u00e1\u0161\u0165ov\u00e9<\/td>\n<\/tr>\n<tr>\n<td width=\"302\">Materi\u00e1l<\/td>\n<td width=\"302\">Petersham<\/td>\n<\/tr>\n<\/tbody>\n<\/table>\n<p>&nbsp;<\/p>\n<div class=\"tabs tabs-bb clear mb-80\">\n<div class=\"tab-content\">\n<div id=\"tab-description\" class=\"tab-pane fade in woocommerce-Tabs-panel--description active\">\n<p style=\"text-align: center;\">Model m\u00e1\u00a0<strong>169<\/strong>\u00a0cm vysok\u00fd, nos\u00ed ve\u013ekos\u0165 ka\u017ed\u00fd de\u0148\u00a0<strong>S<\/strong><\/p>\n<p style=\"text-align: center;\">\u0160\u00edrka cez prsia 92 cm<\/p>\n<p style=\"text-align: center;\">\u0160\u00edrka v p\u00e1se 62 cm<\/p>\n<p style=\"text-align: center;\">\u0160\u00edrka v bokoch 94 cm<\/p>\n<\/div>\n<\/div>\n<\/div>","protected":false},"excerpt":{"rendered":"<p>P\u0142aszcz Maxi Be\u017cowy z Flauszu P\u0142aszcz Maxi w kolorze\u00a0be\u017cowym to must-have w szafie ka\u017cdej kobiety! Jest to idealne dope\u0142nienie wielu stylizacji. Jest to po\u0142\u0105czenie elegancji, nowoczesno\u015bci i funkcjonalno\u015bci \u2013 Pudrowy p\u0142aszczyk sprawdzi si\u0119 w ka\u017cdej stylizacji . P\u0142aszcz kopertowy\u00a0\u00a0jest uniwersalnym produktem- z \u0142atwo\u015bci\u0105 wykorzystasz go do r\u00f3\u017cnych\u00a0\u00a0stylizacji:\u00a0 eleganckich i tych sportowych ,\u00a0\u015bwietnie sprawdzi si\u0119 w<\/p>\n<div class=\"klb-readmore post-buttons\"><a class=\"button black outline size-sm\" href=\"https:\/\/madelinefashion.pl\/sk\/plaszcz-maxi-bezowy-z-flauszu\/\">\u010c\u00edta\u0165 \u010falej <i class=\"klbth-icon-right-arrow\"><\/i><\/a><\/div>","protected":false},"featured_media":60193,"template":"","meta":[],"product_brand":[],"product_cat":[120,279],"product_tag":[510,285],"class_list":{"0":"post-60236","1":"product","2":"type-product","3":"status-publish","4":"has-post-thumbnail","6":"product_cat-plaszcze-dlugie","7":"product_cat-plaszcze-wiosenne","8":"product_tag-plaszcze-flauszowe","9":"product_tag-plaszcze-maxi","11":"first","12":"instock","13":"sale","14":"purchasable","15":"product-type-simple"},"_links":{"self":[{"href":"https:\/\/madelinefashion.pl\/sk\/wp-json\/wp\/v2\/product\/60236","targetHints":{"allow":["GET"]}}],"collection":[{"href":"https:\/\/madelinefashion.pl\/sk\/wp-json\/wp\/v2\/product"}],"about":[{"href":"https:\/\/madelinefashion.pl\/sk\/wp-json\/wp\/v2\/types\/product"}],"wp:featuredmedia":[{"embeddable":true,"href":"https:\/\/madelinefashion.pl\/sk\/wp-json\/wp\/v2\/media\/60193"}],"wp:attachment":[{"href":"https:\/\/madelinefashion.pl\/sk\/wp-json\/wp\/v2\/media?parent=60236"}],"wp:term":[{"taxonomy":"product_brand","embeddable":true,"href":"https:\/\/madelinefashion.pl\/sk\/wp-json\/wp\/v2\/product_brand?post=60236"},{"taxonomy":"product_cat","embeddable":true,"href":"https:\/\/madelinefashion.pl\/sk\/wp-json\/wp\/v2\/product_cat?post=60236"},{"taxonomy":"product_tag","embeddable":true,"href":"https:\/\/madelinefashion.pl\/sk\/wp-json\/wp\/v2\/product_tag?post=60236"}],"curies":[{"name":"pracovn\u00fd list","href":"https:\/\/api.w.org\/{rel}","templated":true}]}}

Béžový Maxi kabát s fleecom

<h3 style="text-align: center;">Béžový Maxi kabát s fleecom</h3>
<p style="text-align: center;">Maxi kabát vo farbe <strong>béžová</strong> toto <strong>musíte mať</strong> v šatníku každej ženy! Je dokonalým doplnkom mnohých štýlov. Je to spojenie elegancie, modernosti a funkčnosti - Powder<strong> kabát </strong>bude fungovať v akomkoľvek štýle. <strong>Obálka kabát </strong> je univerzálny produkt – ľahko ho využijete na rôzne účely  <strong>styling:</strong>  elegantné a športové, <strong>bude perfektná v každom ročnom období</strong>, nie len <strong>jar, jeseň</strong> ak <strong>zima</strong>. Vyrobené z fleecu, vďaka čomu perfektne sedí. Perfektný kabát na každú príležitosť. Púdrová ružová, nazývaná aj vresová farba, je farba, ktorá vám umožní dodať energiu každému stylingu.</p>
<h3 style="text-align: center;">Perfektný kabát na každú príležitosť</h3>
<p style="text-align: center;">Púdrová ružová - táto farba je skutočná <strong>predajný hit</strong> zvolilo veľa žien. Farba dodáva kabátu charakter, ale zároveň umožňuje zladiť ho k rôznym štýlom, pretože farby sú decentné, elegantné a šik. Veľkosť <strong>univerzálny </strong> odporúčame pre dámy, ktoré nosia veľ <strong>S, M, L, XL</strong> čo je obrovská výhoda tohto modelu. V ponuke <strong>máme</strong> <strong>tiež</strong> väčší <strong>PLUSOVÁ VELKOSŤ</strong> odporúčané pre dámy vo veľ <strong>44,46,48,50</strong> . Na našej stránke nájdete fleecový kabát: <b><a href="https://madelinefashion.pl/sk/kurtki-i-plaszcze/plaszcze/plaszcze-krotkie/">krátky kabát</a>, <a href="https://madelinefashion.pl/sk/kurtki-i-plaszcze/plaszcze/plaszcze-dlugie/">dlhý kabát</a> maxi kabát a kabát <a href="https://madelinefashion.pl/sk/plaszcz-plus-size/">Plusová velkosť</a>. Zvoľte si dĺžku cca</b>vhodné<b> pre mňa. </b>Kabát je dostupný aj v iných <strong>farebné varianty</strong> – odporúčame vám zoznámiť sa s našimi ďalšími produktmi. Ak sa neviete rozhodnúť, ktorá farba, veľkosť je pre vás najlepšia, kontaktujte nás prostredníctvom <a href="https://www.facebook.com/madelinefashionbutik" target="_blank" rel="noopener">Facebook</a> alebo telefón.</p>
<h3 style="text-align: center;">Rozmery maxi kabátu:</h3>
<ul style="text-align: center;">
<li>celková dĺžka chrbta: 122 cm</li>
<li>šírka od pazuchy po pazuchu: 52 cm</li>
<li>dĺžka rukáva od ramena: 62 cm</li>
<li>dĺžka rukáva od podpazušia: 47 cm</li>
<li>odporúčaný maximálny obvod poprsia: 125-130 cm</li>
<li>šírka v bicepsoch: 36 cm</li>
</ul>
<p style="text-align: center;">Rozmery sa môžu mierne líšiť od uvedených +/- 2cm. Všetky uvedené rozmery sú merané plošne.</p>
<p>&nbsp;</p>
<h2 style="text-align: center;">Vlastnosti produktu:</h2>
<ul>
<li style="text-align: center;">zviazaný</li>
<li style="text-align: center;">obálka</li>
<li style="text-align: center;">popruh v cene</li>
<li style="text-align: center;">vrecká</li>
<li style="text-align: center;">dostupné v mnohých farebných variantoch</li>
<li style="text-align: center;">našuchorený</li>
</ul>
<p style="text-align: center;"><strong> </strong></p>
<table width="608">
<tbody>
<tr>
<td width="302">Meno modela</td>
<td width="302">Maxi fleecový kabát</td>
</tr>
<tr>
<td width="302">Farba</td>
<td width="302">Bez</td>
</tr>
<tr>
<td width="302">Zbierka</td>
<td width="302">jar/jeseň/zima</td>
</tr>
<tr>
<td width="302">veľkosti</td>
<td width="302">Univerzálny</td>
</tr>
<tr>
<td width="302">Móda</td>
<td width="302">nadrozmerné</td>
</tr>
<tr>
<td width="302">Hood</td>
<td width="302">Bez kapucne</td>
</tr>
<tr>
<td width="302">izolované</td>
<td width="302">jednoplášťové</td>
</tr>
<tr>
<td width="302">Materiál</td>
<td width="302">Petersham</td>
</tr>
</tbody>
</table>
<p>&nbsp;</p>
<div class="tabs tabs-bb clear mb-80">
<div class="tab-content">
<div id="tab-description" class="tab-pane fade in woocommerce-Tabs-panel--description active">
<p style="text-align: center;">Model má <strong>169</strong> cm vysoký, nosí veľkosť každý deň <strong>S</strong></p>
<p style="text-align: center;">Šírka cez prsia 92 cm</p>
<p style="text-align: center;">Šírka v páse 62 cm</p>
<p style="text-align: center;">Šírka v bokoch 94 cm</p>
</div>
</div>
</div>

<p>Płaszcz Maxi Beżowy z Flauszu Płaszcz Maxi w kolorze beżowym to must-have w szafie każdej kobiety! Jest to idealne dopełnienie wielu stylizacji. Jest to połączenie elegancji, nowoczesności i funkcjonalności – Pudrowy płaszczyk sprawdzi się w każdej stylizacji . Płaszcz kopertowy  jest uniwersalnym produktem- z łatwością wykorzystasz go do różnych  stylizacji:  eleganckich i tych sportowych , świetnie sprawdzi się w</p>
<div class="klb-readmore post-buttons"><a class="button black outline size-sm" href="https://madelinefashion.pl/sk/plaszcz-maxi-bezowy-z-flauszu/">Čítať ďalej <i class="klbth-icon-right-arrow"></i></a></div>

pracovný list
