{"id":6159,"date":"2021-03-21T23:25:45","date_gmt":"2021-03-21T22:25:45","guid":{"rendered":"https:\/\/madelinefashion.pl\/?post_type=product&#038;p=6159"},"modified":"2026-01-20T10:34:42","modified_gmt":"2026-01-20T09:34:42","slug":"bluzka-minnie-mouse-czarna","status":"publish","type":"product","link":"https:\/\/madelinefashion.pl\/sk\/bluzka-minnie-mouse-czarna\/","title":{"rendered":"\u010cierne tri\u010dko Minnie Mouse"},"content":{"rendered":"<h2 style=\"text-align: center;\">\u010cierne tri\u010dko Minnie Mouse<\/h2>\n<p style=\"text-align: center;\">Bl\u00fazka s ikonickou potla\u010dou \u00a0<strong>My\u0161ka Minnie so \u017eltou ma\u0161\u013eou<\/strong> .<strong>\u00a0<\/strong>V\u010faka nemu vytvor\u00edte nezabudnute\u013en\u00fa \u0161tyliz\u00e1ciu. \u010eal\u0161ia ponuka najm\u00f3dnej\u0161\u00edch tri\u010diek tejto sez\u00f3ny s roztomilou my\u0161kou. Odpor\u00fa\u010dame! Bl\u00fazka m\u00e1 v spodnej \u010dasti bl\u00fazky lem, v\u010faka ktor\u00e9mu perfektne sed\u00ed na postave. Odpor\u00fa\u010dan\u00e1 univerz\u00e1lna ve\u013ekos\u0165 od S po XL.<\/p>\n<h2 style=\"text-align: center;\">Rozmery:<\/h2>\n<ul style=\"text-align: center;\">\n<li style=\"list-style-type: none;\">\n<ul>\n<li style=\"list-style-type: none;\">\n<ul>\n<li>Celkov\u00e1 d\u013a\u017eka: 61 cm<\/li>\n<li>\u0160\u00edrka od pazuchy po pazuchu: 54-57 cm<\/li>\n<li>\u0160\u00edrka v spodnej \u010dasti (\u0161n\u00farka-rebro): 47 cm<\/li>\n<\/ul>\n<p>&nbsp;<\/li>\n<\/ul>\n<\/li>\n<\/ul>\n<p style=\"text-align: center;\">Rozmery sa m\u00f4\u017eu mierne l\u00ed\u0161i\u0165 od uveden\u00fdch +\/- 2cm. V\u0161etky uveden\u00e9 rozmery s\u00fa meran\u00e9 plo\u0161ne.<\/p>\n<p style=\"text-align: center;\"><span style=\"font-size: 10pt;\">\u00a0<\/span><\/p>\n<p style=\"text-align: center;\"><span style=\"font-size: 10pt;\">\u00a0<\/span><\/p>\n<table width=\"608\">\n<tbody>\n<tr>\n<td width=\"302\">Meno modela<\/td>\n<td width=\"302\">\u010cierne tri\u010dko Minnie Mouse<\/td>\n<\/tr>\n<tr>\n<td width=\"302\">Farba<\/td>\n<td width=\"302\">\u010dierna<\/td>\n<\/tr>\n<tr>\n<td width=\"302\">ve\u013ekosti<\/td>\n<td width=\"302\">Univerz\u00e1lny<\/td>\n<\/tr>\n<tr>\n<td width=\"302\">M\u00f3da<\/td>\n<td width=\"302\">nadrozmern\u00e9<\/td>\n<\/tr>\n<tr>\n<td width=\"302\">Materi\u00e1l<\/td>\n<td width=\"302\">Zlo\u017eenie: 95% Polyester 5% Elastan<\/td>\n<\/tr>\n<\/tbody>\n<\/table>\n<p style=\"text-align: center;\"><span style=\"font-size: 10pt;\">\u00a0<\/span><\/p>\n<p style=\"text-align: center;\">Model m\u00e1\u00a0<strong>169<\/strong>\u00a0cm vysok\u00fd, nos\u00ed ve\u013ekos\u0165 ka\u017ed\u00fd de\u0148\u00a0<strong>S<\/strong><\/p>\n<p style=\"text-align: center;\">\u0160\u00edrka cez prsia 92 cm<\/p>\n<p style=\"text-align: center;\">\u0160\u00edrka v p\u00e1se 62 cm<\/p>\n<p style=\"text-align: center;\">\u0160\u00edrka v bokoch 94 cm<\/p>","protected":false},"excerpt":{"rendered":"<p>\u010cierna bl\u00fazka s mot\u00edvom Minnie Mouse. T\u00e1to bl\u00fazka m\u00e1 ikonick\u00fa potla\u010d Minnie Mouse so \u017eltou ma\u0161\u013eou. Vytvorte s touto bl\u00fazkou nezabudnute\u013en\u00fd vzh\u013ead. \u010eal\u0161ie z najtrendovej\u0161\u00edch tri\u010diek tejto sez\u00f3ny s rozko\u0161nou my\u0161kou. Odpor\u00fa\u010dame! Bl\u00fazka m\u00e1 v spodnej \u010dasti \u0161n\u00farku pre perfektn\u00e9 strihanie. Univerz\u00e1lna ve\u013ekos\u0165, odpor\u00fa\u010dan\u00e9 od S do XL. Rozmery: Celkov\u00e1 d\u013a\u017eka: 61 cm<\/p>\n<div class=\"klb-readmore post-buttons\"><a class=\"button black outline size-sm\" href=\"https:\/\/madelinefashion.pl\/sk\/bluzka-minnie-mouse-czarna\/\">\u010c\u00edta\u0165 \u010falej <i class=\"klbth-icon-right-arrow\"><\/i><\/a><\/div>","protected":false},"featured_media":53643,"template":"","meta":[],"product_brand":[],"product_cat":[77],"product_tag":[252],"class_list":{"0":"post-6159","1":"product","2":"type-product","3":"status-publish","4":"has-post-thumbnail","6":"product_cat-bluzki","7":"product_tag-bluzka-czarna","9":"first","10":"outofstock","11":"sale","12":"purchasable","13":"product-type-simple"},"_links":{"self":[{"href":"https:\/\/madelinefashion.pl\/sk\/wp-json\/wp\/v2\/product\/6159","targetHints":{"allow":["GET"]}}],"collection":[{"href":"https:\/\/madelinefashion.pl\/sk\/wp-json\/wp\/v2\/product"}],"about":[{"href":"https:\/\/madelinefashion.pl\/sk\/wp-json\/wp\/v2\/types\/product"}],"wp:featuredmedia":[{"embeddable":true,"href":"https:\/\/madelinefashion.pl\/sk\/wp-json\/wp\/v2\/media\/53643"}],"wp:attachment":[{"href":"https:\/\/madelinefashion.pl\/sk\/wp-json\/wp\/v2\/media?parent=6159"}],"wp:term":[{"taxonomy":"product_brand","embeddable":true,"href":"https:\/\/madelinefashion.pl\/sk\/wp-json\/wp\/v2\/product_brand?post=6159"},{"taxonomy":"product_cat","embeddable":true,"href":"https:\/\/madelinefashion.pl\/sk\/wp-json\/wp\/v2\/product_cat?post=6159"},{"taxonomy":"product_tag","embeddable":true,"href":"https:\/\/madelinefashion.pl\/sk\/wp-json\/wp\/v2\/product_tag?post=6159"}],"curies":[{"name":"pracovn\u00fd list","href":"https:\/\/api.w.org\/{rel}","templated":true}]}}

Čierne tričko Minnie Mouse

<h2 style="text-align: center;">Čierne tričko Minnie Mouse</h2>
<p style="text-align: center;">Blúzka s ikonickou potlačou  <strong>Myška Minnie so žltou mašľou</strong> .<strong> </strong>Vďaka nemu vytvoríte nezabudnuteľnú štylizáciu. Ďalšia ponuka najmódnejších tričiek tejto sezóny s roztomilou myškou. Odporúčame! Blúzka má v spodnej časti blúzky lem, vďaka ktorému perfektne sedí na postave. Odporúčaná univerzálna veľkosť od S po XL.</p>
<h2 style="text-align: center;">Rozmery:</h2>
<ul style="text-align: center;">
<li style="list-style-type: none;">
<ul>
<li style="list-style-type: none;">
<ul>
<li>Celková dĺžka: 61 cm</li>
<li>Šírka od pazuchy po pazuchu: 54-57 cm</li>
<li>Šírka v spodnej časti (šnúrka-rebro): 47 cm</li>
</ul>
<p>&nbsp;</li>
</ul>
</li>
</ul>
<p style="text-align: center;">Rozmery sa môžu mierne líšiť od uvedených +/- 2cm. Všetky uvedené rozmery sú merané plošne.</p>
<p style="text-align: center;"><span style="font-size: 10pt;"> </span></p>
<p style="text-align: center;"><span style="font-size: 10pt;"> </span></p>
<table width="608">
<tbody>
<tr>
<td width="302">Meno modela</td>
<td width="302">Čierne tričko Minnie Mouse</td>
</tr>
<tr>
<td width="302">Farba</td>
<td width="302">čierna</td>
</tr>
<tr>
<td width="302">veľkosti</td>
<td width="302">Univerzálny</td>
</tr>
<tr>
<td width="302">Móda</td>
<td width="302">nadrozmerné</td>
</tr>
<tr>
<td width="302">Materiál</td>
<td width="302">Zloženie: 95% Polyester 5% Elastan</td>
</tr>
</tbody>
</table>
<p style="text-align: center;"><span style="font-size: 10pt;"> </span></p>
<p style="text-align: center;">Model má <strong>169</strong> cm vysoký, nosí veľkosť každý deň <strong>S</strong></p>
<p style="text-align: center;">Šírka cez prsia 92 cm</p>
<p style="text-align: center;">Šírka v páse 62 cm</p>
<p style="text-align: center;">Šírka v bokoch 94 cm</p>

<p>Čierna blúzka s motívom Minnie Mouse. Táto blúzka má ikonickú potlač Minnie Mouse so žltou mašľou. Vytvorte s touto blúzkou nezabudnuteľný vzhľad. Ďalšie z najtrendovejších tričiek tejto sezóny s rozkošnou myškou. Odporúčame! Blúzka má v spodnej časti šnúrku pre perfektné strihanie. Univerzálna veľkosť, odporúčané od S do XL. Rozmery: Celková dĺžka: 61 cm</p>
<div class="klb-readmore post-buttons"><a class="button black outline size-sm" href="https://madelinefashion.pl/sk/bluzka-minnie-mouse-czarna/">Čítať ďalej <i class="klbth-icon-right-arrow"></i></a></div>

pracovný list
