{"id":61896,"date":"2022-10-10T11:40:00","date_gmt":"2022-10-10T09:40:00","guid":{"rendered":"https:\/\/madelinefashion.pl\/?post_type=product&#038;p=61896"},"modified":"2025-12-19T11:15:44","modified_gmt":"2025-12-19T10:15:44","slug":"kurtka-zimowa-z-futerkiem-naturalnym-maxi-cirros-czarna","status":"publish","type":"product","link":"https:\/\/madelinefashion.pl\/sk\/kurtka-zimowa-z-futerkiem-naturalnym-maxi-cirros-czarna\/","title":{"rendered":"Zimn\u00e1 bunda s pr\u00edrodnou ko\u017eu\u0161inou Maxi Cirros Black"},"content":{"rendered":"<h3 style=\"text-align: center;\">Zimn\u00e1 bunda s pr\u00edrodnou ko\u017eu\u0161inou Maxi Cirros Black<\/h3>\n<p style=\"text-align: center;\"><strong>Zimn\u00e1 bunda s pr\u00edrodnou ko\u017eu\u0161inou Maxi Cirros Black<\/strong>\u00a0zdoben\u00e9 na kapucni pr\u00edrodnou ko\u017eu\u0161inou - ktor\u00e1 sa d\u00e1 odopn\u00fa\u0165. Bunda vo verzii Maxi, v tejto bunde v\u00e1m nebude zima v mraziv\u00fdch jesenn\u00fdch \/ zimn\u00fdch d\u0148och. D\u00e1 sa pou\u017ei\u0165 v akomko\u013evek <strong>styling<\/strong>ako ku klasick\u00fdm d\u017e\u00ednsom, tak aj bielemu tri\u010dku na ka\u017edodenn\u00e9 vych\u00e1dzky. Bunda m\u00e1 dve vreck\u00e1. Fenomen\u00e1lna vypasovan\u00e1 bunda dostupn\u00e1 v na\u0161om e-shope v troch farebn\u00fdch variantoch. Je to ist\u00e9 <strong>musie\u0165 ma\u0165<\/strong> v ka\u017edom \u0161atn\u00edku! V\u010faka spr\u00e1vne zvolen\u00fdm doplnkom \u013eahko vytvor\u00edte jedine\u010dn\u00e9 \u0161tyliz\u00e1cie. Vyst\u00fapte z davu s na\u0161ou bundou. Bunda je dod\u00e1van\u00e1 vo ve\u013e<strong>\u00a0 SML XL XL. <\/strong>Odpor\u00fa\u010dame mera\u0165 presne pod\u013ea uvedenej tabu\u013eky rozmerov. V pr\u00edpade \u010fal\u0161\u00edch ot\u00e1zok k tomuto produktu n\u00e1s nev\u00e1hajte kontaktova\u0165 telefonicky alebo cez facebook.<strong><br \/>\n<\/strong><\/p>\n<h3 style=\"text-align: center;\">Rozmery:<\/h3>\n<p style=\"text-align: center;\"><strong>S<\/strong><\/p>\n<p style=\"text-align: center;\">Celkov\u00e1 d\u013a\u017eka: 103 cm<br \/>\n\u0160\u00edrka od pazuchy po pazuchu: 46-52 cm<br \/>\nD\u013a\u017eka ruk\u00e1va od ramena: 60 cm<br \/>\nD\u013a\u017eka ruk\u00e1va od podpazu\u0161ia: 44 cm<\/p>\n<p style=\"text-align: center;\"><strong>m<br \/>\n<\/strong>Celkov\u00e1 d\u013a\u017eka: 104 cm<br \/>\n\u0160\u00edrka od pazuchy po pazuchu: 45-51 cm<br \/>\nD\u013a\u017eka ruk\u00e1va od ramena: 60 cm<br \/>\nD\u013a\u017eka ruk\u00e1va od podpazu\u0161ia: 44 cm<\/p>\n<p style=\"text-align: center;\"><strong>L<br \/>\n<\/strong>Celkov\u00e1 d\u013a\u017eka: 106 cm<br \/>\n\u0160\u00edrka od pazuchy po pazuchu: 46-52 cm<br \/>\nD\u013a\u017eka ruk\u00e1va od ramena: 61 cm<br \/>\nD\u013a\u017eka ruk\u00e1va od podpazu\u0161ia: 45 cm<\/p>\n<p style=\"text-align: center;\"><strong>XL<\/strong><br \/>\nCelkov\u00e1 d\u013a\u017eka: 108 cm<br \/>\n\u0160\u00edrka od pazuchy po pazuchu: 48-53 cm<br \/>\nD\u013a\u017eka ruk\u00e1va od ramena: 62 cm<br \/>\nD\u013a\u017eka ruk\u00e1va od podpazu\u0161ia: 46 cm<\/p>\n<p style=\"text-align: center;\"><strong>XXL<\/strong><br \/>\nCelkov\u00e1 d\u013a\u017eka: 110 cm<br \/>\n\u0160\u00edrka od pazuchy po pazuchu: 52-56 cm<br \/>\nD\u013a\u017eka ruk\u00e1va od ramena: 64 cm<br \/>\nD\u013a\u017eka ruk\u00e1va od podpazu\u0161ia: 50 cm<\/p>\n<p style=\"text-align: center;\">Rozmery sa m\u00f4\u017eu mierne l\u00ed\u0161i\u0165 od uveden\u00fdch +\/- 2cm. V\u0161etky uveden\u00e9 rozmery s\u00fa meran\u00e9 plo\u0161ne.<\/p>\n<table width=\"610\">\n<tbody>\n<tr>\n<td width=\"302\">Meno modela<\/td>\n<td width=\"302\">Cirros Maxi<\/td>\n<\/tr>\n<tr>\n<td width=\"302\">Farba<\/td>\n<td width=\"302\">\u010dierna<\/td>\n<\/tr>\n<tr>\n<td width=\"302\">ve\u013ekosti<\/td>\n<td width=\"302\">SML XL<\/td>\n<\/tr>\n<tr>\n<td width=\"302\">M\u00f3da<\/td>\n<td width=\"302\">Zhoda<\/td>\n<\/tr>\n<tr>\n<td width=\"302\">Hood<\/td>\n<td width=\"302\">\u00c1no<\/td>\n<\/tr>\n<tr>\n<td width=\"302\">Zlo\u017eenie<\/td>\n<td width=\"302\">100 % Polyester<\/td>\n<\/tr>\n<\/tbody>\n<\/table>\n<p style=\"text-align: center;\"><span style=\"font-size: 10pt;\">\u00a0<\/span><\/p>\n<p style=\"text-align: center;\">Model m\u00e1\u00a0<strong>169<\/strong>\u00a0cm vysok\u00fd, nos\u00ed ve\u013ekos\u0165 ka\u017ed\u00fd de\u0148\u00a0<strong>S<\/strong><\/p>\n<p style=\"text-align: center;\">\u0160\u00edrka cez prsia 92 cm<\/p>\n<p style=\"text-align: center;\">\u0160\u00edrka v p\u00e1se 62 cm<\/p>\n<p style=\"text-align: center;\">\u0160\u00edrka v bokoch 94 cm<\/p>\n<p style=\"text-align: center;\">","protected":false},"excerpt":{"rendered":"<p>Kurtka Zimowa Z Futerkiem Naturalnym Maxi Cirros Czarna Kurtka Zimowa Z Futerkiem Naturalnym Maxi Cirros Czarna\u00a0ozdobiona na kapturze futerkiem naturalnym &#8211; kt\u00f3re mo\u017cna odpi\u0105\u0107.\u00a0 Kurtka w wersji maxi, w\u00a0 mro\u017ane jesienne \/ zimowe dni z pewno\u015bci\u0105 w tej kurtce nie odczujesz ch\u0142odu. Mo\u017cna j\u0105 wykorzysta\u0107 w ka\u017cdej stylizacji, zar\u00f3wno do klasycznych jeans\u00f3w, bia\u0142ego t-shirtu na<\/p>\n<div class=\"klb-readmore post-buttons\"><a class=\"button black outline size-sm\" href=\"https:\/\/madelinefashion.pl\/sk\/kurtka-zimowa-z-futerkiem-naturalnym-maxi-cirros-czarna\/\">\u010c\u00edta\u0165 \u010falej <i class=\"klbth-icon-right-arrow\"><\/i><\/a><\/div>","protected":false},"featured_media":61826,"template":"","meta":[],"product_brand":[],"product_cat":[117],"product_tag":[508],"class_list":{"0":"post-61896","1":"product","2":"type-product","3":"status-publish","4":"has-post-thumbnail","6":"product_cat-kurtki","7":"product_tag-kurtka-zimowa","8":"pa_rozmiar-s","9":"pa_rozmiar-m","10":"pa_rozmiar-l","11":"pa_rozmiar-xl","12":"pa_rozmiar-xxl","14":"first","15":"instock","16":"sale","17":"purchasable","18":"product-type-variable"},"_links":{"self":[{"href":"https:\/\/madelinefashion.pl\/sk\/wp-json\/wp\/v2\/product\/61896","targetHints":{"allow":["GET"]}}],"collection":[{"href":"https:\/\/madelinefashion.pl\/sk\/wp-json\/wp\/v2\/product"}],"about":[{"href":"https:\/\/madelinefashion.pl\/sk\/wp-json\/wp\/v2\/types\/product"}],"wp:featuredmedia":[{"embeddable":true,"href":"https:\/\/madelinefashion.pl\/sk\/wp-json\/wp\/v2\/media\/61826"}],"wp:attachment":[{"href":"https:\/\/madelinefashion.pl\/sk\/wp-json\/wp\/v2\/media?parent=61896"}],"wp:term":[{"taxonomy":"product_brand","embeddable":true,"href":"https:\/\/madelinefashion.pl\/sk\/wp-json\/wp\/v2\/product_brand?post=61896"},{"taxonomy":"product_cat","embeddable":true,"href":"https:\/\/madelinefashion.pl\/sk\/wp-json\/wp\/v2\/product_cat?post=61896"},{"taxonomy":"product_tag","embeddable":true,"href":"https:\/\/madelinefashion.pl\/sk\/wp-json\/wp\/v2\/product_tag?post=61896"}],"curies":[{"name":"pracovn\u00fd list","href":"https:\/\/api.w.org\/{rel}","templated":true}]}}

Zimná bunda s prírodnou kožušinou Maxi Cirros Black

<h3 style="text-align: center;">Zimná bunda s prírodnou kožušinou Maxi Cirros Black</h3>
<p style="text-align: center;"><strong>Zimná bunda s prírodnou kožušinou Maxi Cirros Black</strong> zdobené na kapucni prírodnou kožušinou - ktorá sa dá odopnúť. Bunda vo verzii Maxi, v tejto bunde vám nebude zima v mrazivých jesenných / zimných dňoch. Dá sa použiť v akomkoľvek <strong>styling</strong>ako ku klasickým džínsom, tak aj bielemu tričku na každodenné vychádzky. Bunda má dve vrecká. Fenomenálna vypasovaná bunda dostupná v našom e-shope v troch farebných variantoch. Je to isté <strong>musieť mať</strong> v každom šatníku! Vďaka správne zvoleným doplnkom ľahko vytvoríte jedinečné štylizácie. Vystúpte z davu s našou bundou. Bunda je dodávaná vo veľ<strong>  SML XL XL. </strong>Odporúčame merať presne podľa uvedenej tabuľky rozmerov. V prípade ďalších otázok k tomuto produktu nás neváhajte kontaktovať telefonicky alebo cez facebook.<strong><br />
</strong></p>
<h3 style="text-align: center;">Rozmery:</h3>
<p style="text-align: center;"><strong>S</strong></p>
<p style="text-align: center;">Celková dĺžka: 103 cm<br />
Šírka od pazuchy po pazuchu: 46-52 cm<br />
Dĺžka rukáva od ramena: 60 cm<br />
Dĺžka rukáva od podpazušia: 44 cm</p>
<p style="text-align: center;"><strong>m<br />
</strong>Celková dĺžka: 104 cm<br />
Šírka od pazuchy po pazuchu: 45-51 cm<br />
Dĺžka rukáva od ramena: 60 cm<br />
Dĺžka rukáva od podpazušia: 44 cm</p>
<p style="text-align: center;"><strong>L<br />
</strong>Celková dĺžka: 106 cm<br />
Šírka od pazuchy po pazuchu: 46-52 cm<br />
Dĺžka rukáva od ramena: 61 cm<br />
Dĺžka rukáva od podpazušia: 45 cm</p>
<p style="text-align: center;"><strong>XL</strong><br />
Celková dĺžka: 108 cm<br />
Šírka od pazuchy po pazuchu: 48-53 cm<br />
Dĺžka rukáva od ramena: 62 cm<br />
Dĺžka rukáva od podpazušia: 46 cm</p>
<p style="text-align: center;"><strong>XXL</strong><br />
Celková dĺžka: 110 cm<br />
Šírka od pazuchy po pazuchu: 52-56 cm<br />
Dĺžka rukáva od ramena: 64 cm<br />
Dĺžka rukáva od podpazušia: 50 cm</p>
<p style="text-align: center;">Rozmery sa môžu mierne líšiť od uvedených +/- 2cm. Všetky uvedené rozmery sú merané plošne.</p>
<table width="610">
<tbody>
<tr>
<td width="302">Meno modela</td>
<td width="302">Cirros Maxi</td>
</tr>
<tr>
<td width="302">Farba</td>
<td width="302">čierna</td>
</tr>
<tr>
<td width="302">veľkosti</td>
<td width="302">SML XL</td>
</tr>
<tr>
<td width="302">Móda</td>
<td width="302">Zhoda</td>
</tr>
<tr>
<td width="302">Hood</td>
<td width="302">Áno</td>
</tr>
<tr>
<td width="302">Zloženie</td>
<td width="302">100 % Polyester</td>
</tr>
</tbody>
</table>
<p style="text-align: center;"><span style="font-size: 10pt;"> </span></p>
<p style="text-align: center;">Model má <strong>169</strong> cm vysoký, nosí veľkosť každý deň <strong>S</strong></p>
<p style="text-align: center;">Šírka cez prsia 92 cm</p>
<p style="text-align: center;">Šírka v páse 62 cm</p>
<p style="text-align: center;">Šírka v bokoch 94 cm</p>
<p style="text-align: center;">

<p>Kurtka Zimowa Z Futerkiem Naturalnym Maxi Cirros Czarna Kurtka Zimowa Z Futerkiem Naturalnym Maxi Cirros Czarna ozdobiona na kapturze futerkiem naturalnym &#8211; które można odpiąć.  Kurtka w wersji maxi, w  mroźne jesienne / zimowe dni z pewnością w tej kurtce nie odczujesz chłodu. Można ją wykorzystać w każdej stylizacji, zarówno do klasycznych jeansów, białego t-shirtu na</p>
<div class="klb-readmore post-buttons"><a class="button black outline size-sm" href="https://madelinefashion.pl/sk/kurtka-zimowa-z-futerkiem-naturalnym-maxi-cirros-czarna/">Čítať ďalej <i class="klbth-icon-right-arrow"></i></a></div>

pracovný list
