{"id":620,"date":"2018-10-12T18:15:40","date_gmt":"2018-10-12T16:15:40","guid":{"rendered":"http:\/\/serwer2078743.home.pl\/?post_type=product&#038;p=620"},"modified":"2026-03-30T10:56:25","modified_gmt":"2026-03-30T08:56:25","slug":"plaszcz-pudrowy-roz-dlugi-z-flauszu","status":"publish","type":"product","link":"https:\/\/madelinefashion.pl\/sk\/plaszcz-pudrowy-roz-dlugi-z-flauszu\/","title":{"rendered":"Tmav\u00fd fuchsiov\u00fd dlh\u00fd fleecov\u00fd kab\u00e1t"},"content":{"rendered":"<h3 style=\"text-align: center;\">Tmav\u00fd fuchsiov\u00fd dlh\u00fd fleecov\u00fd kab\u00e1t<\/h3>\n<p style=\"text-align: center;\">Farba <strong>Fuchsiov\u00e1<\/strong> Tmav\u00e1 je inak amarantov\u00e1, v\u00fdrazn\u00e1 farba, ktor\u00e1 je mixom ru\u017eovej a fialovej. <strong>Energick\u00fd<\/strong> Farba <strong>Fuchsiov\u00e1<\/strong>\u00a0 \u2013 o\u017eivte svoj \u0161t\u00fdl nielen na jar! Fuchsiov\u00e9 oble\u010denie - <strong>svetloru\u017eov\u00e1<\/strong>\u00a0 nie s\u00fa len pre odv\u00e1\u017ene a ochotn\u00e9 \u017eeny <strong>vy\u010dnieva\u0165 z davu.<\/strong> <strong>Ob\u00e1lka kab\u00e1t\u00a0<\/strong>\u00a0je univerz\u00e1lny produkt \u2013 \u013eahko ho vyu\u017eijete na r\u00f4zne \u00fa\u010dely\u00a0\u00a0<strong>styling:<\/strong>\u00a0 elegantn\u00e9 a \u0161portov\u00e9,\u00a0<strong>bude perfektn\u00e1 v ka\u017edom ro\u010dnom obdob\u00ed<\/strong>, nie len\u00a0<strong>jar, jese\u0148<\/strong>\u00a0ak\u00a0<strong>zima<\/strong>. Vyroben\u00e9 z fleecu, v\u010faka \u010domu perfektne sed\u00ed. Kab\u00e1t vhodn\u00fd na ka\u017ed\u00fa pr\u00edle\u017eitos\u0165, navy\u0161e vyroben\u00fd z fleecu, dokonale sed\u00ed.<\/p>\n<h3 style=\"text-align: center;\">Perfektn\u00fd kab\u00e1t na ka\u017ed\u00fa pr\u00edle\u017eitos\u0165<\/h3>\n<p style=\"text-align: center;\">Fuchsia je v s\u00fa\u010dasnosti ve\u013emi ve\u013ea <strong>trendy farba<\/strong> a v tejto farbe si m\u00f4\u017eeme dovoli\u0165 naozaj v\u0161etky mo\u017en\u00e9 k\u00fasky \u0161atn\u00edka. Ve\u013ekos\u0165 <strong>univerz\u00e1lny <\/strong>\u00a0odpor\u00fa\u010dame pre d\u00e1my, ktor\u00e9 nosia ve\u013e\u00a0<strong>S, M, L, XL<\/strong> \u010do je obrovsk\u00e1 v\u00fdhoda tohto modelu. V ponuke <strong>m\u00e1me<\/strong> <strong>tie\u017e<\/strong> v\u00e4\u010d\u0161\u00ed <strong>PLUSOV\u00c1 VELKOS\u0164<\/strong> odpor\u00fa\u010dan\u00e9 pre d\u00e1my vo ve\u013e <strong>44,46,48,50<\/strong> . Kab\u00e1t <strong>zviazan\u00fd<\/strong>\u00a0 je dostupn\u00fd aj v in\u00fdch <strong>farebn\u00e9 varianty<\/strong> \u2013 odpor\u00fa\u010dame v\u00e1m zozn\u00e1mi\u0165 sa s na\u0161imi \u010fal\u0161\u00edmi produktmi. Ak sa neviete rozhodn\u00fa\u0165, ktor\u00e1 farba alebo ve\u013ekos\u0165 je pre v\u00e1s najvhodnej\u0161ia, kontaktujte n\u00e1s na Facebooku alebo telefonicky.<\/p>\n<h3 style=\"text-align: center;\">rozmery kab\u00e1ta:<\/h3>\n<ul style=\"text-align: center;\">\n<li>celkov\u00e1 d\u013a\u017eka chrbta: 90 cm<\/li>\n<li>\u0161\u00edrka od pazuchy po pazuchu: 52 cm<\/li>\n<li>d\u013a\u017eka ruk\u00e1va od ramena: 62 cm<\/li>\n<li>d\u013a\u017eka ruk\u00e1va od podpazu\u0161ia: 47 cm<\/li>\n<li>odpor\u00fa\u010dan\u00fd maxim\u00e1lny obvod poprsia: 125-130 cm<\/li>\n<li>\u0161\u00edrka v bicepsoch: 36 cm<\/li>\n<\/ul>\n<p style=\"text-align: center;\">Rozmery sa m\u00f4\u017eu mierne l\u00ed\u0161i\u0165 od uveden\u00fdch +\/- 2cm. V\u0161etky uveden\u00e9 rozmery s\u00fa meran\u00e9 plo\u0161ne.<\/p>\n<p style=\"text-align: center;\"><strong>\u00a0<\/strong><\/p>\n<table width=\"613\">\n<tbody>\n<tr>\n<td width=\"302\">Meno modela<\/td>\n<td width=\"302\">Fuchsiov\u00fd fleecov\u00fd kab\u00e1t<\/td>\n<\/tr>\n<tr>\n<td width=\"302\">Farba<\/td>\n<td width=\"302\">Amarant \/ Fuchsia<\/td>\n<\/tr>\n<tr>\n<td width=\"302\">Zbierka<\/td>\n<td width=\"302\">jar\/jese\u0148\/zima<\/td>\n<\/tr>\n<tr>\n<td width=\"302\">ve\u013ekosti<\/td>\n<td width=\"302\">Univerz\u00e1lny<\/td>\n<\/tr>\n<tr>\n<td width=\"302\">M\u00f3da<\/td>\n<td width=\"302\">nadrozmern\u00e9<\/td>\n<\/tr>\n<tr>\n<td width=\"302\">Hood<\/td>\n<td width=\"302\">Bez kapucne<\/td>\n<\/tr>\n<tr>\n<td width=\"302\">vreck\u00e1<\/td>\n<td width=\"302\">\u00c1no<\/td>\n<\/tr>\n<tr>\n<td width=\"302\">Materi\u00e1l<\/td>\n<td width=\"302\">Petersham<\/td>\n<\/tr>\n<\/tbody>\n<\/table>\n<p>&nbsp;<\/p>\n<p style=\"text-align: center;\">Model m\u00e1\u00a0<strong>169<\/strong>\u00a0cm vysok\u00fd, nos\u00ed ve\u013ekos\u0165 ka\u017ed\u00fd de\u0148\u00a0<strong>S<\/strong><\/p>\n<p style=\"text-align: center;\">\u0160\u00edrka cez prsia 92 cm<\/p>\n<p style=\"text-align: center;\">\u0160\u00edrka v p\u00e1se 62 cm<\/p>\n<p style=\"text-align: center;\">\u0160\u00edrka v bokoch 94 cm<\/p>\n<p style=\"text-align: center;\">","protected":false},"excerpt":{"rendered":"<p>P\u0142aszcz Fuksja Ciemna D\u0142ugi z Flauszu Kolor Fuksja Ciemna\u00a0 to inaczej amarant, wyrazista barwa b\u0119d\u0105ca mieszank\u0105 r\u00f3\u017cu i fioletu. Energetyczny kolor Fuksja\u00a0 &#8211; o\u017cyw sw\u00f3j styl nie tylko na wiosn\u0119!\u00a0 Ubrania w kolorze Fuksji &#8211; wyra\u017anego r\u00f3\u017cu\u00a0 s\u0105 nie tylko dla kobiet odwa\u017cnych, chc\u0105cych wyr\u00f3\u017cni\u0107 si\u0119 z t\u0142umu. P\u0142aszcz kopertowy\u00a0\u00a0jest uniwersalnym produktem- z \u0142atwo\u015bci\u0105 wykorzystasz<\/p>\n<div class=\"klb-readmore post-buttons\"><a class=\"button black outline size-sm\" href=\"https:\/\/madelinefashion.pl\/sk\/plaszcz-pudrowy-roz-dlugi-z-flauszu\/\">\u010c\u00edta\u0165 \u010falej <i class=\"klbth-icon-right-arrow\"><\/i><\/a><\/div>","protected":false},"featured_media":31913,"template":"","meta":[],"product_brand":[],"product_cat":[120,279],"product_tag":[510],"class_list":{"0":"post-620","1":"product","2":"type-product","3":"status-publish","4":"has-post-thumbnail","6":"product_cat-plaszcze-dlugie","7":"product_cat-plaszcze-wiosenne","8":"product_tag-plaszcze-flauszowe","10":"first","11":"instock","12":"sale","13":"purchasable","14":"product-type-simple"},"_links":{"self":[{"href":"https:\/\/madelinefashion.pl\/sk\/wp-json\/wp\/v2\/product\/620","targetHints":{"allow":["GET"]}}],"collection":[{"href":"https:\/\/madelinefashion.pl\/sk\/wp-json\/wp\/v2\/product"}],"about":[{"href":"https:\/\/madelinefashion.pl\/sk\/wp-json\/wp\/v2\/types\/product"}],"wp:featuredmedia":[{"embeddable":true,"href":"https:\/\/madelinefashion.pl\/sk\/wp-json\/wp\/v2\/media\/31913"}],"wp:attachment":[{"href":"https:\/\/madelinefashion.pl\/sk\/wp-json\/wp\/v2\/media?parent=620"}],"wp:term":[{"taxonomy":"product_brand","embeddable":true,"href":"https:\/\/madelinefashion.pl\/sk\/wp-json\/wp\/v2\/product_brand?post=620"},{"taxonomy":"product_cat","embeddable":true,"href":"https:\/\/madelinefashion.pl\/sk\/wp-json\/wp\/v2\/product_cat?post=620"},{"taxonomy":"product_tag","embeddable":true,"href":"https:\/\/madelinefashion.pl\/sk\/wp-json\/wp\/v2\/product_tag?post=620"}],"curies":[{"name":"pracovn\u00fd list","href":"https:\/\/api.w.org\/{rel}","templated":true}]}}

Tmavý fuchsiový dlhý fleecový kabát

<h3 style="text-align: center;">Tmavý fuchsiový dlhý fleecový kabát</h3>
<p style="text-align: center;">Farba <strong>Fuchsiová</strong> Tmavá je inak amarantová, výrazná farba, ktorá je mixom ružovej a fialovej. <strong>Energický</strong> Farba <strong>Fuchsiová</strong>  – oživte svoj štýl nielen na jar! Fuchsiové oblečenie - <strong>svetloružová</strong>  nie sú len pre odvážne a ochotné ženy <strong>vyčnievať z davu.</strong> <strong>Obálka kabát </strong> je univerzálny produkt – ľahko ho využijete na rôzne účely  <strong>styling:</strong>  elegantné a športové, <strong>bude perfektná v každom ročnom období</strong>, nie len <strong>jar, jeseň</strong> ak <strong>zima</strong>. Vyrobené z fleecu, vďaka čomu perfektne sedí. Kabát vhodný na každú príležitosť, navyše vyrobený z fleecu, dokonale sedí.</p>
<h3 style="text-align: center;">Perfektný kabát na každú príležitosť</h3>
<p style="text-align: center;">Fuchsia je v súčasnosti veľmi veľa <strong>trendy farba</strong> a v tejto farbe si môžeme dovoliť naozaj všetky možné kúsky šatníka. Veľkosť <strong>univerzálny </strong> odporúčame pre dámy, ktoré nosia veľ <strong>S, M, L, XL</strong> čo je obrovská výhoda tohto modelu. V ponuke <strong>máme</strong> <strong>tiež</strong> väčší <strong>PLUSOVÁ VELKOSŤ</strong> odporúčané pre dámy vo veľ <strong>44,46,48,50</strong> . Kabát <strong>zviazaný</strong>  je dostupný aj v iných <strong>farebné varianty</strong> – odporúčame vám zoznámiť sa s našimi ďalšími produktmi. Ak sa neviete rozhodnúť, ktorá farba alebo veľkosť je pre vás najvhodnejšia, kontaktujte nás na Facebooku alebo telefonicky.</p>
<h3 style="text-align: center;">rozmery kabáta:</h3>
<ul style="text-align: center;">
<li>celková dĺžka chrbta: 90 cm</li>
<li>šírka od pazuchy po pazuchu: 52 cm</li>
<li>dĺžka rukáva od ramena: 62 cm</li>
<li>dĺžka rukáva od podpazušia: 47 cm</li>
<li>odporúčaný maximálny obvod poprsia: 125-130 cm</li>
<li>šírka v bicepsoch: 36 cm</li>
</ul>
<p style="text-align: center;">Rozmery sa môžu mierne líšiť od uvedených +/- 2cm. Všetky uvedené rozmery sú merané plošne.</p>
<p style="text-align: center;"><strong> </strong></p>
<table width="613">
<tbody>
<tr>
<td width="302">Meno modela</td>
<td width="302">Fuchsiový fleecový kabát</td>
</tr>
<tr>
<td width="302">Farba</td>
<td width="302">Amarant / Fuchsia</td>
</tr>
<tr>
<td width="302">Zbierka</td>
<td width="302">jar/jeseň/zima</td>
</tr>
<tr>
<td width="302">veľkosti</td>
<td width="302">Univerzálny</td>
</tr>
<tr>
<td width="302">Móda</td>
<td width="302">nadrozmerné</td>
</tr>
<tr>
<td width="302">Hood</td>
<td width="302">Bez kapucne</td>
</tr>
<tr>
<td width="302">vrecká</td>
<td width="302">Áno</td>
</tr>
<tr>
<td width="302">Materiál</td>
<td width="302">Petersham</td>
</tr>
</tbody>
</table>
<p>&nbsp;</p>
<p style="text-align: center;">Model má <strong>169</strong> cm vysoký, nosí veľkosť každý deň <strong>S</strong></p>
<p style="text-align: center;">Šírka cez prsia 92 cm</p>
<p style="text-align: center;">Šírka v páse 62 cm</p>
<p style="text-align: center;">Šírka v bokoch 94 cm</p>
<p style="text-align: center;">

<p>Płaszcz Fuksja Ciemna Długi z Flauszu Kolor Fuksja Ciemna  to inaczej amarant, wyrazista barwa będąca mieszanką różu i fioletu. Energetyczny kolor Fuksja  &#8211; ożyw swój styl nie tylko na wiosnę!  Ubrania w kolorze Fuksji &#8211; wyraźnego różu  są nie tylko dla kobiet odważnych, chcących wyróżnić się z tłumu. Płaszcz kopertowy  jest uniwersalnym produktem- z łatwością wykorzystasz</p>
<div class="klb-readmore post-buttons"><a class="button black outline size-sm" href="https://madelinefashion.pl/sk/plaszcz-pudrowy-roz-dlugi-z-flauszu/">Čítať ďalej <i class="klbth-icon-right-arrow"></i></a></div>

pracovný list
