{"id":62432,"date":"2022-10-12T13:57:59","date_gmt":"2022-10-12T11:57:59","guid":{"rendered":"https:\/\/madelinefashion.pl\/?post_type=product&#038;p=62432"},"modified":"2026-03-01T12:58:29","modified_gmt":"2026-03-01T11:58:29","slug":"czapka-zimowa-z-paskiem-kolibra-pudrowy-roz","status":"publish","type":"product","link":"https:\/\/madelinefashion.pl\/sk\/czapka-zimowa-z-paskiem-kolibra-pudrowy-roz\/","title":{"rendered":"Zimn\u00e1 \u010diapka s opaskom kolibr\u00edk v ru\u017eovej farbe"},"content":{"rendered":"<h3 style=\"text-align: center;\">Zimn\u00e1 \u010diapka s opaskom kolibr\u00edk v ru\u017eovej farbe<\/h3>\n<ul style=\"text-align: center;\">\n<li>\u010ciapka je vyroben\u00e1 z pr\u00edjemn\u00e9ho tepl\u00e9ho materi\u00e1lu<\/li>\n<li>Jesenno-zimn\u00e1 \u010diapka pod\u0161it\u00e1 flisom<\/li>\n<li>\u010ciapka m\u00e1 ozdobn\u00fd biely pr\u00fa\u017eok<\/li>\n<li>Ide\u00e1lna ponuka na nadch\u00e1dzaj\u00face chladn\u00e9 dni.<\/li>\n<li>Ve\u013emi pr\u00edjemn\u00e9 na pou\u017e\u00edvanie.<\/li>\n<li>Po\u013esk\u00fd v\u00fdrobok<\/li>\n<\/ul>\n<h3 style=\"text-align: center;\">Rozmery uz\u00e1veru:<\/h3>\n<ul style=\"text-align: center;\">\n<li>Univerz\u00e1lna ve\u013ekos\u0165,<\/li>\n<li>Pohodln\u00e9, nestl\u00e1\u010da hlavu, vo\u013ene sa prisp\u00f4sobuje jej tvaru,<\/li>\n<li>V\u00fd\u0161ka klob\u00faka: 24 cm,<\/li>\n<li>Obvod \u010diapky: 2 x 23 cm (meran\u00e9 naplocho)<\/li>\n<li>Maxim\u00e1lny obvod \u010diapky je 54 cm<\/li>\n<li><\/li>\n<\/ul>\n<table class=\"aligncenter\" style=\"margin-left: auto; margin-right: auto; height: 192px;\" width=\"611\">\n<tbody>\n<tr>\n<td width=\"302\">Model<\/td>\n<td width=\"302\">kolibr\u00edk<\/td>\n<\/tr>\n<tr>\n<td width=\"302\">Farba<\/td>\n<td width=\"302\">P\u00fadrov\u00e1 ru\u017eov\u00e1<\/td>\n<\/tr>\n<tr>\n<td width=\"302\">Zbierka<\/td>\n<td width=\"302\">jar\/jese\u0148\/zima<\/td>\n<\/tr>\n<tr>\n<td width=\"302\">ve\u013ekosti<\/td>\n<td width=\"302\">Univerz\u00e1lny<\/td>\n<\/tr>\n<tr>\n<td width=\"302\">deti<\/td>\n<td width=\"302\">od 3 rokov<\/td>\n<\/tr>\n<tr>\n<td width=\"302\">izolovan\u00e9<\/td>\n<td width=\"302\">Fleece<\/td>\n<\/tr>\n<tr>\n<td width=\"302\"><\/td>\n<td width=\"302\"><\/td>\n<\/tr>\n<\/tbody>\n<\/table>\n<p style=\"text-align: center;\">","protected":false},"excerpt":{"rendered":"<p>Czapka Zimowa z Paskiem Kolibra Pudrowy R\u00f3\u017c Czapka wykonana jest z ciep\u0142ego, mi\u0142ego materia\u0142y Czapka Jesienno-zimowa podszyta polarem Czapka posiada ozdobny pasek w kolorze bia\u0142ym Idealna propozycja na nadchodz\u0105ce ch\u0142odne dni. Bardzo\u00a0 przyjemna w u\u017cytkowaniu. Produkt Polski Wymiary czapka: Rozmiar uniwersalny, Wygodna, nie uciska g\u0142owy, swobodnie dopasowuje si\u0119 do jej kszta\u0142tu, Wysoko\u015b\u0107 czapki: 24 cm,<\/p>\n<div class=\"klb-readmore post-buttons\"><a class=\"button black outline size-sm\" href=\"https:\/\/madelinefashion.pl\/sk\/czapka-zimowa-z-paskiem-kolibra-pudrowy-roz\/\">\u010c\u00edta\u0165 \u010falej <i class=\"klbth-icon-right-arrow\"><\/i><\/a><\/div>","protected":false},"featured_media":62320,"template":"","meta":[],"product_brand":[],"product_cat":[115,395],"product_tag":[],"class_list":{"0":"post-62432","1":"product","2":"type-product","3":"status-publish","4":"has-post-thumbnail","6":"product_cat-czapki","7":"product_cat-nowosci","9":"first","10":"instock","11":"sale","12":"purchasable","13":"product-type-simple"},"_links":{"self":[{"href":"https:\/\/madelinefashion.pl\/sk\/wp-json\/wp\/v2\/product\/62432","targetHints":{"allow":["GET"]}}],"collection":[{"href":"https:\/\/madelinefashion.pl\/sk\/wp-json\/wp\/v2\/product"}],"about":[{"href":"https:\/\/madelinefashion.pl\/sk\/wp-json\/wp\/v2\/types\/product"}],"wp:featuredmedia":[{"embeddable":true,"href":"https:\/\/madelinefashion.pl\/sk\/wp-json\/wp\/v2\/media\/62320"}],"wp:attachment":[{"href":"https:\/\/madelinefashion.pl\/sk\/wp-json\/wp\/v2\/media?parent=62432"}],"wp:term":[{"taxonomy":"product_brand","embeddable":true,"href":"https:\/\/madelinefashion.pl\/sk\/wp-json\/wp\/v2\/product_brand?post=62432"},{"taxonomy":"product_cat","embeddable":true,"href":"https:\/\/madelinefashion.pl\/sk\/wp-json\/wp\/v2\/product_cat?post=62432"},{"taxonomy":"product_tag","embeddable":true,"href":"https:\/\/madelinefashion.pl\/sk\/wp-json\/wp\/v2\/product_tag?post=62432"}],"curies":[{"name":"pracovn\u00fd list","href":"https:\/\/api.w.org\/{rel}","templated":true}]}}

Zimná čiapka s opaskom kolibrík v ružovej farbe

<h3 style="text-align: center;">Zimná čiapka s opaskom kolibrík v ružovej farbe</h3>
<ul style="text-align: center;">
<li>Čiapka je vyrobená z príjemného teplého materiálu</li>
<li>Jesenno-zimná čiapka podšitá flisom</li>
<li>Čiapka má ozdobný biely prúžok</li>
<li>Ideálna ponuka na nadchádzajúce chladné dni.</li>
<li>Veľmi príjemné na používanie.</li>
<li>Poľský výrobok</li>
</ul>
<h3 style="text-align: center;">Rozmery uzáveru:</h3>
<ul style="text-align: center;">
<li>Univerzálna veľkosť,</li>
<li>Pohodlné, nestláča hlavu, voľne sa prispôsobuje jej tvaru,</li>
<li>Výška klobúka: 24 cm,</li>
<li>Obvod čiapky: 2 x 23 cm (merané naplocho)</li>
<li>Maximálny obvod čiapky je 54 cm</li>
<li></li>
</ul>
<table class="aligncenter" style="margin-left: auto; margin-right: auto; height: 192px;" width="611">
<tbody>
<tr>
<td width="302">Model</td>
<td width="302">kolibrík</td>
</tr>
<tr>
<td width="302">Farba</td>
<td width="302">Púdrová ružová</td>
</tr>
<tr>
<td width="302">Zbierka</td>
<td width="302">jar/jeseň/zima</td>
</tr>
<tr>
<td width="302">veľkosti</td>
<td width="302">Univerzálny</td>
</tr>
<tr>
<td width="302">deti</td>
<td width="302">od 3 rokov</td>
</tr>
<tr>
<td width="302">izolované</td>
<td width="302">Fleece</td>
</tr>
<tr>
<td width="302"></td>
<td width="302"></td>
</tr>
</tbody>
</table>
<p style="text-align: center;">

<p>Czapka Zimowa z Paskiem Kolibra Pudrowy Róż Czapka wykonana jest z ciepłego, miłego materiały Czapka Jesienno-zimowa podszyta polarem Czapka posiada ozdobny pasek w kolorze białym Idealna propozycja na nadchodzące chłodne dni. Bardzo  przyjemna w użytkowaniu. Produkt Polski Wymiary czapka: Rozmiar uniwersalny, Wygodna, nie uciska głowy, swobodnie dopasowuje się do jej kształtu, Wysokość czapki: 24 cm,</p>
<div class="klb-readmore post-buttons"><a class="button black outline size-sm" href="https://madelinefashion.pl/sk/czapka-zimowa-z-paskiem-kolibra-pudrowy-roz/">Čítať ďalej <i class="klbth-icon-right-arrow"></i></a></div>

pracovný list
