{"id":637,"date":"2018-10-12T18:32:18","date_gmt":"2018-10-12T16:32:18","guid":{"rendered":"http:\/\/serwer2078743.home.pl\/?post_type=product&#038;p=637"},"modified":"2026-04-14T06:42:46","modified_gmt":"2026-04-14T04:42:46","slug":"plaszcz-limonka-dlugi-z-flauszu","status":"publish","type":"product","link":"https:\/\/madelinefashion.pl\/sk\/plaszcz-limonka-dlugi-z-flauszu\/","title":{"rendered":"Limetkov\u00fd dlh\u00fd fleecov\u00fd kab\u00e1t"},"content":{"rendered":"<h3 style=\"text-align: center;\">Limetkov\u00fd dlh\u00fd fleecov\u00fd kab\u00e1t<\/h3>\n<p style=\"text-align: center;\">Energick\u00e1 limetkov\u00e1 farba - o\u017eivte svoj \u0161t\u00fdl nielen na jar! Prehliadkov\u00fdm m\u00f3lam kra\u013euje ne\u00f3nov\u00e9 oble\u010denie, siahnete aj po \u0161\u0165avnatej limetke? Je spojen\u00edm elegancie, modernosti a funk\u010dnosti - Kab\u00e1t je univerz\u00e1lny - hod\u00ed sa na ka\u017ed\u00fa pr\u00edle\u017eitos\u0165, bude perfektn\u00fd v ka\u017edom ro\u010dnom obdob\u00ed, navy\u0161e vyroben\u00fd z fleecu skvele padne.<\/p>\n<h3 style=\"text-align: center;\">Perfektn\u00fd kab\u00e1t na ka\u017ed\u00fa pr\u00edle\u017eitos\u0165<\/h3>\n<p style=\"text-align: center;\">Skuto\u010dn\u00fdm hitom je Limetkov\u00e1 farba kab\u00e1tu \u2013 t\u00e1to farba je skuto\u010dn\u00fdm bestsellerom, ktor\u00fd si vyber\u00e1 ve\u013ea \u017eien. Farba dod\u00e1va energiu a charakter, ale tie\u017e v\u00e1m umo\u017e\u0148uje zladi\u0165 ju s r\u00f4znymi \u0161t\u00fdlmi.\u00a0<strong>Ob\u00e1lka kab\u00e1t\u00a0<\/strong>\u00a0je univerz\u00e1lny produkt \u2013 \u013eahko ho vyu\u017eijete na r\u00f4zne \u00fa\u010dely\u00a0\u00a0<strong>styling:<\/strong>\u00a0 elegantn\u00e9 a \u0161portov\u00e9,\u00a0<strong>bude perfektn\u00e1 v ka\u017edom ro\u010dnom obdob\u00ed<\/strong>, nie len\u00a0<strong>jar, jese\u0148<\/strong>\u00a0ak\u00a0<strong>zima<\/strong>. Vyroben\u00e9 z fleecu, v\u010faka \u010domu perfektne sed\u00ed. Perfektn\u00fd kab\u00e1t na ka\u017ed\u00fa pr\u00edle\u017eitos\u0165. V ponuke <strong>m\u00e1me<\/strong> <strong>tie\u017e<\/strong> v\u00e4\u010d\u0161\u00ed <strong>PLUSOV\u00c1 VELKOS\u0164<\/strong> odpor\u00fa\u010dan\u00e9 pre d\u00e1my vo ve\u013e <strong>44,46,48,50<\/strong>\u00a0. Kab\u00e1t je dostupn\u00fd aj v in\u00fdch <strong>farebn\u00e9 varianty<\/strong> \u2013 odpor\u00fa\u010dame v\u00e1m zozn\u00e1mi\u0165 sa s na\u0161imi \u010fal\u0161\u00edmi produktmi. Ak sa neviete rozhodn\u00fa\u0165, ktor\u00e1 farba alebo ve\u013ekos\u0165 je pre v\u00e1s najvhodnej\u0161ia, kontaktujte n\u00e1s na Facebooku alebo telefonicky.<\/p>\n<h3 style=\"text-align: center;\">Rozmery dlh\u00e9ho kab\u00e1ta:<\/h3>\n<ul style=\"text-align: center;\">\n<li>celkov\u00e1 d\u013a\u017eka chrbta: 90 cm<\/li>\n<li>\u0161\u00edrka od pazuchy po pazuchu: 52 cm<\/li>\n<li>d\u013a\u017eka ruk\u00e1va od ramena: 62 cm<\/li>\n<li>d\u013a\u017eka ruk\u00e1va od podpazu\u0161ia: 47 cm<\/li>\n<li>odpor\u00fa\u010dan\u00fd maxim\u00e1lny obvod poprsia: 125-130 cm<\/li>\n<li>\u0161\u00edrka v bicepsoch: 36 cm<\/li>\n<\/ul>\n<p style=\"text-align: center;\">Rozmery sa m\u00f4\u017eu mierne l\u00ed\u0161i\u0165 od uveden\u00fdch +\/- 2cm. V\u0161etky uveden\u00e9 rozmery s\u00fa meran\u00e9 plo\u0161ne.<\/p>\n<p style=\"text-align: center;\"><strong>\u00a0Jedna ve\u013ekos\u0165 pre v\u0161etk\u00fdch, odpor\u00fa\u010dan\u00e1 SML XL\u00a0<\/strong><\/p>\n<table width=\"616\">\n<tbody>\n<tr>\n<td width=\"302\">Meno modela<\/td>\n<td width=\"302\">Kab\u00e1t z citr\u00f3nov\u00e9ho r\u00fana<\/td>\n<\/tr>\n<tr>\n<td width=\"302\">Farba<\/td>\n<td width=\"302\">Limetka<\/td>\n<\/tr>\n<tr>\n<td width=\"302\">Zbierka<\/td>\n<td width=\"302\">jar\/jese\u0148\/zima<\/td>\n<\/tr>\n<tr>\n<td width=\"302\">ve\u013ekosti<\/td>\n<td width=\"302\">Univerz\u00e1lny<\/td>\n<\/tr>\n<tr>\n<td width=\"302\">M\u00f3da<\/td>\n<td width=\"302\">nadrozmern\u00e9<\/td>\n<\/tr>\n<tr>\n<td width=\"302\">Hood<\/td>\n<td width=\"302\">Bez kapucne<\/td>\n<\/tr>\n<tr>\n<td width=\"302\">izolovan\u00e9<\/td>\n<td width=\"302\">jednopl\u00e1\u0161\u0165ov\u00e9<\/td>\n<\/tr>\n<tr>\n<td width=\"302\">Materi\u00e1l<\/td>\n<td width=\"302\">Petersham<\/td>\n<\/tr>\n<\/tbody>\n<\/table>\n<p>&nbsp;<\/p>\n<p style=\"text-align: center;\">Model m\u00e1\u00a0<strong>169<\/strong>\u00a0cm vysok\u00fd, nos\u00ed ve\u013ekos\u0165 ka\u017ed\u00fd de\u0148\u00a0<strong>S<\/strong><\/p>\n<p style=\"text-align: center;\">\u0160\u00edrka cez prsia 92 cm<\/p>\n<p style=\"text-align: center;\">\u0160\u00edrka v p\u00e1se 62 cm<\/p>\n<p style=\"text-align: center;\">\u0160\u00edrka v bokoch 94 cm<\/p>","protected":false},"excerpt":{"rendered":"<p>P\u0142aszcz Limonka D\u0142ugi z Flauszu Energetyczny kolor limonkowy\u00a0 &#8211; o\u017cyw sw\u00f3j styl nie tylko na wiosn\u0119!\u00a0\u00a0Neonowe ubrania kr\u00f3luj\u0105 na wybiegach, czy i Ty si\u0119gniesz po soczyst\u0105 limonk\u0119?\u00a0Jest to po\u0142\u0105czenie elegancji, nowoczesno\u015bci i funkcjonalno\u015bci \u2013 P\u0142aszcz jest uniwersalny \u2013 jest stosowny na ka\u017cd\u0105 okazj\u0119, \u015bwietnie sprawdzi si\u0119 w ka\u017cdej porze roku, dodatkowo wykonanie z flauszu sprawia,<\/p>\n<div class=\"klb-readmore post-buttons\"><a class=\"button black outline size-sm\" href=\"https:\/\/madelinefashion.pl\/sk\/plaszcz-limonka-dlugi-z-flauszu\/\">\u010c\u00edta\u0165 \u010falej <i class=\"klbth-icon-right-arrow\"><\/i><\/a><\/div>","protected":false},"featured_media":34772,"template":"","meta":[],"product_brand":[],"product_cat":[120,395,279],"product_tag":[510],"class_list":{"0":"post-637","1":"product","2":"type-product","3":"status-publish","4":"has-post-thumbnail","6":"product_cat-plaszcze-dlugie","7":"product_cat-nowosci","8":"product_cat-plaszcze-wiosenne","9":"product_tag-plaszcze-flauszowe","11":"first","12":"instock","13":"sale","14":"purchasable","15":"product-type-simple"},"_links":{"self":[{"href":"https:\/\/madelinefashion.pl\/sk\/wp-json\/wp\/v2\/product\/637","targetHints":{"allow":["GET"]}}],"collection":[{"href":"https:\/\/madelinefashion.pl\/sk\/wp-json\/wp\/v2\/product"}],"about":[{"href":"https:\/\/madelinefashion.pl\/sk\/wp-json\/wp\/v2\/types\/product"}],"wp:featuredmedia":[{"embeddable":true,"href":"https:\/\/madelinefashion.pl\/sk\/wp-json\/wp\/v2\/media\/34772"}],"wp:attachment":[{"href":"https:\/\/madelinefashion.pl\/sk\/wp-json\/wp\/v2\/media?parent=637"}],"wp:term":[{"taxonomy":"product_brand","embeddable":true,"href":"https:\/\/madelinefashion.pl\/sk\/wp-json\/wp\/v2\/product_brand?post=637"},{"taxonomy":"product_cat","embeddable":true,"href":"https:\/\/madelinefashion.pl\/sk\/wp-json\/wp\/v2\/product_cat?post=637"},{"taxonomy":"product_tag","embeddable":true,"href":"https:\/\/madelinefashion.pl\/sk\/wp-json\/wp\/v2\/product_tag?post=637"}],"curies":[{"name":"pracovn\u00fd list","href":"https:\/\/api.w.org\/{rel}","templated":true}]}}

Limetkový dlhý fleecový kabát

<h3 style="text-align: center;">Limetkový dlhý fleecový kabát</h3>
<p style="text-align: center;">Energická limetková farba - oživte svoj štýl nielen na jar! Prehliadkovým mólam kraľuje neónové oblečenie, siahnete aj po šťavnatej limetke? Je spojením elegancie, modernosti a funkčnosti - Kabát je univerzálny - hodí sa na každú príležitosť, bude perfektný v každom ročnom období, navyše vyrobený z fleecu skvele padne.</p>
<h3 style="text-align: center;">Perfektný kabát na každú príležitosť</h3>
<p style="text-align: center;">Skutočným hitom je Limetková farba kabátu – táto farba je skutočným bestsellerom, ktorý si vyberá veľa žien. Farba dodáva energiu a charakter, ale tiež vám umožňuje zladiť ju s rôznymi štýlmi. <strong>Obálka kabát </strong> je univerzálny produkt – ľahko ho využijete na rôzne účely  <strong>styling:</strong>  elegantné a športové, <strong>bude perfektná v každom ročnom období</strong>, nie len <strong>jar, jeseň</strong> ak <strong>zima</strong>. Vyrobené z fleecu, vďaka čomu perfektne sedí. Perfektný kabát na každú príležitosť. V ponuke <strong>máme</strong> <strong>tiež</strong> väčší <strong>PLUSOVÁ VELKOSŤ</strong> odporúčané pre dámy vo veľ <strong>44,46,48,50</strong> . Kabát je dostupný aj v iných <strong>farebné varianty</strong> – odporúčame vám zoznámiť sa s našimi ďalšími produktmi. Ak sa neviete rozhodnúť, ktorá farba alebo veľkosť je pre vás najvhodnejšia, kontaktujte nás na Facebooku alebo telefonicky.</p>
<h3 style="text-align: center;">Rozmery dlhého kabáta:</h3>
<ul style="text-align: center;">
<li>celková dĺžka chrbta: 90 cm</li>
<li>šírka od pazuchy po pazuchu: 52 cm</li>
<li>dĺžka rukáva od ramena: 62 cm</li>
<li>dĺžka rukáva od podpazušia: 47 cm</li>
<li>odporúčaný maximálny obvod poprsia: 125-130 cm</li>
<li>šírka v bicepsoch: 36 cm</li>
</ul>
<p style="text-align: center;">Rozmery sa môžu mierne líšiť od uvedených +/- 2cm. Všetky uvedené rozmery sú merané plošne.</p>
<p style="text-align: center;"><strong> Jedna veľkosť pre všetkých, odporúčaná SML XL </strong></p>
<table width="616">
<tbody>
<tr>
<td width="302">Meno modela</td>
<td width="302">Kabát z citrónového rúna</td>
</tr>
<tr>
<td width="302">Farba</td>
<td width="302">Limetka</td>
</tr>
<tr>
<td width="302">Zbierka</td>
<td width="302">jar/jeseň/zima</td>
</tr>
<tr>
<td width="302">veľkosti</td>
<td width="302">Univerzálny</td>
</tr>
<tr>
<td width="302">Móda</td>
<td width="302">nadrozmerné</td>
</tr>
<tr>
<td width="302">Hood</td>
<td width="302">Bez kapucne</td>
</tr>
<tr>
<td width="302">izolované</td>
<td width="302">jednoplášťové</td>
</tr>
<tr>
<td width="302">Materiál</td>
<td width="302">Petersham</td>
</tr>
</tbody>
</table>
<p>&nbsp;</p>
<p style="text-align: center;">Model má <strong>169</strong> cm vysoký, nosí veľkosť každý deň <strong>S</strong></p>
<p style="text-align: center;">Šírka cez prsia 92 cm</p>
<p style="text-align: center;">Šírka v páse 62 cm</p>
<p style="text-align: center;">Šírka v bokoch 94 cm</p>

<p>Płaszcz Limonka Długi z Flauszu Energetyczny kolor limonkowy  &#8211; ożyw swój styl nie tylko na wiosnę!  Neonowe ubrania królują na wybiegach, czy i Ty sięgniesz po soczystą limonkę? Jest to połączenie elegancji, nowoczesności i funkcjonalności – Płaszcz jest uniwersalny – jest stosowny na każdą okazję, świetnie sprawdzi się w każdej porze roku, dodatkowo wykonanie z flauszu sprawia,</p>
<div class="klb-readmore post-buttons"><a class="button black outline size-sm" href="https://madelinefashion.pl/sk/plaszcz-limonka-dlugi-z-flauszu/">Čítať ďalej <i class="klbth-icon-right-arrow"></i></a></div>

pracovný list
