{"id":6379,"date":"2021-03-23T19:06:27","date_gmt":"2021-03-23T18:06:27","guid":{"rendered":"https:\/\/madelinefashion.pl\/?post_type=product&#038;p=6379"},"modified":"2026-01-20T10:34:41","modified_gmt":"2026-01-20T09:34:41","slug":"bluza-z-kapturem-serce-czarna","status":"publish","type":"product","link":"https:\/\/madelinefashion.pl\/sk\/bluza-z-kapturem-serce-czarna\/","title":{"rendered":"Mikina s \u010diernym srdcom"},"content":{"rendered":"<h3 style=\"text-align: center;\">Mikina s \u010diernym srdcom<\/h3>\n<p style=\"text-align: center;\">H\u013ead\u00e1te pohodln\u00e9 a <strong>\u0161t\u00fdlov\u00e9 mikiny<\/strong>ktor\u00e9 m\u00f4\u017eete nosi\u0165 aj vy <a href=\"https:\/\/madelinefashion.pl\/sk\/sukienki-i-kombinezony\/sukienki\/\" target=\"_blank\" rel=\"noopener\">\u0161aty<\/a> alebo tunika? <strong>\u00a0<\/strong>\u013dahk\u00e1 mikina sa bude hodi\u0165 na ka\u017ed\u00e9 ro\u010dn\u00e9 obdobie. Mikina vpredu m\u00e1 <strong>mot\u00edv srdca<\/strong>. Vyroben\u00e9 z pr\u00edjemn\u00e9ho a \u013eahk\u00e9ho materi\u00e1lu. Klasick\u00fd strih sa bude hodi\u0165 do \u0161koly, pr\u00e1ce alebo na ka\u017edodenn\u00e9 vych\u00e1dzky. <strong>\u010cierna mikina s kapuc\u0148ou<\/strong>\u00a0<i>toto <\/i>\u00a0perfektn\u00fd n\u00e1pad pre pohodln\u00fd a m\u00f3dny styling. Odpor\u00fa\u010da sa pre \u017eeny vo ve\u013ekosti <strong>SML XL XXL<\/strong><\/p>\n<h3 style=\"text-align: center;\">\u00a0 \u00a0 \u00a0 \u00a0Rozmery<\/h3>\n<ul style=\"text-align: center;\">\n<li style=\"list-style-type: none;\">\n<ul>\n<li>\u00a0\u00a0\u00a0\u00a0\u00a0\u00a0\u00a0 celkov\u00e1 predn\u00e1 d\u013a\u017eka: 80 cm<\/li>\n<li>celkov\u00e1 d\u013a\u017eka chrbta: 94 cm<\/li>\n<li>\u00a0\u00a0\u00a0\u00a0\u00a0\u00a0\u00a0 \u0161\u00edrka od pazuchy po pazuchu: 56 cm<\/li>\n<li>\u00a0\u00a0\u00a0\u00a0\u00a0\u00a0\u00a0 d\u013a\u017eka ruk\u00e1va od ramena: 50 cm<\/li>\n<li>\u00a0\u00a0\u00a0\u00a0\u00a0\u00a0\u00a0 d\u013a\u017eka ruk\u00e1va od pazuchy: 40 cm<\/li>\n<li>\u00a0\u00a0\u00a0\u00a0\u00a0\u00a0\u00a0 odpor\u00fa\u010dan\u00fd maxim\u00e1lny obvod poprsia: 112 cm<\/li>\n<\/ul>\n<\/li>\n<\/ul>\n<table>\n<tbody>\n<tr>\n<td width=\"302\">Meno modela<\/td>\n<td width=\"302\">Mikina so srdie\u010dkom<\/td>\n<\/tr>\n<tr>\n<td width=\"302\">Farba<\/td>\n<td width=\"302\">\u010dierna<\/td>\n<\/tr>\n<tr>\n<td width=\"302\">ve\u013ekosti<\/td>\n<td width=\"302\">Univerz\u00e1lny<\/td>\n<\/tr>\n<tr>\n<td width=\"302\">M\u00f3da<\/td>\n<td width=\"302\">nadrozmern\u00e9<\/td>\n<\/tr>\n<tr>\n<td width=\"302\">Materi\u00e1l<\/td>\n<td width=\"302\">95 % Bavlna 5lastan<\/td>\n<\/tr>\n<\/tbody>\n<\/table>\n<p>&nbsp;<\/p>\n<div class=\"tabs tabs-bb clear mb-80\">\n<div class=\"tab-content\">\n<div id=\"tab-description\" class=\"tab-pane fade in woocommerce-Tabs-panel--description active\">\n<p style=\"text-align: center;\">Model m\u00e1\u00a0<strong>169<\/strong>\u00a0cm vysok\u00fd, nos\u00ed ve\u013ekos\u0165 ka\u017ed\u00fd de\u0148\u00a0<strong>S<\/strong><\/p>\n<p style=\"text-align: center;\">\u0160\u00edrka cez prsia 92 cm<\/p>\n<p style=\"text-align: center;\">\u0160\u00edrka v p\u00e1se 62 cm<\/p>\n<p style=\"text-align: center;\">\u0160\u00edrka v bokoch 94 cm<\/p>\n<\/div>\n<\/div>\n<\/div>","protected":false},"excerpt":{"rendered":"<p>Bluza Z Kapturem Serce Czarna Szukasz wygodnej i stylowej Bluzy, kt\u00f3r\u0105 mo\u017cesz nosi\u0107 r\u00f3wnie\u017c jako sukienk\u0119 lub tunik\u0119? \u00a0Lekka bluza sprawdzi si\u0119 idealnie na ka\u017cd\u0105 por\u0119 roku. Bluza na przodzie posiada motyw serca. Wykonana z przyjemnego i lekkiego materia\u0142u. Klasyczny fason b\u0119dzie idealny do szko\u0142y, pracy czy te\u017c codzienne wyj\u015bcie. Bluza Czarna z kapturem\u00a0to \u00a0idealny<\/p>\n<div class=\"klb-readmore post-buttons\"><a class=\"button black outline size-sm\" href=\"https:\/\/madelinefashion.pl\/sk\/bluza-z-kapturem-serce-czarna\/\">\u010c\u00edta\u0165 \u010falej <i class=\"klbth-icon-right-arrow\"><\/i><\/a><\/div>","protected":false},"featured_media":40059,"template":"","meta":[],"product_brand":[],"product_cat":[255,395],"product_tag":[],"class_list":{"0":"post-6379","1":"product","2":"type-product","3":"status-publish","4":"has-post-thumbnail","6":"product_cat-bluzy","7":"product_cat-nowosci","9":"first","10":"instock","11":"sale","12":"purchasable","13":"product-type-simple"},"_links":{"self":[{"href":"https:\/\/madelinefashion.pl\/sk\/wp-json\/wp\/v2\/product\/6379","targetHints":{"allow":["GET"]}}],"collection":[{"href":"https:\/\/madelinefashion.pl\/sk\/wp-json\/wp\/v2\/product"}],"about":[{"href":"https:\/\/madelinefashion.pl\/sk\/wp-json\/wp\/v2\/types\/product"}],"wp:featuredmedia":[{"embeddable":true,"href":"https:\/\/madelinefashion.pl\/sk\/wp-json\/wp\/v2\/media\/40059"}],"wp:attachment":[{"href":"https:\/\/madelinefashion.pl\/sk\/wp-json\/wp\/v2\/media?parent=6379"}],"wp:term":[{"taxonomy":"product_brand","embeddable":true,"href":"https:\/\/madelinefashion.pl\/sk\/wp-json\/wp\/v2\/product_brand?post=6379"},{"taxonomy":"product_cat","embeddable":true,"href":"https:\/\/madelinefashion.pl\/sk\/wp-json\/wp\/v2\/product_cat?post=6379"},{"taxonomy":"product_tag","embeddable":true,"href":"https:\/\/madelinefashion.pl\/sk\/wp-json\/wp\/v2\/product_tag?post=6379"}],"curies":[{"name":"pracovn\u00fd list","href":"https:\/\/api.w.org\/{rel}","templated":true}]}}

Mikina s čiernym srdcom

<h3 style="text-align: center;">Mikina s čiernym srdcom</h3>
<p style="text-align: center;">Hľadáte pohodlné a <strong>štýlové mikiny</strong>ktoré môžete nosiť aj vy <a href="https://madelinefashion.pl/sk/sukienki-i-kombinezony/sukienki/" target="_blank" rel="noopener">šaty</a> alebo tunika? <strong> </strong>Ľahká mikina sa bude hodiť na každé ročné obdobie. Mikina vpredu má <strong>motív srdca</strong>. Vyrobené z príjemného a ľahkého materiálu. Klasický strih sa bude hodiť do školy, práce alebo na každodenné vychádzky. <strong>Čierna mikina s kapucňou</strong> <i>toto </i> perfektný nápad pre pohodlný a módny styling. Odporúča sa pre ženy vo veľkosti <strong>SML XL XXL</strong></p>
<h3 style="text-align: center;">       Rozmery</h3>
<ul style="text-align: center;">
<li style="list-style-type: none;">
<ul>
<li>        celková predná dĺžka: 80 cm</li>
<li>celková dĺžka chrbta: 94 cm</li>
<li>        šírka od pazuchy po pazuchu: 56 cm</li>
<li>        dĺžka rukáva od ramena: 50 cm</li>
<li>        dĺžka rukáva od pazuchy: 40 cm</li>
<li>        odporúčaný maximálny obvod poprsia: 112 cm</li>
</ul>
</li>
</ul>
<table>
<tbody>
<tr>
<td width="302">Meno modela</td>
<td width="302">Mikina so srdiečkom</td>
</tr>
<tr>
<td width="302">Farba</td>
<td width="302">čierna</td>
</tr>
<tr>
<td width="302">veľkosti</td>
<td width="302">Univerzálny</td>
</tr>
<tr>
<td width="302">Móda</td>
<td width="302">nadrozmerné</td>
</tr>
<tr>
<td width="302">Materiál</td>
<td width="302">95 % Bavlna 5lastan</td>
</tr>
</tbody>
</table>
<p>&nbsp;</p>
<div class="tabs tabs-bb clear mb-80">
<div class="tab-content">
<div id="tab-description" class="tab-pane fade in woocommerce-Tabs-panel--description active">
<p style="text-align: center;">Model má <strong>169</strong> cm vysoký, nosí veľkosť každý deň <strong>S</strong></p>
<p style="text-align: center;">Šírka cez prsia 92 cm</p>
<p style="text-align: center;">Šírka v páse 62 cm</p>
<p style="text-align: center;">Šírka v bokoch 94 cm</p>
</div>
</div>
</div>

<p>Bluza Z Kapturem Serce Czarna Szukasz wygodnej i stylowej Bluzy, którą możesz nosić również jako sukienkę lub tunikę?  Lekka bluza sprawdzi się idealnie na każdą porę roku. Bluza na przodzie posiada motyw serca. Wykonana z przyjemnego i lekkiego materiału. Klasyczny fason będzie idealny do szkoły, pracy czy też codzienne wyjście. Bluza Czarna z kapturem to  idealny</p>
<div class="klb-readmore post-buttons"><a class="button black outline size-sm" href="https://madelinefashion.pl/sk/bluza-z-kapturem-serce-czarna/">Čítať ďalej <i class="klbth-icon-right-arrow"></i></a></div>

pracovný list
