{"id":639,"date":"2018-10-12T18:33:34","date_gmt":"2018-10-12T16:33:34","guid":{"rendered":"http:\/\/serwer2078743.home.pl\/?post_type=product&#038;p=639"},"modified":"2026-03-11T11:33:06","modified_gmt":"2026-03-11T10:33:06","slug":"plaszcz-bordowy-dlugi-z-flauszu","status":"publish","type":"product","link":"https:\/\/madelinefashion.pl\/sk\/plaszcz-bordowy-dlugi-z-flauszu\/","title":{"rendered":"Bordov\u00fd dlh\u00fd fleecov\u00fd kab\u00e1t"},"content":{"rendered":"<h3 style=\"text-align: center;\">Bordov\u00fd dlh\u00fd fleecov\u00fd kab\u00e1t<\/h3>\n<p style=\"text-align: center;\"><strong>Bordov\u00fd kab\u00e1t<\/strong> dlh\u00fd fleece je skuto\u010dn\u00fdm bestsellerom na jar a jese\u0148. Je to spojenie elegancie, modernosti a funk\u010dnosti \u2013 bordov\u00fd kab\u00e1t sa hod\u00ed do ka\u017edej siluety. Kab\u00e1ty s\u00fa ve\u013emi pohodln\u00e9, v\u010faka \u010domu s\u00fa vhodn\u00e9 na ka\u017edodenn\u00e9 nosenie alebo na p\u00e1rty, ke\u010f chcete vyzera\u0165 skvele a z\u00e1rove\u0148 sa skvele c\u00edti\u0165. V\u010faka \u0161trukt\u00fare materi\u00e1lu sa s n\u00edm bude lep\u0161ie pracova\u0165 <strong>po\u010das chladnej\u0161\u00edch dn\u00ed a prechodn\u00fdch obdob\u00ed.<\/strong> Ve\u013ekos\u0165 <strong>univerz\u00e1lny <\/strong>\u00a0odpor\u00fa\u010dame pre d\u00e1my, ktor\u00e9 nosia ve\u013e\u00a0<strong>S, M, L, XL<\/strong> \u010do je obrovsk\u00e1 v\u00fdhoda tohto modelu. V ponuke <strong>m\u00e1me<\/strong> <strong>tie\u017e<\/strong> v\u00e4\u010d\u0161\u00ed <strong>PLUSOV\u00c1 VELKOS\u0164<\/strong> odpor\u00fa\u010dan\u00e9 pre d\u00e1my vo ve\u013e <strong>44,46,48,50<\/strong>\u00a0. Kab\u00e1t je dostupn\u00fd aj v in\u00fdch <strong>farebn\u00e9 varianty<\/strong> \u2013 odpor\u00fa\u010dame v\u00e1m zozn\u00e1mi\u0165 sa s na\u0161imi \u010fal\u0161\u00edmi produktmi. Ak sa neviete rozhodn\u00fa\u0165, ktor\u00e1 farba alebo ve\u013ekos\u0165 je pre v\u00e1s najvhodnej\u0161ia, kontaktujte n\u00e1s na Facebooku alebo telefonicky.<\/p>\n<h3 style=\"text-align: center;\">Perfektn\u00fd kab\u00e1t na ka\u017ed\u00fa pr\u00edle\u017eitos\u0165<\/h3>\n<p style=\"text-align: center;\"><strong>Claret<\/strong>\u00a0naz\u00fdvan\u00e1 aj farba\u00a0<strong>chyba<\/strong>\u00a0alebo\u00a0<strong>bordov\u00e1<\/strong>. Bordov\u00e1 farba, rovnako ako kaki, hor\u010dicov\u00e1 \u010di hned\u00e1, je pod\u013ea n\u00e1s na dan\u00e9 obdobie ako stvoren\u00e1<strong>\u00a0jese\u0148-zima<\/strong>. T\u00e1to farba dod\u00e1va charakter \u2013 tie\u017e v\u00e1m umo\u017e\u0148uje zladi\u0165 ju s r\u00f4znymi \u0161t\u00fdlmi.<br \/>\n<strong>K\u00fapte si kab\u00e1t<\/strong> v Burgundsku - i\u00a0<strong>c\u00edti\u0165 sa v\u00fdnimo\u010dne.\u00a0 <\/strong>Na\u0161e kab\u00e1ty vyu\u017eijete na v\u00e4\u010d\u0161inu svojich outfitov, preto\u017ee farby s\u00fa decentn\u00e9, elegantn\u00e9 a \u0161ik.<\/p>\n<h3 style=\"text-align: center;\">Rozmery dlh\u00e9ho kab\u00e1ta:<\/h3>\n<ul style=\"text-align: center;\">\n<li>celkov\u00e1 d\u013a\u017eka chrbta: 90 cm<\/li>\n<li>\u0161\u00edrka od pazuchy po pazuchu: 52 cm<\/li>\n<li>d\u013a\u017eka ruk\u00e1va od ramena: 62 cm<\/li>\n<li>d\u013a\u017eka ruk\u00e1va od podpazu\u0161ia: 47 cm<\/li>\n<li>odpor\u00fa\u010dan\u00fd maxim\u00e1lny obvod poprsia: 125-130 cm<\/li>\n<li>\u0161\u00edrka v bicepsoch: 36 cm<\/li>\n<\/ul>\n<p style=\"text-align: center;\">Rozmery sa m\u00f4\u017eu mierne l\u00ed\u0161i\u0165 od uveden\u00fdch +\/- 2cm. V\u0161etky uveden\u00e9 rozmery s\u00fa meran\u00e9 plo\u0161ne.<\/p>\n<p style=\"text-align: center;\"><strong>Jedna ve\u013ekos\u0165 pre v\u0161etk\u00fdch, odpor\u00fa\u010dan\u00e1 pre SML XL\u00a0<\/strong><\/p>\n<p style=\"text-align: center;\"><strong>\u00a0<\/strong><\/p>\n<table width=\"610\">\n<tbody>\n<tr>\n<td width=\"302\">Meno modela<\/td>\n<td width=\"302\">Bordo fleece kab\u00e1t<\/td>\n<\/tr>\n<tr>\n<td width=\"302\">Farba<\/td>\n<td width=\"302\">Claret<\/td>\n<\/tr>\n<tr>\n<td width=\"302\">Zbierka<\/td>\n<td width=\"302\">jar\/jese\u0148\/zima<\/td>\n<\/tr>\n<tr>\n<td width=\"302\">ve\u013ekosti<\/td>\n<td width=\"302\">Univerz\u00e1lny<\/td>\n<\/tr>\n<tr>\n<td width=\"302\">M\u00f3da<\/td>\n<td width=\"302\">nadrozmern\u00e9<\/td>\n<\/tr>\n<tr>\n<td width=\"302\">Hood<\/td>\n<td width=\"302\">Bez kapucne<\/td>\n<\/tr>\n<tr>\n<td width=\"302\">vreck\u00e1<\/td>\n<td width=\"302\">\u00c1no<\/td>\n<\/tr>\n<tr>\n<td width=\"302\">Materi\u00e1l<\/td>\n<td width=\"302\">Petersham<\/td>\n<\/tr>\n<\/tbody>\n<\/table>\n<p>&nbsp;<\/p>\n<p style=\"text-align: center;\">Model m\u00e1\u00a0<strong>169<\/strong>\u00a0cm vysok\u00fd, nos\u00ed ve\u013ekos\u0165 ka\u017ed\u00fd de\u0148\u00a0<strong>S<\/strong><\/p>\n<p style=\"text-align: center;\">\u0160\u00edrka cez prsia 92 cm<\/p>\n<p style=\"text-align: center;\">\u0160\u00edrka v p\u00e1se 62 cm<\/p>\n<p style=\"text-align: center;\">\u0160\u00edrka v bokoch 94 cm<\/p>","protected":false},"excerpt":{"rendered":"<p>P\u0142aszcz Bordowy D\u0142ugi z Flauszu Bordowy p\u0142aszcz d\u0142ugi z flauszu to prawdziwy bestseler na wiosn\u0119 i jesie\u0144. Jest to po\u0142\u0105czenie elegancji, nowoczesno\u015bci i funkcjonalno\u015bci \u2013 Bordowy p\u0142aszczyk wpisuje si\u0119 w ka\u017cd\u0105 sylwetk\u0119. P\u0142aszcze s\u0105 bardzo wygodne, dzi\u0119ki czemu nadaj\u0105 si\u0119 do noszenia na co dzie\u0144 lub na imprez\u0119, kiedy chcesz wygl\u0105da\u0107 doskonale i jednocze\u015bnie \u015bwietnie<\/p>\n<div class=\"klb-readmore post-buttons\"><a class=\"button black outline size-sm\" href=\"https:\/\/madelinefashion.pl\/sk\/plaszcz-bordowy-dlugi-z-flauszu\/\">\u010c\u00edta\u0165 \u010falej <i class=\"klbth-icon-right-arrow\"><\/i><\/a><\/div>","protected":false},"featured_media":56295,"template":"","meta":[],"product_brand":[],"product_cat":[120,279],"product_tag":[510],"class_list":{"0":"post-639","1":"product","2":"type-product","3":"status-publish","4":"has-post-thumbnail","6":"product_cat-plaszcze-dlugie","7":"product_cat-plaszcze-wiosenne","8":"product_tag-plaszcze-flauszowe","10":"first","11":"instock","12":"sale","13":"purchasable","14":"product-type-simple"},"_links":{"self":[{"href":"https:\/\/madelinefashion.pl\/sk\/wp-json\/wp\/v2\/product\/639","targetHints":{"allow":["GET"]}}],"collection":[{"href":"https:\/\/madelinefashion.pl\/sk\/wp-json\/wp\/v2\/product"}],"about":[{"href":"https:\/\/madelinefashion.pl\/sk\/wp-json\/wp\/v2\/types\/product"}],"wp:featuredmedia":[{"embeddable":true,"href":"https:\/\/madelinefashion.pl\/sk\/wp-json\/wp\/v2\/media\/56295"}],"wp:attachment":[{"href":"https:\/\/madelinefashion.pl\/sk\/wp-json\/wp\/v2\/media?parent=639"}],"wp:term":[{"taxonomy":"product_brand","embeddable":true,"href":"https:\/\/madelinefashion.pl\/sk\/wp-json\/wp\/v2\/product_brand?post=639"},{"taxonomy":"product_cat","embeddable":true,"href":"https:\/\/madelinefashion.pl\/sk\/wp-json\/wp\/v2\/product_cat?post=639"},{"taxonomy":"product_tag","embeddable":true,"href":"https:\/\/madelinefashion.pl\/sk\/wp-json\/wp\/v2\/product_tag?post=639"}],"curies":[{"name":"pracovn\u00fd list","href":"https:\/\/api.w.org\/{rel}","templated":true}]}}

Bordový dlhý fleecový kabát

<h3 style="text-align: center;">Bordový dlhý fleecový kabát</h3>
<p style="text-align: center;"><strong>Bordový kabát</strong> dlhý fleece je skutočným bestsellerom na jar a jeseň. Je to spojenie elegancie, modernosti a funkčnosti – bordový kabát sa hodí do každej siluety. Kabáty sú veľmi pohodlné, vďaka čomu sú vhodné na každodenné nosenie alebo na párty, keď chcete vyzerať skvele a zároveň sa skvele cítiť. Vďaka štruktúre materiálu sa s ním bude lepšie pracovať <strong>počas chladnejších dní a prechodných období.</strong> Veľkosť <strong>univerzálny </strong> odporúčame pre dámy, ktoré nosia veľ <strong>S, M, L, XL</strong> čo je obrovská výhoda tohto modelu. V ponuke <strong>máme</strong> <strong>tiež</strong> väčší <strong>PLUSOVÁ VELKOSŤ</strong> odporúčané pre dámy vo veľ <strong>44,46,48,50</strong> . Kabát je dostupný aj v iných <strong>farebné varianty</strong> – odporúčame vám zoznámiť sa s našimi ďalšími produktmi. Ak sa neviete rozhodnúť, ktorá farba alebo veľkosť je pre vás najvhodnejšia, kontaktujte nás na Facebooku alebo telefonicky.</p>
<h3 style="text-align: center;">Perfektný kabát na každú príležitosť</h3>
<p style="text-align: center;"><strong>Claret</strong> nazývaná aj farba <strong>chyba</strong> alebo <strong>bordová</strong>. Bordová farba, rovnako ako kaki, horčicová či hnedá, je podľa nás na dané obdobie ako stvorená<strong> jeseň-zima</strong>. Táto farba dodáva charakter – tiež vám umožňuje zladiť ju s rôznymi štýlmi.<br />
<strong>Kúpte si kabát</strong> v Burgundsku - i <strong>cítiť sa výnimočne.  </strong>Naše kabáty využijete na väčšinu svojich outfitov, pretože farby sú decentné, elegantné a šik.</p>
<h3 style="text-align: center;">Rozmery dlhého kabáta:</h3>
<ul style="text-align: center;">
<li>celková dĺžka chrbta: 90 cm</li>
<li>šírka od pazuchy po pazuchu: 52 cm</li>
<li>dĺžka rukáva od ramena: 62 cm</li>
<li>dĺžka rukáva od podpazušia: 47 cm</li>
<li>odporúčaný maximálny obvod poprsia: 125-130 cm</li>
<li>šírka v bicepsoch: 36 cm</li>
</ul>
<p style="text-align: center;">Rozmery sa môžu mierne líšiť od uvedených +/- 2cm. Všetky uvedené rozmery sú merané plošne.</p>
<p style="text-align: center;"><strong>Jedna veľkosť pre všetkých, odporúčaná pre SML XL </strong></p>
<p style="text-align: center;"><strong> </strong></p>
<table width="610">
<tbody>
<tr>
<td width="302">Meno modela</td>
<td width="302">Bordo fleece kabát</td>
</tr>
<tr>
<td width="302">Farba</td>
<td width="302">Claret</td>
</tr>
<tr>
<td width="302">Zbierka</td>
<td width="302">jar/jeseň/zima</td>
</tr>
<tr>
<td width="302">veľkosti</td>
<td width="302">Univerzálny</td>
</tr>
<tr>
<td width="302">Móda</td>
<td width="302">nadrozmerné</td>
</tr>
<tr>
<td width="302">Hood</td>
<td width="302">Bez kapucne</td>
</tr>
<tr>
<td width="302">vrecká</td>
<td width="302">Áno</td>
</tr>
<tr>
<td width="302">Materiál</td>
<td width="302">Petersham</td>
</tr>
</tbody>
</table>
<p>&nbsp;</p>
<p style="text-align: center;">Model má <strong>169</strong> cm vysoký, nosí veľkosť každý deň <strong>S</strong></p>
<p style="text-align: center;">Šírka cez prsia 92 cm</p>
<p style="text-align: center;">Šírka v páse 62 cm</p>
<p style="text-align: center;">Šírka v bokoch 94 cm</p>

<p>Płaszcz Bordowy Długi z Flauszu Bordowy płaszcz długi z flauszu to prawdziwy bestseler na wiosnę i jesień. Jest to połączenie elegancji, nowoczesności i funkcjonalności – Bordowy płaszczyk wpisuje się w każdą sylwetkę. Płaszcze są bardzo wygodne, dzięki czemu nadają się do noszenia na co dzień lub na imprezę, kiedy chcesz wyglądać doskonale i jednocześnie świetnie</p>
<div class="klb-readmore post-buttons"><a class="button black outline size-sm" href="https://madelinefashion.pl/sk/plaszcz-bordowy-dlugi-z-flauszu/">Čítať ďalej <i class="klbth-icon-right-arrow"></i></a></div>

pracovný list
