{"id":6404,"date":"2021-03-23T20:58:23","date_gmt":"2021-03-23T19:58:23","guid":{"rendered":"https:\/\/madelinefashion.pl\/?post_type=product&#038;p=6404"},"modified":"2023-07-06T14:39:16","modified_gmt":"2023-07-06T12:39:16","slug":"kombinezon-sambella-multi","status":"publish","type":"product","link":"https:\/\/madelinefashion.pl\/sk\/kombinezon-sambella-multi\/","title":{"rendered":"Kombin\u00e9za Sambella Multi"},"content":{"rendered":"<h3 style=\"text-align: center;\">Kombin\u00e9za Sambella Multi<\/h3>\n<p style=\"text-align: center;\"><span style=\"vertical-align: inherit;\"><span style=\"vertical-align: inherit;\"><strong>Elegantn\u00fd overal s ob\u00e1lkov\u00fdm v\u00fdstrihom.<\/strong> S<\/span><span style=\"vertical-align: inherit;\">pr\u00e1va, ktor\u00e9 okolo v\u00e1s nikto \u013eahostajne neprejde.<strong> Letn\u00fd overal s kr\u00e1snymi vzormi<\/strong> vyroben\u00e9 zo vzdu\u0161n\u00fdch materi\u00e1lov v intenz\u00edvnych farb\u00e1ch. Oblek m\u00e1 na noh\u00e1ch z vonkaj\u0161ej strany rozparky do v\u00fd\u0161ky kolien - c<\/span><\/span>Kr\u00e1ska vytv\u00e1ra origin\u00e1lny \u0161t\u00fdl, jednoducho stvoren\u00fd na tepl\u00e9 jarn\u00e9 a letn\u00e9 dni ako po\u010das dovolenky, tak aj v ruchu ve\u013ekomesta. <strong>Budete pote\u0161en\u00ed, dokonal\u00fd strih, ktor\u00fd je alternat\u00edvou k \u0161at\u00e1m.<\/strong> Pohodln\u00e9 nosenie v sofistikovanom \u0161t\u00fdle mus\u00ed by\u0165 vo va\u0161om \u0161atn\u00edku. <strong>\u0160t\u00fdlov\u00fd a z\u00e1rove\u0148 ve\u013emi \u017eensk\u00fd overal.Ide\u00e1lny z\u00e1klad pre mnoho \u0161t\u00fdlov.<\/strong>\u00a0 Odpor\u00fa\u010da sa pre \u017eeny, ktor\u00e9 nosia ve\u013e <strong>XS SML<\/strong><\/p>\n<h3 style=\"text-align: center;\"><span style=\"vertical-align: inherit;\">Rozmery obleku:<\/span><\/h3>\n<p align=\"center\">D\u013a\u017eka od p\u00e1sa - 94 cm<br \/>\n\u0160\u00edrka od pazuchy po pazuchu: 44 cm - 52 cm<br \/>\n\u0160\u00edrka p\u00e1sa -29 cm -45 cm<br \/>\nVn\u00fatorn\u00e1 d\u013a\u017eka nohav\u00edc - 60 cm<br \/>\nCelkov\u00e1 d\u013a\u017eka - 135 cm<\/p>\n<p style=\"text-align: center;\"><span style=\"vertical-align: inherit;\"><span style=\"vertical-align: inherit;\">Rozmery sa m\u00f4\u017eu l\u00ed\u0161i\u0165 od uveden\u00fdch +\/- 2cm. <\/span><span style=\"vertical-align: inherit;\">V\u0161etky uveden\u00e9 rozmery s\u00fa meran\u00e9 plo\u0161ne.<\/span><\/span><\/p>\n<h2 style=\"text-align: center;\"><span style=\"vertical-align: inherit;\"><span style=\"vertical-align: inherit;\">Vlastnosti produktu:<br \/>\n<\/span><\/span><\/h2>\n<p style=\"text-align: center;\"><span style=\"vertical-align: inherit;\"><span style=\"vertical-align: inherit;\"><br \/>\n-elegantn\u00fd<br \/>\n- pr\u00edjemn\u00fd materi\u00e1l<br \/>\n- m\u00f3dny \u0161t\u00fdl<br \/>\n- guma v p\u00e1se<br \/>\n- origin\u00e1l<br \/>\n-\u017eensk\u00fd<br \/>\n- popruh v cene<\/span><\/span><\/p>\n<p style=\"text-align: center;\"><strong>\u00a0<\/strong><\/p>\n<table width=\"432\">\n<tbody>\n<tr>\n<td width=\"302\">Meno modela<\/td>\n<td width=\"302\">Sambellova kombin\u00e9za<\/td>\n<\/tr>\n<tr>\n<td width=\"302\">Farba<\/td>\n<td width=\"302\">Viacn\u00e1sobn\u00e9<\/td>\n<\/tr>\n<tr>\n<td width=\"302\">Zbierka<\/td>\n<td width=\"302\">Jar Leto Jese\u0148<\/td>\n<\/tr>\n<tr>\n<td width=\"302\">ve\u013ekosti<\/td>\n<td width=\"302\">Univerz\u00e1lny<\/td>\n<\/tr>\n<tr>\n<td width=\"302\">\u0160tiepenie<\/td>\n<td width=\"302\">Ob\u00e1lka<\/td>\n<\/tr>\n<tr>\n<td width=\"302\">D\u013a\u017eka<\/td>\n<td width=\"302\">maxi<\/td>\n<\/tr>\n<tr>\n<td width=\"302\">Materi\u00e1l<\/td>\n<td width=\"302\">95% Polyester 5% Elastan<\/td>\n<\/tr>\n<\/tbody>\n<\/table>\n<section class=\"page-product-box\">\n<div class=\"rte\">\n<p style=\"text-align: center;\">\n<\/div>\n<\/section>\n<div class=\"tabs tabs-bb clear mb-80\">\n<div class=\"tab-content\">\n<div id=\"tab-description\" class=\"tab-pane fade in woocommerce-Tabs-panel--description active\">\n<p style=\"text-align: center;\">\u00a0Modelka je vysok\u00e1 175 cm a zvy\u010dajne nos\u00ed ve\u013ekos\u0165 hore\u00a0<strong>S<\/strong><\/p>\n<\/div>\n<\/div>\n<\/div>\n<section class=\"related products mb-80\"><\/section>\n<section class=\"page-product-box\">\n<div class=\"rte\">\n<p style=\"text-align: center;\">\n<\/div>\n<\/section>","protected":false},"excerpt":{"rendered":"<p>Kombinezon Sambella Multi Elegancki kombinezon z kopertowym dekoltem. Spraw, \u017ce nikt nie przejdzie obok Ciebie oboj\u0119tnie. Letni kombinezon w pi\u0119kne wzory wykonany z przewiewnego materia\u0142y w intensywnych barwach. Kombinezon posiada na nogawkach rozci\u0119cia od zewn\u0105trz do wysoko\u015bci kolan &#8211; ca\u0142o\u015b\u0107 tworzy niebanaln\u0105 styl\u00f3wk\u0119, wprost stworzon\u0105 na ciep\u0142e wiosenne i\u00a0 letnie dni, zar\u00f3wno podczas urlopu, jak<\/p>\n<div class=\"klb-readmore post-buttons\"><a class=\"button black outline size-sm\" href=\"https:\/\/madelinefashion.pl\/sk\/kombinezon-sambella-multi\/\">\u010c\u00edta\u0165 \u010falej <i class=\"klbth-icon-right-arrow\"><\/i><\/a><\/div>","protected":false},"featured_media":6397,"template":"","meta":[],"product_brand":[],"product_cat":[80],"product_tag":[297],"class_list":{"0":"post-6404","1":"product","2":"type-product","3":"status-publish","4":"has-post-thumbnail","6":"product_cat-sukienki-i-kombinezony","7":"product_tag-kombinezony","9":"first","10":"instock","11":"purchasable","12":"product-type-simple"},"_links":{"self":[{"href":"https:\/\/madelinefashion.pl\/sk\/wp-json\/wp\/v2\/product\/6404","targetHints":{"allow":["GET"]}}],"collection":[{"href":"https:\/\/madelinefashion.pl\/sk\/wp-json\/wp\/v2\/product"}],"about":[{"href":"https:\/\/madelinefashion.pl\/sk\/wp-json\/wp\/v2\/types\/product"}],"wp:featuredmedia":[{"embeddable":true,"href":"https:\/\/madelinefashion.pl\/sk\/wp-json\/wp\/v2\/media\/6397"}],"wp:attachment":[{"href":"https:\/\/madelinefashion.pl\/sk\/wp-json\/wp\/v2\/media?parent=6404"}],"wp:term":[{"taxonomy":"product_brand","embeddable":true,"href":"https:\/\/madelinefashion.pl\/sk\/wp-json\/wp\/v2\/product_brand?post=6404"},{"taxonomy":"product_cat","embeddable":true,"href":"https:\/\/madelinefashion.pl\/sk\/wp-json\/wp\/v2\/product_cat?post=6404"},{"taxonomy":"product_tag","embeddable":true,"href":"https:\/\/madelinefashion.pl\/sk\/wp-json\/wp\/v2\/product_tag?post=6404"}],"curies":[{"name":"pracovn\u00fd list","href":"https:\/\/api.w.org\/{rel}","templated":true}]}}

Kombinéza Sambella Multi

<h3 style="text-align: center;">Kombinéza Sambella Multi</h3>
<p style="text-align: center;"><span style="vertical-align: inherit;"><span style="vertical-align: inherit;"><strong>Elegantný overal s obálkovým výstrihom.</strong> S</span><span style="vertical-align: inherit;">práva, ktoré okolo vás nikto ľahostajne neprejde.<strong> Letný overal s krásnymi vzormi</strong> vyrobené zo vzdušných materiálov v intenzívnych farbách. Oblek má na nohách z vonkajšej strany rozparky do výšky kolien - c</span></span>Kráska vytvára originálny štýl, jednoducho stvorený na teplé jarné a letné dni ako počas dovolenky, tak aj v ruchu veľkomesta. <strong>Budete potešení, dokonalý strih, ktorý je alternatívou k šatám.</strong> Pohodlné nosenie v sofistikovanom štýle musí byť vo vašom šatníku. <strong>Štýlový a zároveň veľmi ženský overal.Ideálny základ pre mnoho štýlov.</strong>  Odporúča sa pre ženy, ktoré nosia veľ <strong>XS SML</strong></p>
<h3 style="text-align: center;"><span style="vertical-align: inherit;">Rozmery obleku:</span></h3>
<p align="center">Dĺžka od pása - 94 cm<br />
Šírka od pazuchy po pazuchu: 44 cm - 52 cm<br />
Šírka pása -29 cm -45 cm<br />
Vnútorná dĺžka nohavíc - 60 cm<br />
Celková dĺžka - 135 cm</p>
<p style="text-align: center;"><span style="vertical-align: inherit;"><span style="vertical-align: inherit;">Rozmery sa môžu líšiť od uvedených +/- 2cm. </span><span style="vertical-align: inherit;">Všetky uvedené rozmery sú merané plošne.</span></span></p>
<h2 style="text-align: center;"><span style="vertical-align: inherit;"><span style="vertical-align: inherit;">Vlastnosti produktu:<br />
</span></span></h2>
<p style="text-align: center;"><span style="vertical-align: inherit;"><span style="vertical-align: inherit;"><br />
-elegantný<br />
- príjemný materiál<br />
- módny štýl<br />
- guma v páse<br />
- originál<br />
-ženský<br />
- popruh v cene</span></span></p>
<p style="text-align: center;"><strong> </strong></p>
<table width="432">
<tbody>
<tr>
<td width="302">Meno modela</td>
<td width="302">Sambellova kombinéza</td>
</tr>
<tr>
<td width="302">Farba</td>
<td width="302">Viacnásobné</td>
</tr>
<tr>
<td width="302">Zbierka</td>
<td width="302">Jar Leto Jeseň</td>
</tr>
<tr>
<td width="302">veľkosti</td>
<td width="302">Univerzálny</td>
</tr>
<tr>
<td width="302">Štiepenie</td>
<td width="302">Obálka</td>
</tr>
<tr>
<td width="302">Dĺžka</td>
<td width="302">maxi</td>
</tr>
<tr>
<td width="302">Materiál</td>
<td width="302">95% Polyester 5% Elastan</td>
</tr>
</tbody>
</table>
<section class="page-product-box">
<div class="rte">
<p style="text-align: center;">
</div>
</section>
<div class="tabs tabs-bb clear mb-80">
<div class="tab-content">
<div id="tab-description" class="tab-pane fade in woocommerce-Tabs-panel--description active">
<p style="text-align: center;"> Modelka je vysoká 175 cm a zvyčajne nosí veľkosť hore <strong>S</strong></p>
</div>
</div>
</div>
<section class="related products mb-80"></section>
<section class="page-product-box">
<div class="rte">
<p style="text-align: center;">
</div>
</section>

<p>Kombinezon Sambella Multi Elegancki kombinezon z kopertowym dekoltem. Spraw, że nikt nie przejdzie obok Ciebie obojętnie. Letni kombinezon w piękne wzory wykonany z przewiewnego materiały w intensywnych barwach. Kombinezon posiada na nogawkach rozcięcia od zewnątrz do wysokości kolan &#8211; całość tworzy niebanalną stylówkę, wprost stworzoną na ciepłe wiosenne i  letnie dni, zarówno podczas urlopu, jak</p>
<div class="klb-readmore post-buttons"><a class="button black outline size-sm" href="https://madelinefashion.pl/sk/kombinezon-sambella-multi/">Čítať ďalej <i class="klbth-icon-right-arrow"></i></a></div>

pracovný list
