{"id":6412,"date":"2021-03-23T21:21:55","date_gmt":"2021-03-23T20:21:55","guid":{"rendered":"https:\/\/madelinefashion.pl\/?post_type=product&#038;p=6412"},"modified":"2026-01-20T10:34:40","modified_gmt":"2026-01-20T09:34:40","slug":"tunika-jeans-gloria-ciemna","status":"publish","type":"product","link":"https:\/\/madelinefashion.pl\/sk\/tunika-jeans-gloria-ciemna\/","title":{"rendered":"D\u017e\u00ednsov\u00e1 tunika Gloria Dark"},"content":{"rendered":"<h3 style=\"text-align: center;\">D\u017e\u00ednsov\u00e1 tunika Gloria Dark<\/h3>\n<p style=\"text-align: center;\">H\u013ead\u00e1te pohodln\u00e9 a <strong>\u0161t\u00fdlov\u00e1 tunika<\/strong>ktor\u00e9 m\u00f4\u017eete nosi\u0165 aj vy <a href=\"https:\/\/madelinefashion.pl\/sk\/sukienki-i-kombinezony\/sukienki\/\" target=\"_blank\" rel=\"noopener\">\u0161aty<\/a> alebo tunika? \u013dahk\u00e1 ko\u0161e\u013eov\u00e1 tunika sa bude hodi\u0165 v ka\u017edom ro\u010dnom obdob\u00ed. Asymetrick\u00e1 tunika m\u00e1 v s\u00faprave opasok, v\u010faka ktor\u00e9mu <strong>dokonale zd\u00f4raz\u0148uj\u00fa \u017eensk\u00e9 tvary<\/strong>. Vyroben\u00e9 z pr\u00edjemn\u00e9ho a \u013eahk\u00e9ho materi\u00e1lu. Tunika v le\u017e\u00e9rnom \u0161t\u00fdle z tenkej rifloviny. Ko\u0161e\u013eov\u00fd strih s opaskom, vreck\u00e1 na hrudi, ruk\u00e1vy sa daj\u00fa pripn\u00fa\u0165. <strong>Vyzer\u00e1 skvele ka\u017ed\u00fd de\u0148, v pr\u00e1ci alebo na ve\u010der.<\/strong> Hod\u00ed sa ku v\u0161etk\u00e9mu. <b>Na\u0161a tunika s d\u017e\u00ednsovou ko\u0161e\u013eou je<\/b>\u00a0perfektn\u00fd n\u00e1pad pre pohodln\u00fd a m\u00f3dny styling. Odpor\u00fa\u010da sa pre \u017eeny vo ve\u013ekosti <strong>Univerz\u00e1lna ve\u013ekos\u0165 SML XL.<\/strong><\/p>\n<p>&nbsp;<\/p>\n<h3 style=\"text-align: center;\">\u00a0 \u00a0 \u00a0 \u00a0Rozmery<\/h3>\n<ul>\n<li style=\"text-align: center;\">celkov\u00e1 d\u013a\u017eka: 98 cm<\/li>\n<li style=\"text-align: center;\">\u0161\u00edrka od pazuchy po pazuchu: 57 cm<\/li>\n<li style=\"text-align: center;\">d\u013a\u017eka ruk\u00e1va od podpazu\u0161ia: 26-32 cm<\/li>\n<li style=\"text-align: center;\">d\u013a\u017eka ruk\u00e1va od ramena: 23-42 cm<\/li>\n<li style=\"text-align: center;\">\u0161\u00edrka v p\u00e1se: 40-50 cm<\/li>\n<li style=\"text-align: center;\">odpor\u00fa\u010dan\u00fd maxim\u00e1lny obvod poprsia: 108 cm<\/li>\n<\/ul>\n<p>&nbsp;<\/p>\n<p style=\"text-align: center;\">Rozmery sa m\u00f4\u017eu mierne l\u00ed\u0161i\u0165 od uveden\u00fdch +\/- 2cm. V\u0161etky uveden\u00e9 rozmery s\u00fa meran\u00e9 plo\u0161ne.<\/p>\n<table>\n<tbody>\n<tr>\n<td width=\"302\">Meno modela<\/td>\n<td width=\"302\">D\u017e\u00ednsov\u00e1 tunika Gloria<\/td>\n<\/tr>\n<tr>\n<td width=\"302\">Farba<\/td>\n<td width=\"302\">Tmav\u00fd denim<\/td>\n<\/tr>\n<tr>\n<td width=\"302\">ve\u013ekosti<\/td>\n<td width=\"302\">Univerz\u00e1lny<\/td>\n<\/tr>\n<tr>\n<td width=\"302\">M\u00f3da<\/td>\n<td width=\"302\">nadrozmern\u00e9<\/td>\n<\/tr>\n<tr>\n<td width=\"302\">Materi\u00e1l<\/td>\n<td width=\"302\">95 % Bavlna 5lastan<\/td>\n<\/tr>\n<\/tbody>\n<\/table>\n<p>&nbsp;<\/p>\n<div class=\"tabs tabs-bb clear mb-80\">\n<div class=\"tab-content\">\n<div id=\"tab-description\" class=\"tab-pane fade in woocommerce-Tabs-panel--description active\">\n<p style=\"text-align: center;\">Model m\u00e1\u00a0<strong>169<\/strong>\u00a0cm vysok\u00fd, nos\u00ed ve\u013ekos\u0165 ka\u017ed\u00fd de\u0148\u00a0<strong>S<\/strong><\/p>\n<p style=\"text-align: center;\">\u0160\u00edrka cez prsia 92 cm<\/p>\n<p style=\"text-align: center;\">\u0160\u00edrka v p\u00e1se 62 cm<\/p>\n<p style=\"text-align: center;\">\u0160\u00edrka v bokoch 94 cm<\/p>\n<\/div>\n<\/div>\n<\/div>","protected":false},"excerpt":{"rendered":"<p>Tunika Jeans Gloria Ciemna Szukasz wygodnej i stylowej Tuniki, kt\u00f3r\u0105 mo\u017cesz nosi\u0107 r\u00f3wnie\u017c jako sukienk\u0119 lub tunik\u0119? Lekka koszulowa tunika sprawdzi si\u0119 idealnie na ka\u017cd\u0105 por\u0119 roku. Asymetryczna tunika posiada w zestawie pasek dzi\u0119ki czemu idealnie podkre\u015blisz kobiece kszta\u0142ty. \u00a0Wykonana z przyjemnego i lekkiego materia\u0142u. Tunika \u00a0w stylu casual wykonana z cienkiego jeansu. Fason typu<\/p>\n<div class=\"klb-readmore post-buttons\"><a class=\"button black outline size-sm\" href=\"https:\/\/madelinefashion.pl\/sk\/tunika-jeans-gloria-ciemna\/\">\u010c\u00edta\u0165 \u010falej <i class=\"klbth-icon-right-arrow\"><\/i><\/a><\/div>","protected":false},"featured_media":78920,"template":"","meta":[],"product_brand":[],"product_cat":[92],"product_tag":[296],"class_list":{"0":"post-6412","1":"product","2":"type-product","3":"status-publish","4":"has-post-thumbnail","6":"product_cat-koszule","7":"product_tag-tuniki","9":"first","10":"instock","11":"sale","12":"purchasable","13":"product-type-simple"},"_links":{"self":[{"href":"https:\/\/madelinefashion.pl\/sk\/wp-json\/wp\/v2\/product\/6412","targetHints":{"allow":["GET"]}}],"collection":[{"href":"https:\/\/madelinefashion.pl\/sk\/wp-json\/wp\/v2\/product"}],"about":[{"href":"https:\/\/madelinefashion.pl\/sk\/wp-json\/wp\/v2\/types\/product"}],"wp:featuredmedia":[{"embeddable":true,"href":"https:\/\/madelinefashion.pl\/sk\/wp-json\/wp\/v2\/media\/78920"}],"wp:attachment":[{"href":"https:\/\/madelinefashion.pl\/sk\/wp-json\/wp\/v2\/media?parent=6412"}],"wp:term":[{"taxonomy":"product_brand","embeddable":true,"href":"https:\/\/madelinefashion.pl\/sk\/wp-json\/wp\/v2\/product_brand?post=6412"},{"taxonomy":"product_cat","embeddable":true,"href":"https:\/\/madelinefashion.pl\/sk\/wp-json\/wp\/v2\/product_cat?post=6412"},{"taxonomy":"product_tag","embeddable":true,"href":"https:\/\/madelinefashion.pl\/sk\/wp-json\/wp\/v2\/product_tag?post=6412"}],"curies":[{"name":"pracovn\u00fd list","href":"https:\/\/api.w.org\/{rel}","templated":true}]}}

Džínsová tunika Gloria Dark

<h3 style="text-align: center;">Džínsová tunika Gloria Dark</h3>
<p style="text-align: center;">Hľadáte pohodlné a <strong>štýlová tunika</strong>ktoré môžete nosiť aj vy <a href="https://madelinefashion.pl/sk/sukienki-i-kombinezony/sukienki/" target="_blank" rel="noopener">šaty</a> alebo tunika? Ľahká košeľová tunika sa bude hodiť v každom ročnom období. Asymetrická tunika má v súprave opasok, vďaka ktorému <strong>dokonale zdôrazňujú ženské tvary</strong>. Vyrobené z príjemného a ľahkého materiálu. Tunika v ležérnom štýle z tenkej rifloviny. Košeľový strih s opaskom, vrecká na hrudi, rukávy sa dajú pripnúť. <strong>Vyzerá skvele každý deň, v práci alebo na večer.</strong> Hodí sa ku všetkému. <b>Naša tunika s džínsovou košeľou je</b> perfektný nápad pre pohodlný a módny styling. Odporúča sa pre ženy vo veľkosti <strong>Univerzálna veľkosť SML XL.</strong></p>
<p>&nbsp;</p>
<h3 style="text-align: center;">       Rozmery</h3>
<ul>
<li style="text-align: center;">celková dĺžka: 98 cm</li>
<li style="text-align: center;">šírka od pazuchy po pazuchu: 57 cm</li>
<li style="text-align: center;">dĺžka rukáva od podpazušia: 26-32 cm</li>
<li style="text-align: center;">dĺžka rukáva od ramena: 23-42 cm</li>
<li style="text-align: center;">šírka v páse: 40-50 cm</li>
<li style="text-align: center;">odporúčaný maximálny obvod poprsia: 108 cm</li>
</ul>
<p>&nbsp;</p>
<p style="text-align: center;">Rozmery sa môžu mierne líšiť od uvedených +/- 2cm. Všetky uvedené rozmery sú merané plošne.</p>
<table>
<tbody>
<tr>
<td width="302">Meno modela</td>
<td width="302">Džínsová tunika Gloria</td>
</tr>
<tr>
<td width="302">Farba</td>
<td width="302">Tmavý denim</td>
</tr>
<tr>
<td width="302">veľkosti</td>
<td width="302">Univerzálny</td>
</tr>
<tr>
<td width="302">Móda</td>
<td width="302">nadrozmerné</td>
</tr>
<tr>
<td width="302">Materiál</td>
<td width="302">95 % Bavlna 5lastan</td>
</tr>
</tbody>
</table>
<p>&nbsp;</p>
<div class="tabs tabs-bb clear mb-80">
<div class="tab-content">
<div id="tab-description" class="tab-pane fade in woocommerce-Tabs-panel--description active">
<p style="text-align: center;">Model má <strong>169</strong> cm vysoký, nosí veľkosť každý deň <strong>S</strong></p>
<p style="text-align: center;">Šírka cez prsia 92 cm</p>
<p style="text-align: center;">Šírka v páse 62 cm</p>
<p style="text-align: center;">Šírka v bokoch 94 cm</p>
</div>
</div>
</div>

<p>Tunika Jeans Gloria Ciemna Szukasz wygodnej i stylowej Tuniki, którą możesz nosić również jako sukienkę lub tunikę? Lekka koszulowa tunika sprawdzi się idealnie na każdą porę roku. Asymetryczna tunika posiada w zestawie pasek dzięki czemu idealnie podkreślisz kobiece kształty.  Wykonana z przyjemnego i lekkiego materiału. Tunika  w stylu casual wykonana z cienkiego jeansu. Fason typu</p>
<div class="klb-readmore post-buttons"><a class="button black outline size-sm" href="https://madelinefashion.pl/sk/tunika-jeans-gloria-ciemna/">Čítať ďalej <i class="klbth-icon-right-arrow"></i></a></div>

pracovný list
