{"id":643,"date":"2018-10-12T18:35:28","date_gmt":"2018-10-12T16:35:28","guid":{"rendered":"http:\/\/serwer2078743.home.pl\/?post_type=product&#038;p=643"},"modified":"2026-04-14T06:42:46","modified_gmt":"2026-04-14T04:42:46","slug":"plaszcz-mietowy-dlugi-z-flauszu","status":"publish","type":"product","link":"https:\/\/madelinefashion.pl\/sk\/plaszcz-mietowy-dlugi-z-flauszu\/","title":{"rendered":"Dlh\u00fd m\u00e4tov\u00fd kab\u00e1t vyroben\u00fd z fleece"},"content":{"rendered":"<h3 style=\"text-align: center;\">Dlh\u00fd m\u00e4tov\u00fd kab\u00e1t vyroben\u00fd z fleece<\/h3>\n<p style=\"text-align: center;\">Farebn\u00fd kab\u00e1t <strong>m\u00e4ta<\/strong> <strong>fleece dlh\u00fd<\/strong> toto <strong>ide\u00e1lne\u00a0<\/strong>n\u00e1vrh na\u00a0<strong>jar, jese\u0148<\/strong>\u00a0a jemn\u00e9\u00a0<strong>zima<\/strong>. Je to spojenie elegancie, modernosti a funk\u010dnosti - b\u00e9\u017eov\u00fd kab\u00e1t pristane ka\u017edej postave. Kab\u00e1t je univerz\u00e1lny - hod\u00ed sa na ka\u017ed\u00fa pr\u00edle\u017eitos\u0165, na ka\u017ed\u00fa pr\u00edle\u017eitos\u0165 sa bude hodi\u0165\u00a0<strong>ro\u010dn\u00e9 obdobie<\/strong>, navy\u0161e v\u010faka fleecu perfektne sed\u00ed.<\/p>\n<p style=\"text-align: center;\">Modern\u00fd, elegantn\u00fd a \u0161t\u00fdlov\u00fd p\u00e1perov\u00fd kab\u00e1t, ktor\u00fd sadne ka\u017edej siluete a hod\u00ed sa na ka\u017ed\u00fa pr\u00edle\u017eitos\u0165 a ka\u017ed\u00e9 ro\u010dn\u00e9 obdobie. Kab\u00e1t je dostupn\u00fd v r\u00f4znych farb\u00e1ch. Farby s\u00fa tlmen\u00e9, a preto p\u00f4sobia ve\u013emi elegantne a \u0161ik. Ide\u00e1lne do \u0161koly, pr\u00e1ce, na rande alebo na stretnutie s priate\u013emi! Odpor\u00fa\u010dan\u00e9 pre nosite\u013eov <strong>SML XL\u00a0<\/strong><\/p>\n<p style=\"text-align: center;\"><strong>Ide\u00e1lne pre ka\u017ed\u00fa pr\u00edle\u017eitos\u0165 a \u010das!<\/strong><\/p>\n<p style=\"text-align: center;\">\u2022 celkov\u00e1 d\u013a\u017eka chrbta: 90 cm<br \/>\n\u2022 \u0161\u00edrka od pazuchy po pazuchu: 52 cm<br \/>\n\u2022 d\u013a\u017eka ruk\u00e1va od ramena: 62 cm<br \/>\n\u2022 d\u013a\u017eka ruk\u00e1va od podpazu\u0161ia: 47 cm<br \/>\n\u2022 odpor\u00fa\u010dan\u00fd maxim\u00e1lny obvod poprsia: 125-130 cm<br \/>\n\u2022 \u0161\u00edrka bicepsu: 36 cm<\/p>\n<p style=\"text-align: center;\">Rozmery sa m\u00f4\u017eu mierne l\u00ed\u0161i\u0165 od uveden\u00fdch +\/- 2cm. V\u0161etky uveden\u00e9 rozmery s\u00fa meran\u00e9 plo\u0161ne.<\/p>\n<p>&nbsp;<\/p>\n<p>&nbsp;<\/p>\n<table width=\"620\">\n<tbody>\n<tr>\n<td width=\"302\">Meno modela<\/td>\n<td width=\"302\">M\u00e4tov\u00fd fleecov\u00fd kab\u00e1t<\/td>\n<\/tr>\n<tr>\n<td width=\"302\">Farba<\/td>\n<td width=\"302\">B\u00e9\u017eov\u00e1<\/td>\n<\/tr>\n<tr>\n<td width=\"302\">Zbierka<\/td>\n<td width=\"302\">jar\/jese\u0148\/zima<\/td>\n<\/tr>\n<tr>\n<td width=\"302\">ve\u013ekosti<\/td>\n<td width=\"302\">Univerz\u00e1lny<\/td>\n<\/tr>\n<tr>\n<td width=\"302\">M\u00f3da<\/td>\n<td width=\"302\">nadrozmern\u00e9<\/td>\n<\/tr>\n<tr>\n<td width=\"302\">Hood<\/td>\n<td width=\"302\">Bez kapucne<\/td>\n<\/tr>\n<tr>\n<td width=\"302\">vreck\u00e1<\/td>\n<td width=\"302\">\u00c1no<\/td>\n<\/tr>\n<tr>\n<td width=\"302\">Materi\u00e1l<\/td>\n<td width=\"302\">Petersham<\/td>\n<\/tr>\n<\/tbody>\n<\/table>\n<p>&nbsp;<\/p>\n<p style=\"text-align: center;\">Model m\u00e1\u00a0<strong>169<\/strong>\u00a0cm vysok\u00fd, nos\u00ed ve\u013ekos\u0165 ka\u017ed\u00fd de\u0148\u00a0<strong>S<\/strong><\/p>\n<p style=\"text-align: center;\">\u0160\u00edrka cez prsia 92 cm<\/p>\n<p style=\"text-align: center;\">\u0160\u00edrka v p\u00e1se 62 cm<\/p>\n<p style=\"text-align: center;\">\u0160\u00edrka v bokoch 94 cm<\/p>","protected":false},"excerpt":{"rendered":"<p>P\u0142aszcz Mi\u0119towy D\u0142ugi z Flauszu P\u0142aszcz w kolorze Mi\u0119towym d\u0142ugi z flauszu to idealna\u00a0propozycja na\u00a0wiosn\u0119, jesie\u0144\u00a0i delikatn\u0105\u00a0zim\u0119. Jest to po\u0142\u0105czenie elegancji, nowoczesno\u015bci i funkcjonalno\u015bci \u2013 Be\u017cowy p\u0142aszczyk wpisuje si\u0119 w ka\u017cd\u0105 sylwetk\u0119. P\u0142aszcz jest uniwersalny \u2013 jest stosowny na ka\u017cd\u0105 okazj\u0119, \u015bwietnie sprawdzi si\u0119 w ka\u017cdej\u00a0porze roku, dodatkowo wykonanie z flauszu sprawia, \u017ce idealnie si\u0119<\/p>\n<div class=\"klb-readmore post-buttons\"><a class=\"button black outline size-sm\" href=\"https:\/\/madelinefashion.pl\/sk\/plaszcz-mietowy-dlugi-z-flauszu\/\">\u010c\u00edta\u0165 \u010falej <i class=\"klbth-icon-right-arrow\"><\/i><\/a><\/div>","protected":false},"featured_media":60058,"template":"","meta":[],"product_brand":[],"product_cat":[118,120,279],"product_tag":[510],"class_list":{"0":"post-643","1":"product","2":"type-product","3":"status-publish","4":"has-post-thumbnail","6":"product_cat-plaszcze","7":"product_cat-plaszcze-dlugie","8":"product_cat-plaszcze-wiosenne","9":"product_tag-plaszcze-flauszowe","11":"first","12":"instock","13":"sale","14":"purchasable","15":"product-type-simple"},"_links":{"self":[{"href":"https:\/\/madelinefashion.pl\/sk\/wp-json\/wp\/v2\/product\/643","targetHints":{"allow":["GET"]}}],"collection":[{"href":"https:\/\/madelinefashion.pl\/sk\/wp-json\/wp\/v2\/product"}],"about":[{"href":"https:\/\/madelinefashion.pl\/sk\/wp-json\/wp\/v2\/types\/product"}],"wp:featuredmedia":[{"embeddable":true,"href":"https:\/\/madelinefashion.pl\/sk\/wp-json\/wp\/v2\/media\/60058"}],"wp:attachment":[{"href":"https:\/\/madelinefashion.pl\/sk\/wp-json\/wp\/v2\/media?parent=643"}],"wp:term":[{"taxonomy":"product_brand","embeddable":true,"href":"https:\/\/madelinefashion.pl\/sk\/wp-json\/wp\/v2\/product_brand?post=643"},{"taxonomy":"product_cat","embeddable":true,"href":"https:\/\/madelinefashion.pl\/sk\/wp-json\/wp\/v2\/product_cat?post=643"},{"taxonomy":"product_tag","embeddable":true,"href":"https:\/\/madelinefashion.pl\/sk\/wp-json\/wp\/v2\/product_tag?post=643"}],"curies":[{"name":"pracovn\u00fd list","href":"https:\/\/api.w.org\/{rel}","templated":true}]}}

Dlhý mätový kabát vyrobený z fleece

<h3 style="text-align: center;">Dlhý mätový kabát vyrobený z fleece</h3>
<p style="text-align: center;">Farebný kabát <strong>mäta</strong> <strong>fleece dlhý</strong> toto <strong>ideálne </strong>návrh na <strong>jar, jeseň</strong> a jemné <strong>zima</strong>. Je to spojenie elegancie, modernosti a funkčnosti - béžový kabát pristane každej postave. Kabát je univerzálny - hodí sa na každú príležitosť, na každú príležitosť sa bude hodiť <strong>ročné obdobie</strong>, navyše vďaka fleecu perfektne sedí.</p>
<p style="text-align: center;">Moderný, elegantný a štýlový páperový kabát, ktorý sadne každej siluete a hodí sa na každú príležitosť a každé ročné obdobie. Kabát je dostupný v rôznych farbách. Farby sú tlmené, a preto pôsobia veľmi elegantne a šik. Ideálne do školy, práce, na rande alebo na stretnutie s priateľmi! Odporúčané pre nositeľov <strong>SML XL </strong></p>
<p style="text-align: center;"><strong>Ideálne pre každú príležitosť a čas!</strong></p>
<p style="text-align: center;">• celková dĺžka chrbta: 90 cm<br />
• šírka od pazuchy po pazuchu: 52 cm<br />
• dĺžka rukáva od ramena: 62 cm<br />
• dĺžka rukáva od podpazušia: 47 cm<br />
• odporúčaný maximálny obvod poprsia: 125-130 cm<br />
• šírka bicepsu: 36 cm</p>
<p style="text-align: center;">Rozmery sa môžu mierne líšiť od uvedených +/- 2cm. Všetky uvedené rozmery sú merané plošne.</p>
<p>&nbsp;</p>
<p>&nbsp;</p>
<table width="620">
<tbody>
<tr>
<td width="302">Meno modela</td>
<td width="302">Mätový fleecový kabát</td>
</tr>
<tr>
<td width="302">Farba</td>
<td width="302">Béžová</td>
</tr>
<tr>
<td width="302">Zbierka</td>
<td width="302">jar/jeseň/zima</td>
</tr>
<tr>
<td width="302">veľkosti</td>
<td width="302">Univerzálny</td>
</tr>
<tr>
<td width="302">Móda</td>
<td width="302">nadrozmerné</td>
</tr>
<tr>
<td width="302">Hood</td>
<td width="302">Bez kapucne</td>
</tr>
<tr>
<td width="302">vrecká</td>
<td width="302">Áno</td>
</tr>
<tr>
<td width="302">Materiál</td>
<td width="302">Petersham</td>
</tr>
</tbody>
</table>
<p>&nbsp;</p>
<p style="text-align: center;">Model má <strong>169</strong> cm vysoký, nosí veľkosť každý deň <strong>S</strong></p>
<p style="text-align: center;">Šírka cez prsia 92 cm</p>
<p style="text-align: center;">Šírka v páse 62 cm</p>
<p style="text-align: center;">Šírka v bokoch 94 cm</p>

<p>Płaszcz Miętowy Długi z Flauszu Płaszcz w kolorze Miętowym długi z flauszu to idealna propozycja na wiosnę, jesień i delikatną zimę. Jest to połączenie elegancji, nowoczesności i funkcjonalności – Beżowy płaszczyk wpisuje się w każdą sylwetkę. Płaszcz jest uniwersalny – jest stosowny na każdą okazję, świetnie sprawdzi się w każdej porze roku, dodatkowo wykonanie z flauszu sprawia, że idealnie się</p>
<div class="klb-readmore post-buttons"><a class="button black outline size-sm" href="https://madelinefashion.pl/sk/plaszcz-mietowy-dlugi-z-flauszu/">Čítať ďalej <i class="klbth-icon-right-arrow"></i></a></div>

pracovný list
