{"id":65516,"date":"2022-11-08T14:52:49","date_gmt":"2022-11-08T13:52:49","guid":{"rendered":"https:\/\/madelinefashion.pl\/?post_type=product&#038;p=65516"},"modified":"2026-03-01T12:58:24","modified_gmt":"2026-03-01T11:58:24","slug":"komplet-zimowy-czapka-komin-tuba-butelkowa-zielen-kg","status":"publish","type":"product","link":"https:\/\/madelinefashion.pl\/sk\/komplet-zimowy-czapka-komin-tuba-butelkowa-zielen-kg\/","title":{"rendered":"Zimn\u00fd set klob\u00fak + f\u013ea\u0161a do kom\u00edna zelen\u00e1 KG"},"content":{"rendered":"<h3 style=\"text-align: center;\">Zimn\u00fd set klob\u00fak + f\u013ea\u0161a do kom\u00edna zelen\u00e1 KG<\/h3>\n<div class=\"_1voj4 _z9prt _1xzdi _ai5yc _5d6n2 _15lj1\" style=\"text-align: center;\">\n<div class=\"_2d49e_5pK0q\">\n<p><b>D\u00e1msky zimn\u00fd set<\/b> \u010diapka na kom\u00edn v m\u00f3dnych farb\u00e1ch, nenahradite\u013en\u00e1 po\u010das chladn\u00fdch jesenn\u00fdch a zimn\u00fdch dn\u00ed.\u00a0<b>vynikaj\u00face<\/b> hod\u00ed sa k r\u00f4znym \u0161t\u00fdlom! S\u00faprava vyroben\u00e1 z\u00a0<b>vysok\u00e1 kvalita<\/b>\u00a0priadza. M\u00e4kk\u00fd, nehryz\u00faci a na dotyk pr\u00edjemn\u00fd materi\u00e1l. Celok poskytuje pocit pohodlia a vynikaj\u00facej kvality\u00a0<b>ochrana proti chladu<\/b>\u00a0po\u010das nepriazniv\u00fdch poveternostn\u00fdch podmienok.<\/p>\n<\/div>\n<\/div>\n<div class=\"_1voj4 _z9prt _1xzdi _ai5yc _5d6n2 _15lj1\" style=\"text-align: center;\">\n<div class=\"_4lbi0 _6kfrx _ur8qq _u5o1q _1xm8p _1agsg\">\n<div class=\"_18vat _10a7o _1yhvf _7ccvy\"><\/div>\n<\/div>\n<\/div>\n<h3 style=\"text-align: center;\">Rozmery :<\/h3>\n<p style=\"text-align: center;\"><b>Klob\u00fak:<\/b><\/p>\n<ul style=\"text-align: center;\">\n<li>Univerz\u00e1lna ve\u013ekos\u0165,<\/li>\n<li>Pohodln\u00e9, nestl\u00e1\u010da hlavu, vo\u013ene sa prisp\u00f4sobuje jej tvaru,<\/li>\n<li>V\u00fd\u0161ka klob\u00faka: 24 cm,<\/li>\n<li>Obvod \u010diapky: 2 x 23 cm (meran\u00e9 naplocho)<\/li>\n<\/ul>\n<p style=\"text-align: center;\"><b>kom\u00edn:<\/b><\/p>\n<ul style=\"text-align: center;\">\n<li>Typ hadice, raz oble\u010den\u00e9,<\/li>\n<li>Poskytuje pr\u00edjemn\u00fd pocit tepla<\/li>\n<li>v\u00fd\u0161ka kom\u00edna: 35 cm,<\/li>\n<li>Obvod kom\u00edna: 2 x 28 cm (meran\u00e9 naplocho)<\/li>\n<\/ul>\n<p>&nbsp;<\/p>\n<ul style=\"text-align: center;\">\n<li style=\"list-style-type: none;\"><\/li>\n<\/ul>\n<table width=\"611\">\n<tbody>\n<tr>\n<td width=\"302\">Model<\/td>\n<td width=\"302\">Zimn\u00e1 s\u00faprava \u010ciapka + Kom\u00edn<\/td>\n<\/tr>\n<tr>\n<td width=\"302\">Farba<\/td>\n<td width=\"302\">F\u013ea\u0161a zelen\u00e1<\/td>\n<\/tr>\n<tr>\n<td width=\"302\">Zbierka<\/td>\n<td width=\"302\">jar\/jese\u0148\/zima<\/td>\n<\/tr>\n<tr>\n<td width=\"302\">ve\u013ekosti<\/td>\n<td width=\"302\">Univerz\u00e1lny<\/td>\n<\/tr>\n<tr>\n<td width=\"302\">deti<\/td>\n<td width=\"302\">od 3 rokov<\/td>\n<\/tr>\n<tr>\n<td width=\"302\">V\u00fdroba<\/td>\n<td width=\"302\">Po\u013esko<\/td>\n<\/tr>\n<tr>\n<td width=\"302\">Materi\u00e1l<\/td>\n<td width=\"302\">85% Akryl 15 % Nylon<\/td>\n<\/tr>\n<\/tbody>\n<\/table>","protected":false},"excerpt":{"rendered":"<p>S\u00faprava zimnej \u010diapky a \u0161atky vo f\u013ea\u0161kovo zelenej farbe KG. T\u00e1to d\u00e1mska zimn\u00e1 \u010diapka a \u0161atka v m\u00f3dnych farb\u00e1ch je nevyhnutnos\u0165ou na chladn\u00e9 jesenn\u00e9 a zimn\u00e9 dni. Perfektne sa hod\u00ed k r\u00f4znym outfitom! S\u00faprava je vyroben\u00e1 z vysoko kvalitnej priadze. Materi\u00e1l je m\u00e4kk\u00fd, nesvrb\u00ed a je pr\u00edjemn\u00fd na dotyk. Cel\u00fd set poskytuje pocit pohodlia a vynikaj\u00facu ochranu pred chladom po\u010das nepriazniv\u00e9ho po\u010dasia. Rozmery: \u010ciapka: Univerz\u00e1lna ve\u013ekos\u0165.,<\/p>\n<div class=\"klb-readmore post-buttons\"><a class=\"button black outline size-sm\" href=\"https:\/\/madelinefashion.pl\/sk\/komplet-zimowy-czapka-komin-tuba-butelkowa-zielen-kg\/\">\u010c\u00edta\u0165 \u010falej <i class=\"klbth-icon-right-arrow\"><\/i><\/a><\/div>","protected":false},"featured_media":65514,"template":"","meta":[],"product_brand":[],"product_cat":[115],"product_tag":[],"class_list":{"0":"post-65516","1":"product","2":"type-product","3":"status-publish","4":"has-post-thumbnail","6":"product_cat-czapki","8":"first","9":"instock","10":"sale","11":"purchasable","12":"product-type-simple"},"_links":{"self":[{"href":"https:\/\/madelinefashion.pl\/sk\/wp-json\/wp\/v2\/product\/65516","targetHints":{"allow":["GET"]}}],"collection":[{"href":"https:\/\/madelinefashion.pl\/sk\/wp-json\/wp\/v2\/product"}],"about":[{"href":"https:\/\/madelinefashion.pl\/sk\/wp-json\/wp\/v2\/types\/product"}],"wp:featuredmedia":[{"embeddable":true,"href":"https:\/\/madelinefashion.pl\/sk\/wp-json\/wp\/v2\/media\/65514"}],"wp:attachment":[{"href":"https:\/\/madelinefashion.pl\/sk\/wp-json\/wp\/v2\/media?parent=65516"}],"wp:term":[{"taxonomy":"product_brand","embeddable":true,"href":"https:\/\/madelinefashion.pl\/sk\/wp-json\/wp\/v2\/product_brand?post=65516"},{"taxonomy":"product_cat","embeddable":true,"href":"https:\/\/madelinefashion.pl\/sk\/wp-json\/wp\/v2\/product_cat?post=65516"},{"taxonomy":"product_tag","embeddable":true,"href":"https:\/\/madelinefashion.pl\/sk\/wp-json\/wp\/v2\/product_tag?post=65516"}],"curies":[{"name":"pracovn\u00fd list","href":"https:\/\/api.w.org\/{rel}","templated":true}]}}

Zimný set klobúk + fľaša do komína zelená KG

<h3 style="text-align: center;">Zimný set klobúk + fľaša do komína zelená KG</h3>
<div class="_1voj4 _z9prt _1xzdi _ai5yc _5d6n2 _15lj1" style="text-align: center;">
<div class="_2d49e_5pK0q">
<p><b>Dámsky zimný set</b> čiapka na komín v módnych farbách, nenahraditeľná počas chladných jesenných a zimných dní. <b>vynikajúce</b> hodí sa k rôznym štýlom! Súprava vyrobená z <b>vysoká kvalita</b> priadza. Mäkký, nehryzúci a na dotyk príjemný materiál. Celok poskytuje pocit pohodlia a vynikajúcej kvality <b>ochrana proti chladu</b> počas nepriaznivých poveternostných podmienok.</p>
</div>
</div>
<div class="_1voj4 _z9prt _1xzdi _ai5yc _5d6n2 _15lj1" style="text-align: center;">
<div class="_4lbi0 _6kfrx _ur8qq _u5o1q _1xm8p _1agsg">
<div class="_18vat _10a7o _1yhvf _7ccvy"></div>
</div>
</div>
<h3 style="text-align: center;">Rozmery :</h3>
<p style="text-align: center;"><b>Klobúk:</b></p>
<ul style="text-align: center;">
<li>Univerzálna veľkosť,</li>
<li>Pohodlné, nestláča hlavu, voľne sa prispôsobuje jej tvaru,</li>
<li>Výška klobúka: 24 cm,</li>
<li>Obvod čiapky: 2 x 23 cm (merané naplocho)</li>
</ul>
<p style="text-align: center;"><b>komín:</b></p>
<ul style="text-align: center;">
<li>Typ hadice, raz oblečené,</li>
<li>Poskytuje príjemný pocit tepla</li>
<li>výška komína: 35 cm,</li>
<li>Obvod komína: 2 x 28 cm (merané naplocho)</li>
</ul>
<p>&nbsp;</p>
<ul style="text-align: center;">
<li style="list-style-type: none;"></li>
</ul>
<table width="611">
<tbody>
<tr>
<td width="302">Model</td>
<td width="302">Zimná súprava Čiapka + Komín</td>
</tr>
<tr>
<td width="302">Farba</td>
<td width="302">Fľaša zelená</td>
</tr>
<tr>
<td width="302">Zbierka</td>
<td width="302">jar/jeseň/zima</td>
</tr>
<tr>
<td width="302">veľkosti</td>
<td width="302">Univerzálny</td>
</tr>
<tr>
<td width="302">deti</td>
<td width="302">od 3 rokov</td>
</tr>
<tr>
<td width="302">Výroba</td>
<td width="302">Poľsko</td>
</tr>
<tr>
<td width="302">Materiál</td>
<td width="302">85% Akryl 15 % Nylon</td>
</tr>
</tbody>
</table>

<p>Súprava zimnej čiapky a šatky vo fľaškovo zelenej farbe KG. Táto dámska zimná čiapka a šatka v módnych farbách je nevyhnutnosťou na chladné jesenné a zimné dni. Perfektne sa hodí k rôznym outfitom! Súprava je vyrobená z vysoko kvalitnej priadze. Materiál je mäkký, nesvrbí a je príjemný na dotyk. Celý set poskytuje pocit pohodlia a vynikajúcu ochranu pred chladom počas nepriaznivého počasia. Rozmery: Čiapka: Univerzálna veľkosť.,</p>
<div class="klb-readmore post-buttons"><a class="button black outline size-sm" href="https://madelinefashion.pl/sk/komplet-zimowy-czapka-komin-tuba-butelkowa-zielen-kg/">Čítať ďalej <i class="klbth-icon-right-arrow"></i></a></div>

pracovný list
