{"id":66406,"date":"2022-11-18T14:51:53","date_gmt":"2022-11-18T13:51:53","guid":{"rendered":"https:\/\/madelinefashion.pl\/?post_type=product&#038;p=66406"},"modified":"2026-03-05T17:03:16","modified_gmt":"2026-03-05T16:03:16","slug":"sukienka-sweterkowa-z-golfem-astera-grafitowa","status":"publish","type":"product","link":"https:\/\/madelinefashion.pl\/sk\/sukienka-sweterkowa-z-golfem-astera-grafitowa\/","title":{"rendered":"Rol\u00e1kov\u00e9 svetre \u0161aty Astera Graphite"},"content":{"rendered":"<h3 style=\"text-align: center;\">Rol\u00e1kov\u00e9 svetre \u0161aty Astera Graphite<\/h3>\n<p style=\"text-align: center;\"><strong>Svetrov\u00e9 \u0161aty Astera<\/strong>\u00a0 m\u00e1 golfov\u00e9 ihrisko<strong> s dlh\u00fdm ruk\u00e1vom, v\u010faka \u010domu je ide\u00e1lna na chladnej\u0161ie dni<\/strong>. Model m\u00e1 lem na ruk\u00e1ve a v spodnej \u010dasti. <span style=\"font-family: arial, helvetica, sans-serif;\"><span style=\"font-size: 10pt;\">S \u00faspechom ju m\u00f4\u017eete nosi\u0165 na ka\u017edodenn\u00e9 v\u00fdlety, do pr\u00e1ce, na rodinn\u00e9 stretnutie alebo aj na v\u00fdznamnej\u0161iu pr\u00edle\u017eitos\u0165. Modelujte v dvoch najm\u00f3dnej\u0161\u00edch vzoroch tejto sez\u00f3ny: diamanty a cop <\/span><\/span>\u00a0V\u010faka \u0161trukt\u00fare materi\u00e1lu sa s n\u00edm bude lep\u0161ie pracova\u0165 <strong>po\u010das chladnej\u0161\u00edch dn\u00ed a prechodn\u00fdch obdob\u00ed<\/strong> alebo na zimu v kombin\u00e1cii s bundou. Odpor\u00fa\u010dame skombinova\u0165 s vysok\u00fdmi \u010di\u017emami, v\u010faka ktor\u00fdm vyniknete z davu.\u00a0 <strong>Ve\u013ekos\u0165 je UNIVERZ\u00c1LNA\u00a0 <\/strong><strong>,<\/strong>\u00a0ale odpor\u00fa\u010dame\u00a0<strong>presn\u00e9 meranie <\/strong>pod\u013ea ni\u017e\u0161ie uvedenej tabu\u013eky rozmerov. Zodpovedaj\u00faci sveter <b>\u0161aty<\/b> vyroben\u00e9 z ve\u013emi pr\u00edjemn\u00e9ho materi\u00e1lu. Verzia s d\u013a\u017ekou <strong>za kolenom<\/strong> . Pru\u017en\u00e1 l\u00e1tka sa dokonale prisp\u00f4sob\u00ed telu a pod\u010diarkne v\u0161etky prednosti va\u0161ej postavy.<br \/>\nDostupn\u00e9 na na\u0161om e-shope vo viacer\u00fdch farebn\u00fdch variantoch, tak nev\u00e1hajte a vyberte si t\u00fa, ktor\u00e1 je pre v\u00e1s ako stvoren\u00e1. Ak sa neviete rozhodn\u00fa\u0165, ktor\u00e1 farba je pre v\u00e1s najlep\u0161ia, kontaktujte n\u00e1s na Facebooku alebo telefonicky. <strong>Odpor\u00fa\u010da sa pre \u013eud\u00ed, ktor\u00ed nosia od s do xl.<\/strong><\/p>\n<h3 style=\"text-align: center;\">Rozmery \u0161iat:<\/h3>\n<ul style=\"text-align: center;\">\n<li>Celkov\u00e1 d\u013a\u017eka 100 cm<\/li>\n<li>\u0160\u00edrka od pazuchy po pazuchu: 55 cm - 64 cm<\/li>\n<li>\u0160\u00edrka v bokoch: 53 cm - 63 cm<\/li>\n<li>D\u013a\u017eka ruk\u00e1va od ramena 70 cm<\/li>\n<li>D\u013a\u017eka ruk\u00e1va od podpazu\u0161ia 14 cm<\/li>\n<li><\/li>\n<\/ul>\n<p style=\"text-align: center;\">Rozmery sa m\u00f4\u017eu mierne l\u00ed\u0161i\u0165 od uveden\u00fdch +\/- 2cm. V\u0161etky uveden\u00e9 rozmery s\u00fa meran\u00e9 plo\u0161ne.<\/p>\n<p style=\"text-align: center;\">rozmer x2<\/p>\n<p style=\"text-align: center;\">Popruh nie je s\u00fa\u010das\u0165ou<\/p>\n<table width=\"610\">\n<tbody>\n<tr>\n<td width=\"302\">Meno modela<\/td>\n<td width=\"302\">Astra<\/td>\n<\/tr>\n<tr>\n<td width=\"302\">Farba<\/td>\n<td width=\"302\">Grafit<\/td>\n<\/tr>\n<tr>\n<td width=\"302\">ve\u013ekosti<\/td>\n<td width=\"302\">Univerz\u00e1lny<\/td>\n<\/tr>\n<tr>\n<td width=\"302\">Zbierka<\/td>\n<td width=\"302\">jar\/jese\u0148\/zima<\/td>\n<\/tr>\n<tr>\n<td width=\"302\">Hood<\/td>\n<td width=\"302\">Bez kapucne<\/td>\n<\/tr>\n<tr>\n<td width=\"302\">izolovan\u00e9<\/td>\n<td width=\"302\">jednopl\u00e1\u0161\u0165ov\u00e9<\/td>\n<\/tr>\n<tr>\n<td width=\"302\"><\/td>\n<td width=\"302\"><\/td>\n<\/tr>\n<\/tbody>\n<\/table>\n<section class=\"page-product-box\">\n<div class=\"rte\">\n<p style=\"text-align: center;\">Model m\u00e1\u00a0<strong>169<\/strong>\u00a0cm vysok\u00fd, nos\u00ed ve\u013ekos\u0165 ka\u017ed\u00fd de\u0148\u00a0<strong>S<\/strong><\/p>\n<p style=\"text-align: center;\">\u0160\u00edrka cez prsia 92 cm<\/p>\n<p style=\"text-align: center;\">\u0160\u00edrka v p\u00e1se 62 cm<\/p>\n<p style=\"text-align: center;\">\u0160\u00edrka v bokoch 94 cm<\/p>\n<\/div>\n<\/section>","protected":false},"excerpt":{"rendered":"<p>Rol\u00e1kov\u00e9 \u0161aty Astera v grafitovej farbe. Rol\u00e1kov\u00e9 \u0161aty Astera maj\u00fa dlh\u00e9 ruk\u00e1vy, v\u010faka \u010domu s\u00fa ide\u00e1lne na chladnej\u0161ie dni. Maj\u00fa rebrovan\u00e9 man\u017eety a lem. M\u00f4\u017eete ich \u013eahko nosi\u0165 na ka\u017edodenn\u00e9 nosenie, do pr\u00e1ce, na rodinn\u00e9 stretnutia alebo aj na d\u00f4le\u017eitej\u0161iu pr\u00edle\u017eitos\u0165. Tento model predstavuje dva z najm\u00f3dnej\u0161\u00edch \u0161t\u00fdlov tejto sez\u00f3ny.<\/p>\n<div class=\"klb-readmore post-buttons\"><a class=\"button black outline size-sm\" href=\"https:\/\/madelinefashion.pl\/sk\/sukienka-sweterkowa-z-golfem-astera-grafitowa\/\">\u010c\u00edta\u0165 \u010falej <i class=\"klbth-icon-right-arrow\"><\/i><\/a><\/div>","protected":false},"featured_media":66366,"template":"","meta":[],"product_brand":[],"product_cat":[158,395],"product_tag":[419,296],"class_list":{"0":"post-66406","1":"product","2":"type-product","3":"status-publish","4":"has-post-thumbnail","6":"product_cat-sukienki-sweterkowe","7":"product_cat-nowosci","8":"product_tag-sweterkowa","9":"product_tag-tuniki","11":"first","12":"instock","13":"sale","14":"purchasable","15":"product-type-simple"},"_links":{"self":[{"href":"https:\/\/madelinefashion.pl\/sk\/wp-json\/wp\/v2\/product\/66406","targetHints":{"allow":["GET"]}}],"collection":[{"href":"https:\/\/madelinefashion.pl\/sk\/wp-json\/wp\/v2\/product"}],"about":[{"href":"https:\/\/madelinefashion.pl\/sk\/wp-json\/wp\/v2\/types\/product"}],"wp:featuredmedia":[{"embeddable":true,"href":"https:\/\/madelinefashion.pl\/sk\/wp-json\/wp\/v2\/media\/66366"}],"wp:attachment":[{"href":"https:\/\/madelinefashion.pl\/sk\/wp-json\/wp\/v2\/media?parent=66406"}],"wp:term":[{"taxonomy":"product_brand","embeddable":true,"href":"https:\/\/madelinefashion.pl\/sk\/wp-json\/wp\/v2\/product_brand?post=66406"},{"taxonomy":"product_cat","embeddable":true,"href":"https:\/\/madelinefashion.pl\/sk\/wp-json\/wp\/v2\/product_cat?post=66406"},{"taxonomy":"product_tag","embeddable":true,"href":"https:\/\/madelinefashion.pl\/sk\/wp-json\/wp\/v2\/product_tag?post=66406"}],"curies":[{"name":"pracovn\u00fd list","href":"https:\/\/api.w.org\/{rel}","templated":true}]}}

Rolákové svetre šaty Astera Graphite

<h3 style="text-align: center;">Rolákové svetre šaty Astera Graphite</h3>
<p style="text-align: center;"><strong>Svetrové šaty Astera</strong>  má golfové ihrisko<strong> s dlhým rukávom, vďaka čomu je ideálna na chladnejšie dni</strong>. Model má lem na rukáve a v spodnej časti. <span style="font-family: arial, helvetica, sans-serif;"><span style="font-size: 10pt;">S úspechom ju môžete nosiť na každodenné výlety, do práce, na rodinné stretnutie alebo aj na významnejšiu príležitosť. Modelujte v dvoch najmódnejších vzoroch tejto sezóny: diamanty a cop </span></span> Vďaka štruktúre materiálu sa s ním bude lepšie pracovať <strong>počas chladnejších dní a prechodných období</strong> alebo na zimu v kombinácii s bundou. Odporúčame skombinovať s vysokými čižmami, vďaka ktorým vyniknete z davu.  <strong>Veľkosť je UNIVERZÁLNA  </strong><strong>,</strong> ale odporúčame <strong>presné meranie </strong>podľa nižšie uvedenej tabuľky rozmerov. Zodpovedajúci sveter <b>šaty</b> vyrobené z veľmi príjemného materiálu. Verzia s dĺžkou <strong>za kolenom</strong> . Pružná látka sa dokonale prispôsobí telu a podčiarkne všetky prednosti vašej postavy.<br />
Dostupné na našom e-shope vo viacerých farebných variantoch, tak neváhajte a vyberte si tú, ktorá je pre vás ako stvorená. Ak sa neviete rozhodnúť, ktorá farba je pre vás najlepšia, kontaktujte nás na Facebooku alebo telefonicky. <strong>Odporúča sa pre ľudí, ktorí nosia od s do xl.</strong></p>
<h3 style="text-align: center;">Rozmery šiat:</h3>
<ul style="text-align: center;">
<li>Celková dĺžka 100 cm</li>
<li>Šírka od pazuchy po pazuchu: 55 cm - 64 cm</li>
<li>Šírka v bokoch: 53 cm - 63 cm</li>
<li>Dĺžka rukáva od ramena 70 cm</li>
<li>Dĺžka rukáva od podpazušia 14 cm</li>
<li></li>
</ul>
<p style="text-align: center;">Rozmery sa môžu mierne líšiť od uvedených +/- 2cm. Všetky uvedené rozmery sú merané plošne.</p>
<p style="text-align: center;">rozmer x2</p>
<p style="text-align: center;">Popruh nie je súčasťou</p>
<table width="610">
<tbody>
<tr>
<td width="302">Meno modela</td>
<td width="302">Astra</td>
</tr>
<tr>
<td width="302">Farba</td>
<td width="302">Grafit</td>
</tr>
<tr>
<td width="302">veľkosti</td>
<td width="302">Univerzálny</td>
</tr>
<tr>
<td width="302">Zbierka</td>
<td width="302">jar/jeseň/zima</td>
</tr>
<tr>
<td width="302">Hood</td>
<td width="302">Bez kapucne</td>
</tr>
<tr>
<td width="302">izolované</td>
<td width="302">jednoplášťové</td>
</tr>
<tr>
<td width="302"></td>
<td width="302"></td>
</tr>
</tbody>
</table>
<section class="page-product-box">
<div class="rte">
<p style="text-align: center;">Model má <strong>169</strong> cm vysoký, nosí veľkosť každý deň <strong>S</strong></p>
<p style="text-align: center;">Šírka cez prsia 92 cm</p>
<p style="text-align: center;">Šírka v páse 62 cm</p>
<p style="text-align: center;">Šírka v bokoch 94 cm</p>
</div>
</section>

<p>Rolákové šaty Astera v grafitovej farbe. Rolákové šaty Astera majú dlhé rukávy, vďaka čomu sú ideálne na chladnejšie dni. Majú rebrované manžety a lem. Môžete ich ľahko nosiť na každodenné nosenie, do práce, na rodinné stretnutia alebo aj na dôležitejšiu príležitosť. Tento model predstavuje dva z najmódnejších štýlov tejto sezóny.</p>
<div class="klb-readmore post-buttons"><a class="button black outline size-sm" href="https://madelinefashion.pl/sk/sukienka-sweterkowa-z-golfem-astera-grafitowa/">Čítať ďalej <i class="klbth-icon-right-arrow"></i></a></div>

pracovný list
